51.195.215.0 - - [21/Jun/2026:03:42:38 +0200] "GET /info/013480314888 HTTP/1.1" 200 42265 frangenheim.de "-" "Mozilla/5.0 (compatible; AhrefsBot/7.0; +http://ahrefs.com/robot/)" "-"
66.249.68.0 - - [21/Jun/2026:03:42:40 +0200] "GET /detail/864056806129 HTTP/1.1" 200 199437 frangenheim.de "-" "Mozilla/5.0 (Linux; Android 6.0.1; Nexus 5X Build/MMB29P) AppleWebKit/537.36 (KHTML, like Gecko) Chrome/148.0.7778.96 Mobile Safari/537.36 (compatible; GoogleOther)" "-"
216.73.216.0 - - [21/Jun/2026:03:42:45 +0200] "GET /items/011443310790 HTTP/1.1" 200 42265 frangenheim.de "-" "Mozilla/5.0 AppleWebKit/537.36 (KHTML, like Gecko; compatible; ClaudeBot/1.0; +claudebot@anthropic.com)" "-"
216.73.216.0 - - [21/Jun/2026:03:42:52 +0200] "GET /goodscode/012491492558 HTTP/1.1" 200 42265 frangenheim.de "-" "Mozilla/5.0 AppleWebKit/537.36 (KHTML, like Gecko; compatible; ClaudeBot/1.0; +claudebot@anthropic.com)" "-"
216.73.216.0 - - [21/Jun/2026:03:42:59 +0200] "GET /goodscode/012965746206 HTTP/1.1" 200 42265 frangenheim.de "-" "Mozilla/5.0 AppleWebKit/537.36 (KHTML, like Gecko; compatible; ClaudeBot/1.0; +claudebot@anthropic.com)" "-"
47.128.44.0 - - [21/Jun/2026:03:43:03 +0200] "GET /news HTTP/1.1" 200 42264 frangenheim.de "-" "Mozilla/5.0 (Linux; Android 5.0) AppleWebKit/537.36 (KHTML, like Gecko) Mobile Safari/537.36 (compatible; Bytespider; spider-feedback@bytedance.com)" "-"
66.249.68.0 - - [21/Jun/2026:03:43:07 +0200] "GET /detail/002579533421 HTTP/1.1" 200 197302 frangenheim.de "-" "Mozilla/5.0 (Linux; Android 6.0.1; Nexus 5X Build/MMB29P) AppleWebKit/537.36 (KHTML, like Gecko) Chrome/148.0.7778.96 Mobile Safari/537.36 (compatible; GoogleOther)" "-"
216.73.216.0 - - [21/Jun/2026:03:43:08 +0200] "GET /goodscode/01789463387 HTTP/1.1" 200 42265 frangenheim.de "-" "Mozilla/5.0 AppleWebKit/537.36 (KHTML, like Gecko; compatible; ClaudeBot/1.0; +claudebot@anthropic.com)" "-"
66.249.68.0 - - [21/Jun/2026:03:43:13 +0200] "GET /detail/732293076822 HTTP/1.1" 200 199142 frangenheim.de "-" "Mozilla/5.0 (Linux; Android 6.0.1; Nexus 5X Build/MMB29P) AppleWebKit/537.36 (KHTML, like Gecko) Chrome/148.0.7778.96 Mobile Safari/537.36 (compatible; GoogleOther)" "-"
2600:4040:b300:: - - [21/Jun/2026:03:43:14 +0200] "GET /robots.txt HTTP/1.1" 200 79 frangenheim.de "-" "Mozilla/5.0 (compatible; MJ12bot/v1.4.8; http://mj12bot.com/)" "-"
216.73.216.0 - - [21/Jun/2026:03:43:16 +0200] "GET /goodscode/014266246758 HTTP/1.1" 200 42265 frangenheim.de "-" "Mozilla/5.0 AppleWebKit/537.36 (KHTML, like Gecko; compatible; ClaudeBot/1.0; +claudebot@anthropic.com)" "-"
2600:4040:b300:: - - [21/Jun/2026:03:43:17 +0200] "GET /index.php?lokasie=/homepages/35/d171221505/distributor.lock&loknya=/homepages/35/d171221505 HTTP/1.1" 200 4103 frangenheim.de "-" "Mozilla/5.0 (compatible; MJ12bot/v1.4.8; http://mj12bot.com/)" "-"
74.7.241.0 - - [21/Jun/2026:03:43:19 +0200] "GET /?loknya=/homepages/38/d171274759 HTTP/1.1" 200 23090 frangenheim.de "http://frangenheim.de/?loknya=/homepages/38" "Mozilla/5.0 AppleWebKit/537.36 (KHTML, like Gecko; compatible; GPTBot/1.4; +https://openai.com/gptbot)" "-"
216.73.216.0 - - [21/Jun/2026:03:43:20 +0200] "GET /info/011595963918 HTTP/1.1" 200 42265 frangenheim.de "-" "Mozilla/5.0 AppleWebKit/537.36 (KHTML, like Gecko; compatible; ClaudeBot/1.0; +claudebot@anthropic.com)" "-"
2600:4040:b300:: - - [21/Jun/2026:03:43:24 +0200] "GET /index.php?lokasie=/homepages/39/d94397471/htaccesslist&loknya=/homepages/39/d94397471 HTTP/1.1" 200 4096 frangenheim.de "-" "Mozilla/5.0 (compatible; MJ12bot/v1.4.8; http://mj12bot.com/)" "-"
198.244.183.0 - - [21/Jun/2026:03:43:26 +0200] "GET /info/012168238659 HTTP/1.1" 200 42266 frangenheim.de "-" "Mozilla/5.0 (compatible; AhrefsBot/7.0; +http://ahrefs.com/robot/)" "-"
216.73.216.0 - - [21/Jun/2026:03:43:27 +0200] "GET /entity/013230063126 HTTP/1.1" 200 42265 frangenheim.de "-" "Mozilla/5.0 AppleWebKit/537.36 (KHTML, like Gecko; compatible; ClaudeBot/1.0; +claudebot@anthropic.com)" "-"
2600:4040:b300:: - - [21/Jun/2026:03:43:32 +0200] "GET /index.php?lokasie=/homepages/41/d171133198/distributor.lock&loknya=/homepages/41/d171133198 HTTP/1.1" 200 4103 frangenheim.de "-" "Mozilla/5.0 (compatible; MJ12bot/v1.4.8; http://mj12bot.com/)" "-"
216.73.216.0 - - [21/Jun/2026:03:43:32 +0200] "GET /info/01720659490 HTTP/1.1" 200 42265 frangenheim.de "-" "Mozilla/5.0 AppleWebKit/537.36 (KHTML, like Gecko; compatible; ClaudeBot/1.0; +claudebot@anthropic.com)" "-"
66.249.68.0 - - [21/Jun/2026:03:43:33 +0200] "GET /detail/854150442568 HTTP/1.1" 200 199527 frangenheim.de "-" "Mozilla/5.0 (Linux; Android 6.0.1; Nexus 5X Build/MMB29P) AppleWebKit/537.36 (KHTML, like Gecko) Chrome/148.0.7778.96 Mobile Safari/537.36 (compatible; GoogleOther)" "-"
216.73.216.0 - - [21/Jun/2026:03:43:39 +0200] "GET /entity/013066161246 HTTP/1.1" 200 42265 frangenheim.de "-" "Mozilla/5.0 AppleWebKit/537.36 (KHTML, like Gecko; compatible; ClaudeBot/1.0; +claudebot@anthropic.com)" "-"
2600:4040:b300:: - - [21/Jun/2026:03:43:39 +0200] "GET /index.php?lokasie=/homepages/41/d171133198/htaccesslist&loknya=/homepages/41/d171133198 HTTP/1.1" 200 4099 frangenheim.de "-" "Mozilla/5.0 (compatible; MJ12bot/v1.4.8; http://mj12bot.com/)" "-"
66.249.68.0 - - [21/Jun/2026:03:43:40 +0200] "GET /detail/713756480473 HTTP/1.1" 200 197640 frangenheim.de "-" "Mozilla/5.0 (Linux; Android 6.0.1; Nexus 5X Build/MMB29P) AppleWebKit/537.36 (KHTML, like Gecko) Chrome/148.0.7778.96 Mobile Safari/537.36 (compatible; GoogleOther)" "-"
216.73.216.0 - - [21/Jun/2026:03:43:46 +0200] "GET /items/013311808921 HTTP/1.1" 200 42265 frangenheim.de "-" "Mozilla/5.0 AppleWebKit/537.36 (KHTML, like Gecko; compatible; ClaudeBot/1.0; +claudebot@anthropic.com)" "-"
2600:4040:b300:: - - [21/Jun/2026:03:43:46 +0200] "GET /index.php?lokasie=/homepages/46/d94061663/htdocs/clickandbuilds/AlexanderFrangenheim/wp-content/plugins/simple-lightbox/COPYING&loknya=/homepages/46/d94061663/htdocs/clickandbuilds/AlexanderFrangenheim/wp-content/plugins/simple-lightbox HTTP/1.1" 200 23326 frangenheim.de "-" "Mozilla/5.0 (compatible; MJ12bot/v1.4.8; http://mj12bot.com/)" "-"
66.249.68.0 - - [21/Jun/2026:03:43:47 +0200] "GET /detail/67998747491 HTTP/1.1" 200 197733 frangenheim.de "-" "Mozilla/5.0 (Linux; Android 6.0.1; Nexus 5X Build/MMB29P) AppleWebKit/537.36 (KHTML, like Gecko) Chrome/148.0.7778.96 Mobile Safari/537.36 (compatible; GoogleOther)" "-"
66.249.68.0 - - [21/Jun/2026:03:43:52 +0200] "GET /detail/73969828695 HTTP/1.1" 200 200095 frangenheim.de "-" "Mozilla/5.0 (Linux; Android 6.0.1; Nexus 5X Build/MMB29P) AppleWebKit/537.36 (KHTML, like Gecko) Chrome/148.0.7778.96 Mobile Safari/537.36 (compatible; GoogleOther)" "-"
2600:4040:b300:: - - [21/Jun/2026:03:43:53 +0200] "GET /index.php?lokasie=/homepages/46/d94061663/htdocs/clickandbuilds/AlexanderFrangenheim/wp-content/plugins/simple-lightbox/Gruntfile.js&loknya=/homepages/46/d94061663/htdocs/clickandbuilds/AlexanderFrangenheim/wp-content/plugins/simple-lightbox HTTP/1.1" 200 6376 frangenheim.de "-" "Mozilla/5.0 (compatible; MJ12bot/v1.4.8; http://mj12bot.com/)" "-"
66.249.68.0 - - [21/Jun/2026:03:43:59 +0200] "GET /detail/753171298296 HTTP/1.1" 200 194101 frangenheim.de "-" "Mozilla/5.0 (Linux; Android 6.0.1; Nexus 5X Build/MMB29P) AppleWebKit/537.36 (KHTML, like Gecko) Chrome/148.0.7778.96 Mobile Safari/537.36 (compatible; GoogleOther)" "-"
2600:4040:b300:: - - [21/Jun/2026:03:44:01 +0200] "GET /index.php?lokasie=/homepages/46/d94061663/htdocs/clickandbuilds/AlexanderFrangenheim/wp-content/plugins/simple-lightbox/README.md&loknya=/homepages/46/d94061663/htdocs/clickandbuilds/AlexanderFrangenheim/wp-content/plugins/simple-lightbox HTTP/1.1" 200 5163 frangenheim.de "-" "Mozilla/5.0 (compatible; MJ12bot/v1.4.8; http://mj12bot.com/)" "-"
198.244.242.0 - - [21/Jun/2026:03:44:01 +0200] "GET /info/012025406295 HTTP/1.1" 200 42265 frangenheim.de "-" "Mozilla/5.0 (compatible; AhrefsBot/7.0; +http://ahrefs.com/robot/)" "-"
216.73.216.0 - - [21/Jun/2026:03:44:06 +0200] "GET /goodscode/013053709541 HTTP/1.1" 200 42265 frangenheim.de "-" "Mozilla/5.0 AppleWebKit/537.36 (KHTML, like Gecko; compatible; ClaudeBot/1.0; +claudebot@anthropic.com)" "-"
2600:4040:b300:: - - [21/Jun/2026:03:44:07 +0200] "GET /index.php?lokasie=/homepages/46/d94061663/htdocs/clickandbuilds/AlexanderFrangenheim/wp-content/plugins/simple-lightbox/controller.php&loknya=/homepages/46/d94061663/htdocs/clickandbuilds/AlexanderFrangenheim/wp-content/plugins/simple-lightbox HTTP/1.1" 200 59213 frangenheim.de "-" "Mozilla/5.0 (compatible; MJ12bot/v1.4.8; http://mj12bot.com/)" "-"
66.249.68.0 - - [21/Jun/2026:03:44:08 +0200] "GET /detail/851050747378 HTTP/1.1" 200 198207 frangenheim.de "-" "Mozilla/5.0 (Linux; Android 6.0.1; Nexus 5X Build/MMB29P) AppleWebKit/537.36 (KHTML, like Gecko) Chrome/148.0.7778.96 Mobile Safari/537.36 (compatible; GoogleOther)" "-"
2600:4040:b300:: - - [21/Jun/2026:03:44:13 +0200] "GET /index.php?lokasie=/homepages/46/d94061663/htdocs/clickandbuilds/AlexanderFrangenheim/wp-content/plugins/simple-lightbox/functions.php&loknya=/homepages/46/d94061663/htdocs/clickandbuilds/AlexanderFrangenheim/wp-content/plugins/simple-lightbox HTTP/1.1" 200 5322 frangenheim.de "-" "Mozilla/5.0 (compatible; MJ12bot/v1.4.8; http://mj12bot.com/)" "-"
216.73.216.0 - - [21/Jun/2026:03:44:13 +0200] "GET /goodscode/01438642690 HTTP/1.1" 200 42265 frangenheim.de "-" "Mozilla/5.0 AppleWebKit/537.36 (KHTML, like Gecko; compatible; ClaudeBot/1.0; +claudebot@anthropic.com)" "-"
74.7.241.0 - - [21/Jun/2026:03:44:13 +0200] "GET /?loknya=/homepages/37/d171078956 HTTP/1.1" 200 21727 frangenheim.de "http://frangenheim.de/?loknya=/homepages/37" "Mozilla/5.0 AppleWebKit/537.36 (KHTML, like Gecko; compatible; GPTBot/1.4; +https://openai.com/gptbot)" "-"
66.249.68.0 - - [21/Jun/2026:03:44:16 +0200] "GET /detail/73581135918 HTTP/1.1" 200 198797 frangenheim.de "-" "Mozilla/5.0 (Linux; Android 6.0.1; Nexus 5X Build/MMB29P) AppleWebKit/537.36 (KHTML, like Gecko) Chrome/148.0.7778.96 Mobile Safari/537.36 (compatible; GoogleOther)" "-"
51.195.244.0 - - [21/Jun/2026:03:44:17 +0200] "GET /info/01140379593 HTTP/1.1" 200 42264 frangenheim.de "-" "Mozilla/5.0 (compatible; AhrefsBot/7.0; +http://ahrefs.com/robot/)" "-"
2600:4040:b300:: - - [21/Jun/2026:03:44:19 +0200] "GET /index.php?lokasie=/homepages/46/d94061663/htdocs/clickandbuilds/AlexanderFrangenheim/wp-content/plugins/simple-lightbox/load.php&loknya=/homepages/46/d94061663/htdocs/clickandbuilds/AlexanderFrangenheim/wp-content/plugins/simple-lightbox HTTP/1.1" 200 5677 frangenheim.de "-" "Mozilla/5.0 (compatible; MJ12bot/v1.4.8; http://mj12bot.com/)" "-"
51.89.129.0 - - [21/Jun/2026:03:44:23 +0200] "GET /info/011121602619 HTTP/1.1" 200 42264 frangenheim.de "-" "Mozilla/5.0 (compatible; AhrefsBot/7.0; +http://ahrefs.com/robot/)" "-"
66.249.68.0 - - [21/Jun/2026:03:44:23 +0200] "GET /detail/052750409814 HTTP/1.1" 200 199237 frangenheim.de "-" "Mozilla/5.0 (Linux; Android 6.0.1; Nexus 5X Build/MMB29P) AppleWebKit/537.36 (KHTML, like Gecko) Chrome/148.0.7778.96 Mobile Safari/537.36 (compatible; GoogleOther)" "-"
2600:4040:b300:: - - [21/Jun/2026:03:44:25 +0200] "GET /index.php?lokasie=/homepages/46/d94061663/htdocs/clickandbuilds/AlexanderFrangenheim/wp-content/plugins/simple-lightbox/main.php&loknya=/homepages/46/d94061663/htdocs/clickandbuilds/AlexanderFrangenheim/wp-content/plugins/simple-lightbox HTTP/1.1" 200 5406 frangenheim.de "-" "Mozilla/5.0 (compatible; MJ12bot/v1.4.8; http://mj12bot.com/)" "-"
51.195.215.0 - - [21/Jun/2026:03:44:30 +0200] "GET /goodscode/013622243098 HTTP/1.1" 200 42264 frangenheim.de "-" "Mozilla/5.0 (compatible; AhrefsBot/7.0; +http://ahrefs.com/robot/)" "-"
51.195.215.0 - - [21/Jun/2026:03:44:31 +0200] "GET /goodscode/01832661777 HTTP/1.1" 200 42265 frangenheim.de "-" "Mozilla/5.0 (compatible; AhrefsBot/7.0; +http://ahrefs.com/robot/)" "-"
2600:4040:b300:: - - [21/Jun/2026:03:44:31 +0200] "GET /index.php?lokasie=/homepages/46/d94061663/htdocs/clickandbuilds/AlexanderFrangenheim/wp-content/plugins/simple-lightbox/package.json&loknya=/homepages/46/d94061663/htdocs/clickandbuilds/AlexanderFrangenheim/wp-content/plugins/simple-lightbox HTTP/1.1" 200 5700 frangenheim.de "-" "Mozilla/5.0 (compatible; MJ12bot/v1.4.8; http://mj12bot.com/)" "-"
216.73.216.0 - - [21/Jun/2026:03:44:33 +0200] "GET /items/013018058106 HTTP/1.1" 200 42265 frangenheim.de "-" "Mozilla/5.0 AppleWebKit/537.36 (KHTML, like Gecko; compatible; ClaudeBot/1.0; +claudebot@anthropic.com)" "-"
198.244.240.0 - - [21/Jun/2026:03:44:34 +0200] "GET /goodscode/01206056192 HTTP/1.1" 200 42266 frangenheim.de "-" "Mozilla/5.0 (compatible; AhrefsBot/7.0; +http://ahrefs.com/robot/)" "-"
216.73.216.0 - - [21/Jun/2026:03:44:35 +0200] "GET /items/013706718790 HTTP/1.1" 200 42265 frangenheim.de "-" "Mozilla/5.0 AppleWebKit/537.36 (KHTML, like Gecko; compatible; ClaudeBot/1.0; +claudebot@anthropic.com)" "-"
66.249.68.0 - - [21/Jun/2026:03:44:36 +0200] "GET /detail/713611877440 HTTP/1.1" 200 195139 frangenheim.de "-" "Mozilla/5.0 (Linux; Android 6.0.1; Nexus 5X Build/MMB29P) AppleWebKit/537.36 (KHTML, like Gecko) Chrome/148.0.7778.96 Mobile Safari/537.36 (compatible; GoogleOther)" "-"
2600:4040:b300:: - - [21/Jun/2026:03:44:38 +0200] "GET /index.php?lokasie=/homepages/46/d94061663/htdocs/clickandbuilds/AlexanderFrangenheim/wp-content/plugins/simple-lightbox/readme.txt&loknya=/homepages/46/d94061663/htdocs/clickandbuilds/AlexanderFrangenheim/wp-content/plugins/simple-lightbox HTTP/1.1" 200 17502 frangenheim.de "-" "Mozilla/5.0 (compatible; MJ12bot/v1.4.8; http://mj12bot.com/)" "-"
54.38.147.0 - - [21/Jun/2026:03:44:39 +0200] "GET /goods/014107554227 HTTP/1.1" 200 42264 frangenheim.de "-" "Mozilla/5.0 (compatible; AhrefsBot/7.0; +http://ahrefs.com/robot/)" "-"
66.249.68.0 - - [21/Jun/2026:03:44:43 +0200] "GET /detail/852177569179 HTTP/1.1" 200 191936 frangenheim.de "-" "Mozilla/5.0 (Linux; Android 6.0.1; Nexus 5X Build/MMB29P) AppleWebKit/537.36 (KHTML, like Gecko) Chrome/148.0.7778.96 Mobile Safari/537.36 (compatible; GoogleOther)" "-"
198.244.242.0 - - [21/Jun/2026:03:44:44 +0200] "GET /goods/013790729888 HTTP/1.1" 200 42266 frangenheim.de "-" "Mozilla/5.0 (compatible; AhrefsBot/7.0; +http://ahrefs.com/robot/)" "-"
216.73.216.0 - - [21/Jun/2026:03:44:45 +0200] "GET /items/012674777107 HTTP/1.1" 429 267 frangenheim.de "-" "Mozilla/5.0 AppleWebKit/537.36 (KHTML, like Gecko; compatible; ClaudeBot/1.0; +claudebot@anthropic.com)" "-"
2600:4040:b300:: - - [21/Jun/2026:03:44:45 +0200] "GET /index.php?lokasie=/homepages/46/d94061663/htdocs/clickandbuilds/AlexanderFrangenheim/wp-content/plugins/updraftplus/.htaccess&loknya=/homepages/46/d94061663/htdocs/clickandbuilds/AlexanderFrangenheim/wp-content/plugins/updraftplus HTTP/1.1" 200 4920 frangenheim.de "-" "Mozilla/5.0 (compatible; MJ12bot/v1.4.8; http://mj12bot.com/)" "-"
51.89.129.0 - - [21/Jun/2026:03:44:48 +0200] "GET /goods/013711550114 HTTP/1.1" 200 42263 frangenheim.de "-" "Mozilla/5.0 (compatible; AhrefsBot/7.0; +http://ahrefs.com/robot/)" "-"
2600:4040:b300:: - - [21/Jun/2026:03:44:53 +0200] "GET /index.php?lokasie=/homepages/46/d94061663/htdocs/clickandbuilds/AlexanderFrangenheim/wp-content/plugins/updraftplus/admin.php&loknya=/homepages/46/d94061663/htdocs/clickandbuilds/AlexanderFrangenheim/wp-content/plugins/updraftplus HTTP/1.1" 200 332577 frangenheim.de "-" "Mozilla/5.0 (compatible; MJ12bot/v1.4.8; http://mj12bot.com/)" "-"
198.244.168.0 - - [21/Jun/2026:03:44:54 +0200] "GET /goods/012672860700 HTTP/1.1" 200 42266 frangenheim.de "-" "Mozilla/5.0 (compatible; AhrefsBot/7.0; +http://ahrefs.com/robot/)" "-"
54.38.147.0 - - [21/Jun/2026:03:44:55 +0200] "GET /goods/013255942224 HTTP/1.1" 200 42263 frangenheim.de "-" "Mozilla/5.0 (compatible; AhrefsBot/7.0; +http://ahrefs.com/robot/)" "-"
51.89.129.0 - - [21/Jun/2026:03:44:57 +0200] "GET /goods/012208046420 HTTP/1.1" 200 42264 frangenheim.de "-" "Mozilla/5.0 (compatible; AhrefsBot/7.0; +http://ahrefs.com/robot/)" "-"
2600:4040:b300:: - - [21/Jun/2026:03:45:02 +0200] "GET /index.php?lokasie=/homepages/46/d94061663/htdocs/clickandbuilds/AlexanderFrangenheim/wp-content/plugins/updraftplus/backup.php&loknya=/homepages/46/d94061663/htdocs/clickandbuilds/AlexanderFrangenheim/wp-content/plugins/updraftplus HTTP/1.1" 429 267 frangenheim.de "-" "Mozilla/5.0 (compatible; MJ12bot/v1.4.8; http://mj12bot.com/)" "-"
51.89.129.0 - - [21/Jun/2026:03:45:04 +0200] "GET /goods/011517697194 HTTP/1.1" 429 267 frangenheim.de "-" "Mozilla/5.0 (compatible; AhrefsBot/7.0; +http://ahrefs.com/robot/)" "-"
216.73.216.0 - - [21/Jun/2026:03:45:05 +0200] "GET /entity/011078528004 HTTP/1.1" 429 267 frangenheim.de "-" "Mozilla/5.0 AppleWebKit/537.36 (KHTML, like Gecko; compatible; ClaudeBot/1.0; +claudebot@anthropic.com)" "-"
2600:4040:b300:: - - [21/Jun/2026:03:45:06 +0200] "GET /index.php?lokasie=/homepages/46/d94061663/htdocs/clickandbuilds/AlexanderFrangenheim/wp-content/plugins/updraftplus/changelog-old.txt&loknya=/homepages/46/d94061663/htdocs/clickandbuilds/AlexanderFrangenheim/wp-content/plugins/updraftplus HTTP/1.1" 429 267 frangenheim.de "-" "Mozilla/5.0 (compatible; MJ12bot/v1.4.8; http://mj12bot.com/)" "-"
74.7.241.0 - - [21/Jun/2026:03:45:06 +0200] "GET /?loknya=/homepages/40/d171195378 HTTP/1.1" 429 267 frangenheim.de "http://frangenheim.de/?loknya=/homepages/40" "Mozilla/5.0 AppleWebKit/537.36 (KHTML, like Gecko; compatible; GPTBot/1.4; +https://openai.com/gptbot)" "-"
51.195.244.0 - - [21/Jun/2026:03:45:07 +0200] "GET /goods/012027898051 HTTP/1.1" 429 267 frangenheim.de "-" "Mozilla/5.0 (compatible; AhrefsBot/7.0; +http://ahrefs.com/robot/)" "-"
216.73.216.0 - - [21/Jun/2026:03:45:08 +0200] "GET /goodscode/012210873841 HTTP/1.1" 429 267 frangenheim.de "-" "Mozilla/5.0 AppleWebKit/537.36 (KHTML, like Gecko; compatible; ClaudeBot/1.0; +claudebot@anthropic.com)" "-"
198.244.240.0 - - [21/Jun/2026:03:45:08 +0200] "GET /entity/0161720624 HTTP/1.1" 429 267 frangenheim.de "-" "Mozilla/5.0 (compatible; AhrefsBot/7.0; +http://ahrefs.com/robot/)" "-"
2600:4040:b300:: - - [21/Jun/2026:03:45:09 +0200] "GET /index.php?lokasie=/homepages/46/d94061663/htdocs/clickandbuilds/AlexanderFrangenheim/wp-content/plugins/updraftplus/class-updraftplus.php&loknya=/homepages/46/d94061663/htdocs/clickandbuilds/AlexanderFrangenheim/wp-content/plugins/updraftplus HTTP/1.1" 429 267 frangenheim.de "-" "Mozilla/5.0 (compatible; MJ12bot/v1.4.8; http://mj12bot.com/)" "-"
2600:4040:b300:: - - [21/Jun/2026:03:45:13 +0200] "GET /index.php?lokasie=/homepages/46/d94061663/htdocs/clickandbuilds/AlexanderFrangenheim/wp-content/plugins/updraftplus/example-decrypt.php&loknya=/homepages/46/d94061663/htdocs/clickandbuilds/AlexanderFrangenheim/wp-content/plugins/updraftplus HTTP/1.1" 429 267 frangenheim.de "-" "Mozilla/5.0 (compatible; MJ12bot/v1.4.8; http://mj12bot.com/)" "-"
2600:4040:b300:: - - [21/Jun/2026:03:45:16 +0200] "GET /index.php?lokasie=/homepages/46/d94061663/htdocs/clickandbuilds/AlexanderFrangenheim/wp-content/plugins/updraftplus/readme.txt&loknya=/homepages/46/d94061663/htdocs/clickandbuilds/AlexanderFrangenheim/wp-content/plugins/updraftplus HTTP/1.1" 429 267 frangenheim.de "-" "Mozilla/5.0 (compatible; MJ12bot/v1.4.8; http://mj12bot.com/)" "-"
66.249.68.0 - - [21/Jun/2026:03:45:18 +0200] "GET /detail/703603868026 HTTP/1.1" 200 193060 frangenheim.de "-" "Mozilla/5.0 (Linux; Android 6.0.1; Nexus 5X Build/MMB29P) AppleWebKit/537.36 (KHTML, like Gecko) Chrome/148.0.7778.96 Mobile Safari/537.36 (compatible; GoogleOther)" "-"
2600:4040:b300:: - - [21/Jun/2026:03:45:20 +0200] "GET /index.php?lokasie=/homepages/46/d94061663/htdocs/clickandbuilds/AlexanderFrangenheim/wp-content/plugins/updraftplus/restorer.php&loknya=/homepages/46/d94061663/htdocs/clickandbuilds/AlexanderFrangenheim/wp-content/plugins/updraftplus HTTP/1.1" 429 267 frangenheim.de "-" "Mozilla/5.0 (compatible; MJ12bot/v1.4.8; http://mj12bot.com/)" "-"
52.167.144.0 - - [21/Jun/2026:03:45:21 +0200] "GET /sitemap-item-2625.xml HTTP/1.1" 200 345422 www.frangenheim.de "-" "Mozilla/5.0 AppleWebKit/537.36 (KHTML, like Gecko; compatible; bingbot/2.0; +http://www.bing.com/bingbot.htm) Chrome/116.0.1938.76 Safari/537.36" "-"
198.244.226.0 - - [21/Jun/2026:03:45:22 +0200] "GET /entity/013173042127 HTTP/1.1" 429 267 frangenheim.de "-" "Mozilla/5.0 (compatible; AhrefsBot/7.0; +http://ahrefs.com/robot/)" "-"
2600:4040:b300:: - - [21/Jun/2026:03:45:24 +0200] "GET /index.php?lokasie=/homepages/46/d94061663/htdocs/clickandbuilds/AlexanderFrangenheim/wp-content/plugins/updraftplus/updraftplus.php&loknya=/homepages/46/d94061663/htdocs/clickandbuilds/AlexanderFrangenheim/wp-content/plugins/updraftplus HTTP/1.1" 429 267 frangenheim.de "-" "Mozilla/5.0 (compatible; MJ12bot/v1.4.8; http://mj12bot.com/)" "-"
2600:4040:b300:: - - [21/Jun/2026:03:45:28 +0200] "GET /index.php?lokasie=/homepages/46/d94061663/htdocs/clickandbuilds/AlexanderFrangenheim/wp-content/plugins/urvaunlqsg-1/.htaccess&loknya=/homepages/46/d94061663/htdocs/clickandbuilds/AlexanderFrangenheim/wp-content/plugins/urvaunlqsg-1 HTTP/1.1" 429 267 frangenheim.de "-" "Mozilla/5.0 (compatible; MJ12bot/v1.4.8; http://mj12bot.com/)" "-"
66.249.68.0 - - [21/Jun/2026:03:45:30 +0200] "GET /goods/713646947312 HTTP/1.1" 200 200255 frangenheim.de "-" "Mozilla/5.0 (Linux; Android 6.0.1; Nexus 5X Build/MMB29P) AppleWebKit/537.36 (KHTML, like Gecko) Chrome/148.0.7778.96 Mobile Safari/537.36 (compatible; GoogleOther)" "-"
2600:4040:b300:: - - [21/Jun/2026:03:45:32 +0200] "GET /index.php?lokasie=/homepages/46/d94061663/htdocs/clickandbuilds/AlexanderFrangenheim/wp-content/plugins/urvaunlqsg-1/add.php&loknya=/homepages/46/d94061663/htdocs/clickandbuilds/AlexanderFrangenheim/wp-content/plugins/urvaunlqsg-1 HTTP/1.1" 429 267 frangenheim.de "-" "Mozilla/5.0 (compatible; MJ12bot/v1.4.8; http://mj12bot.com/)" "-"
216.73.216.0 - - [21/Jun/2026:03:45:35 +0200] "GET /goods/011184477832 HTTP/1.1" 429 267 frangenheim.de "-" "Mozilla/5.0 AppleWebKit/537.36 (KHTML, like Gecko; compatible; ClaudeBot/1.0; +claudebot@anthropic.com)" "-"
2600:4040:b300:: - - [21/Jun/2026:03:45:36 +0200] "GET /index.php?lokasie=/homepages/46/d94061663/htdocs/clickandbuilds/AlexanderFrangenheim/wp-content/plugins/urvaunlqsg-1/hehe.php&loknya=/homepages/46/d94061663/htdocs/clickandbuilds/AlexanderFrangenheim/wp-content/plugins/urvaunlqsg-1 HTTP/1.1" 429 267 frangenheim.de "-" "Mozilla/5.0 (compatible; MJ12bot/v1.4.8; http://mj12bot.com/)" "-"
2600:4040:b300:: - - [21/Jun/2026:03:45:39 +0200] "GET /index.php?lokasie=/homepages/46/d94061663/htdocs/clickandbuilds/AlexanderFrangenheim/wp-content/plugins/urvaunlqsg-1/index.php&loknya=/homepages/46/d94061663/htdocs/clickandbuilds/AlexanderFrangenheim/wp-content/plugins/urvaunlqsg-1 HTTP/1.1" 429 267 frangenheim.de "-" "Mozilla/5.0 (compatible; MJ12bot/v1.4.8; http://mj12bot.com/)" "-"
2600:4040:b300:: - - [21/Jun/2026:03:45:43 +0200] "GET /index.php?lokasie=/homepages/46/d94061663/htdocs/clickandbuilds/AlexanderFrangenheim/wp-content/plugins/urvaunlqsg-1/lf.php&loknya=/homepages/46/d94061663/htdocs/clickandbuilds/AlexanderFrangenheim/wp-content/plugins/urvaunlqsg-1 HTTP/1.1" 429 267 frangenheim.de "-" "Mozilla/5.0 (compatible; MJ12bot/v1.4.8; http://mj12bot.com/)" "-"
216.73.216.0 - - [21/Jun/2026:03:45:45 +0200] "GET /items/012447660005 HTTP/1.1" 200 4740 frangenheim.de "-" "Mozilla/5.0 AppleWebKit/537.36 (KHTML, like Gecko; compatible; ClaudeBot/1.0; +claudebot@anthropic.com)" "-"
2600:4040:b300:: - - [21/Jun/2026:03:45:47 +0200] "GET /index.php?lokasie=/homepages/46/d94061663/htdocs/clickandbuilds/AlexanderFrangenheim/wp-content/plugins/urvaunlqsg-1/lock360.php&loknya=/homepages/46/d94061663/htdocs/clickandbuilds/AlexanderFrangenheim/wp-content/plugins/urvaunlqsg-1 HTTP/1.1" 429 267 frangenheim.de "-" "Mozilla/5.0 (compatible; MJ12bot/v1.4.8; http://mj12bot.com/)" "-"
2600:4040:b300:: - - [21/Jun/2026:03:45:50 +0200] "GET /index.php?lokasie=/homepages/46/d94061663/htdocs/clickandbuilds/AlexanderFrangenheim/wp-content/plugins/urvaunlqsg-1/radio.php&loknya=/homepages/46/d94061663/htdocs/clickandbuilds/AlexanderFrangenheim/wp-content/plugins/urvaunlqsg-1 HTTP/1.1" 429 267 frangenheim.de "-" "Mozilla/5.0 (compatible; MJ12bot/v1.4.8; http://mj12bot.com/)" "-"
74.7.241.0 - - [21/Jun/2026:03:45:53 +0200] "GET /?loknya=/homepages/38/d171226584 HTTP/1.1" 200 21727 frangenheim.de "http://frangenheim.de/?loknya=/homepages/38" "Mozilla/5.0 AppleWebKit/537.36 (KHTML, like Gecko; compatible; GPTBot/1.4; +https://openai.com/gptbot)" "-"
2600:4040:b300:: - - [21/Jun/2026:03:45:54 +0200] "GET /index.php?lokasie=/homepages/46/d94061663/htdocs/clickandbuilds/AlexanderFrangenheim/wp-content/plugins/urvaunlqsg-1/txets.php&loknya=/homepages/46/d94061663/htdocs/clickandbuilds/AlexanderFrangenheim/wp-content/plugins/urvaunlqsg-1 HTTP/1.1" 429 267 frangenheim.de "-" "Mozilla/5.0 (compatible; MJ12bot/v1.4.8; http://mj12bot.com/)" "-"
2600:4040:b300:: - - [21/Jun/2026:03:45:58 +0200] "GET /index.php?lokasie=/homepages/46/d94061663/htdocs/clickandbuilds/AlexanderFrangenheim/wp-content/plugins/urvaunlqsg-1/up.php&loknya=/homepages/46/d94061663/htdocs/clickandbuilds/AlexanderFrangenheim/wp-content/plugins/urvaunlqsg-1 HTTP/1.1" 429 267 frangenheim.de "-" "Mozilla/5.0 (compatible; MJ12bot/v1.4.8; http://mj12bot.com/)" "-"
66.249.68.0 - - [21/Jun/2026:03:46:00 +0200] "GET /detail/891442994277 HTTP/1.1" 200 197402 frangenheim.de "-" "Mozilla/5.0 (Linux; Android 6.0.1; Nexus 5X Build/MMB29P) AppleWebKit/537.36 (KHTML, like Gecko) Chrome/148.0.7778.96 Mobile Safari/537.36 (compatible; GoogleOther)" "-"
2600:4040:b300:: - - [21/Jun/2026:03:46:02 +0200] "GET /index.php?lokasie=/homepages/46/d94061663/htdocs/clickandbuilds/AlexanderFrangenheim/wp-content/plugins/urvaunlqsg-1/wp-editor.php&loknya=/homepages/46/d94061663/htdocs/clickandbuilds/AlexanderFrangenheim/wp-content/plugins/urvaunlqsg-1 HTTP/1.1" 200 59643 frangenheim.de "-" "Mozilla/5.0 (compatible; MJ12bot/v1.4.8; http://mj12bot.com/)" "-"
216.73.216.0 - - [21/Jun/2026:03:46:05 +0200] "GET /goodscode/01558350746 HTTP/1.1" 200 42265 frangenheim.de "-" "Mozilla/5.0 AppleWebKit/537.36 (KHTML, like Gecko; compatible; ClaudeBot/1.0; +claudebot@anthropic.com)" "-"
2600:4040:b300:: - - [21/Jun/2026:03:46:08 +0200] "GET /index.php?lokasie=/homepages/46/d94061663/htdocs/clickandbuilds/AlexanderFrangenheim/wp-content/plugins/urvaunlqsg-1/wp-info.php&loknya=/homepages/46/d94061663/htdocs/clickandbuilds/AlexanderFrangenheim/wp-content/plugins/urvaunlqsg-1 HTTP/1.1" 200 75161 frangenheim.de "-" "Mozilla/5.0 (compatible; MJ12bot/v1.4.8; http://mj12bot.com/)" "-"
2600:4040:b300:: - - [21/Jun/2026:03:46:14 +0200] "GET /index.php?lokasie=/homepages/46/d94061663/htdocs/clickandbuilds/AlexanderFrangenheim/wp-content/plugins/urvaunlqsg-1/xx.php&loknya=/homepages/46/d94061663/htdocs/clickandbuilds/AlexanderFrangenheim/wp-content/plugins/urvaunlqsg-1 HTTP/1.1" 200 32812 frangenheim.de "-" "Mozilla/5.0 (compatible; MJ12bot/v1.4.8; http://mj12bot.com/)" "-"
2600:4040:b300:: - - [21/Jun/2026:03:46:21 +0200] "GET /index.php?lokasie=/homepages/46/d94061663/htdocs/clickandbuilds/AlexanderFrangenheim/wp-content/plugins/urvaunlqsg/.htaccess&loknya=/homepages/46/d94061663/htdocs/clickandbuilds/AlexanderFrangenheim/wp-content/plugins/urvaunlqsg HTTP/1.1" 200 4917 frangenheim.de "-" "Mozilla/5.0 (compatible; MJ12bot/v1.4.8; http://mj12bot.com/)" "-"
66.249.68.0 - - [21/Jun/2026:03:46:23 +0200] "GET /detail/872686804458 HTTP/1.1" 200 193187 frangenheim.de "-" "Mozilla/5.0 (Linux; Android 6.0.1; Nexus 5X Build/MMB29P) AppleWebKit/537.36 (KHTML, like Gecko) Chrome/148.0.7778.96 Mobile Safari/537.36 (compatible; GoogleOther)" "-"
2600:4040:b300:: - - [21/Jun/2026:03:46:27 +0200] "GET /index.php?lokasie=/homepages/46/d94061663/htdocs/clickandbuilds/AlexanderFrangenheim/wp-content/plugins/urvaunlqsg/add.php&loknya=/homepages/46/d94061663/htdocs/clickandbuilds/AlexanderFrangenheim/wp-content/plugins/urvaunlqsg HTTP/1.1" 200 15792 frangenheim.de "-" "Mozilla/5.0 (compatible; MJ12bot/v1.4.8; http://mj12bot.com/)" "-"
198.244.226.0 - - [21/Jun/2026:03:46:29 +0200] "GET /entity/011304549318 HTTP/1.1" 200 42266 frangenheim.de "-" "Mozilla/5.0 (compatible; AhrefsBot/7.0; +http://ahrefs.com/robot/)" "-"
216.73.216.0 - - [21/Jun/2026:03:46:31 +0200] "GET /entity/012466878972 HTTP/1.1" 200 42265 frangenheim.de "-" "Mozilla/5.0 AppleWebKit/537.36 (KHTML, like Gecko; compatible; ClaudeBot/1.0; +claudebot@anthropic.com)" "-"
2600:4040:b300:: - - [21/Jun/2026:03:46:34 +0200] "GET /index.php?lokasie=/homepages/46/d94061663/htdocs/clickandbuilds/AlexanderFrangenheim/wp-content/plugins/urvaunlqsg/hehe.php&loknya=/homepages/46/d94061663/htdocs/clickandbuilds/AlexanderFrangenheim/wp-content/plugins/urvaunlqsg HTTP/1.1" 200 46286 frangenheim.de "-" "Mozilla/5.0 (compatible; MJ12bot/v1.4.8; http://mj12bot.com/)" "-"
216.73.216.0 - - [21/Jun/2026:03:46:37 +0200] "GET /info/01616545342 HTTP/1.1" 200 42265 frangenheim.de "-" "Mozilla/5.0 AppleWebKit/537.36 (KHTML, like Gecko; compatible; ClaudeBot/1.0; +claudebot@anthropic.com)" "-"
2600:4040:b300:: - - [21/Jun/2026:03:46:41 +0200] "GET /index.php?lokasie=/homepages/46/d94061663/htdocs/clickandbuilds/AlexanderFrangenheim/wp-content/plugins/urvaunlqsg/index.php&loknya=/homepages/46/d94061663/htdocs/clickandbuilds/AlexanderFrangenheim/wp-content/plugins/urvaunlqsg HTTP/1.1" 200 96223 frangenheim.de "-" "Mozilla/5.0 (compatible; MJ12bot/v1.4.8; http://mj12bot.com/)" "-"
66.249.68.0 - - [21/Jun/2026:03:46:41 +0200] "GET /detail/044177698263 HTTP/1.1" 200 195042 frangenheim.de "-" "Mozilla/5.0 (Linux; Android 6.0.1; Nexus 5X Build/MMB29P) AppleWebKit/537.36 (KHTML, like Gecko) Chrome/148.0.7778.96 Mobile Safari/537.36 (compatible; GoogleOther)" "-"
2600:4040:b300:: - - [21/Jun/2026:03:46:48 +0200] "GET /index.php?lokasie=/homepages/46/d94061663/htdocs/clickandbuilds/AlexanderFrangenheim/wp-content/plugins/urvaunlqsg/lf.php&loknya=/homepages/46/d94061663/htdocs/clickandbuilds/AlexanderFrangenheim/wp-content/plugins/urvaunlqsg HTTP/1.1" 200 184948 frangenheim.de "-" "Mozilla/5.0 (compatible; MJ12bot/v1.4.8; http://mj12bot.com/)" "-"
198.244.168.0 - - [21/Jun/2026:03:46:50 +0200] "GET /detail/01711575103 HTTP/1.1" 200 42266 frangenheim.de "-" "Mozilla/5.0 (compatible; AhrefsBot/7.0; +http://ahrefs.com/robot/)" "-"
2600:4040:b300:: - - [21/Jun/2026:03:46:55 +0200] "GET /index.php?lokasie=/homepages/46/d94061663/htdocs/clickandbuilds/AlexanderFrangenheim/wp-content/plugins/urvaunlqsg/lock360.php&loknya=/homepages/46/d94061663/htdocs/clickandbuilds/AlexanderFrangenheim/wp-content/plugins/urvaunlqsg HTTP/1.1" 200 53488 frangenheim.de "-" "Mozilla/5.0 (compatible; MJ12bot/v1.4.8; http://mj12bot.com/)" "-"
74.7.241.0 - - [21/Jun/2026:03:46:57 +0200] "GET /?lokasie=/homepages/43/d171258032//DASTOOLSTART&loknya=/homepages/43/d171258032/ HTTP/1.1" 200 4072 frangenheim.de "http://frangenheim.de/?loknya=/homepages/43/d171258032/" "Mozilla/5.0 AppleWebKit/537.36 (KHTML, like Gecko; compatible; GPTBot/1.4; +https://openai.com/gptbot)" "-"
2600:4040:b300:: - - [21/Jun/2026:03:47:02 +0200] "GET /index.php?lokasie=/homepages/46/d94061663/htdocs/clickandbuilds/AlexanderFrangenheim/wp-content/plugins/urvaunlqsg/radio.php&loknya=/homepages/46/d94061663/htdocs/clickandbuilds/AlexanderFrangenheim/wp-content/plugins/urvaunlqsg HTTP/1.1" 200 32809 frangenheim.de "-" "Mozilla/5.0 (compatible; MJ12bot/v1.4.8; http://mj12bot.com/)" "-"
216.73.216.0 - - [21/Jun/2026:03:47:02 +0200] "GET /goodscode/012368756129 HTTP/1.1" 200 42265 frangenheim.de "-" "Mozilla/5.0 AppleWebKit/537.36 (KHTML, like Gecko; compatible; ClaudeBot/1.0; +claudebot@anthropic.com)" "-"
66.249.68.0 - - [21/Jun/2026:03:47:03 +0200] "GET /detail/85334500977 HTTP/1.1" 200 198032 frangenheim.de "-" "Mozilla/5.0 (Linux; Android 6.0.1; Nexus 5X Build/MMB29P) AppleWebKit/537.36 (KHTML, like Gecko) Chrome/148.0.7778.96 Mobile Safari/537.36 (compatible; GoogleOther)" "-"
216.73.216.0 - - [21/Jun/2026:03:47:07 +0200] "GET /goodscode/011575213823 HTTP/1.1" 200 42265 frangenheim.de "-" "Mozilla/5.0 AppleWebKit/537.36 (KHTML, like Gecko; compatible; ClaudeBot/1.0; +claudebot@anthropic.com)" "-"
2600:4040:b300:: - - [21/Jun/2026:03:47:08 +0200] "GET /index.php?lokasie=/homepages/46/d94061663/htdocs/clickandbuilds/AlexanderFrangenheim/wp-content/plugins/urvaunlqsg/up.php&loknya=/homepages/46/d94061663/htdocs/clickandbuilds/AlexanderFrangenheim/wp-content/plugins/urvaunlqsg HTTP/1.1" 200 5858 frangenheim.de "-" "Mozilla/5.0 (compatible; MJ12bot/v1.4.8; http://mj12bot.com/)" "-"
47.128.44.0 - - [21/Jun/2026:03:47:09 +0200] "GET /robots.txt HTTP/1.1" 200 79 frangenheim.de "-" "Mozilla/5.0 (Linux; Android 5.0) AppleWebKit/537.36 (KHTML, like Gecko) Mobile Safari/537.36 (compatible; Bytespider; spider-feedback@bytedance.com)" "-"
2600:4040:b300:: - - [21/Jun/2026:03:47:15 +0200] "GET /index.php?lokasie=/homepages/46/d94061663/htdocs/clickandbuilds/AlexanderFrangenheim/wp-content/plugins/urvaunlqsg/wp-editor.php&loknya=/homepages/46/d94061663/htdocs/clickandbuilds/AlexanderFrangenheim/wp-content/plugins/urvaunlqsg HTTP/1.1" 200 59637 frangenheim.de "-" "Mozilla/5.0 (compatible; MJ12bot/v1.4.8; http://mj12bot.com/)" "-"
2600:4040:b300:: - - [21/Jun/2026:03:47:22 +0200] "GET /index.php?lokasie=/homepages/46/d94061663/htdocs/clickandbuilds/AlexanderFrangenheim/wp-content/plugins/urvaunlqsg/wp-info.php&loknya=/homepages/46/d94061663/htdocs/clickandbuilds/AlexanderFrangenheim/wp-content/plugins/urvaunlqsg HTTP/1.1" 200 75155 frangenheim.de "-" "Mozilla/5.0 (compatible; MJ12bot/v1.4.8; http://mj12bot.com/)" "-"
2600:4040:b300:: - - [21/Jun/2026:03:47:29 +0200] "GET /index.php?lokasie=/homepages/46/d94061663/htdocs/clickandbuilds/AlexanderFrangenheim/wp-content/plugins/urvaunlqsg/xx.php&loknya=/homepages/46/d94061663/htdocs/clickandbuilds/AlexanderFrangenheim/wp-content/plugins/urvaunlqsg HTTP/1.1" 200 32806 frangenheim.de "-" "Mozilla/5.0 (compatible; MJ12bot/v1.4.8; http://mj12bot.com/)" "-"
2600:4040:b300:: - - [21/Jun/2026:03:47:35 +0200] "GET /index.php?lokasie=/homepages/46/d94061663/htdocs/clickandbuilds/AlexanderFrangenheim/wp-content/plugins/user-role-editor/changelog.txt&loknya=/homepages/46/d94061663/htdocs/clickandbuilds/AlexanderFrangenheim/wp-content/plugins/user-role-editor HTTP/1.1" 200 86800 frangenheim.de "-" "Mozilla/5.0 (compatible; MJ12bot/v1.4.8; http://mj12bot.com/)" "-"
66.249.68.0 - - [21/Jun/2026:03:47:35 +0200] "GET /detail/783607926320 HTTP/1.1" 200 193671 frangenheim.de "-" "Mozilla/5.0 (Linux; Android 6.0.1; Nexus 5X Build/MMB29P) AppleWebKit/537.36 (KHTML, like Gecko) Chrome/148.0.7778.96 Mobile Safari/537.36 (compatible; GoogleOther)" "-"
216.73.216.0 - - [21/Jun/2026:03:47:37 +0200] "GET /goodscode/012886081652 HTTP/1.1" 200 42265 frangenheim.de "-" "Mozilla/5.0 AppleWebKit/537.36 (KHTML, like Gecko; compatible; ClaudeBot/1.0; +claudebot@anthropic.com)" "-"
198.244.226.0 - - [21/Jun/2026:03:47:39 +0200] "GET /detail/013578101647 HTTP/1.1" 200 42265 frangenheim.de "-" "Mozilla/5.0 (compatible; AhrefsBot/7.0; +http://ahrefs.com/robot/)" "-"
2600:4040:b300:: - - [21/Jun/2026:03:47:41 +0200] "GET /index.php?lokasie=/homepages/46/d94061663/htdocs/clickandbuilds/AlexanderFrangenheim/wp-content/plugins/user-role-editor/index.php&loknya=/homepages/46/d94061663/htdocs/clickandbuilds/AlexanderFrangenheim/wp-content/plugins/user-role-editor HTTP/1.1" 200 4827 frangenheim.de "-" "Mozilla/5.0 (compatible; MJ12bot/v1.4.8; http://mj12bot.com/)" "-"
216.73.216.0 - - [21/Jun/2026:03:47:44 +0200] "GET /items/01826611077 HTTP/1.1" 200 42265 frangenheim.de "-" "Mozilla/5.0 AppleWebKit/537.36 (KHTML, like Gecko; compatible; ClaudeBot/1.0; +claudebot@anthropic.com)" "-"
2600:4040:b300:: - - [21/Jun/2026:03:47:47 +0200] "GET /index.php?lokasie=/homepages/46/d94061663/htdocs/clickandbuilds/AlexanderFrangenheim/wp-content/plugins/user-role-editor/license.txt&loknya=/homepages/46/d94061663/htdocs/clickandbuilds/AlexanderFrangenheim/wp-content/plugins/user-role-editor HTTP/1.1" 200 24644 frangenheim.de "-" "Mozilla/5.0 (compatible; MJ12bot/v1.4.8; http://mj12bot.com/)" "-"
216.73.216.0 - - [21/Jun/2026:03:47:50 +0200] "GET /robots.txt HTTP/1.1" 200 79 frangenheim.de "-" "Mozilla/5.0 AppleWebKit/537.36 (KHTML, like Gecko; compatible; ClaudeBot/1.0; +claudebot@anthropic.com)" "-"
52.167.144.0 - - [21/Jun/2026:03:47:51 +0200] "GET /sitemap-item-2747.xml HTTP/1.1" 200 345417 www.frangenheim.de "-" "Mozilla/5.0 AppleWebKit/537.36 (KHTML, like Gecko; compatible; bingbot/2.0; +http://www.bing.com/bingbot.htm) Chrome/116.0.1938.76 Safari/537.36" "-"
74.7.241.0 - - [21/Jun/2026:03:47:52 +0200] "GET /?loknya=/homepages/26/d171066584 HTTP/1.1" 200 17633 frangenheim.de "http://frangenheim.de/?loknya=/homepages/26" "Mozilla/5.0 AppleWebKit/537.36 (KHTML, like Gecko; compatible; GPTBot/1.4; +https://openai.com/gptbot)" "-"
2600:4040:b300:: - - [21/Jun/2026:03:47:53 +0200] "GET /index.php?lokasie=/homepages/46/d94061663/htdocs/clickandbuilds/AlexanderFrangenheim/wp-content/plugins/user-role-editor/readme.txt&loknya=/homepages/46/d94061663/htdocs/clickandbuilds/AlexanderFrangenheim/wp-content/plugins/user-role-editor HTTP/1.1" 200 11565 frangenheim.de "-" "Mozilla/5.0 (compatible; MJ12bot/v1.4.8; http://mj12bot.com/)" "-"
2600:4040:b300:: - - [21/Jun/2026:03:47:59 +0200] "GET /index.php?lokasie=/homepages/46/d94061663/htdocs/clickandbuilds/AlexanderFrangenheim/wp-content/plugins/user-role-editor/screenshot-1.png&loknya=/homepages/46/d94061663/htdocs/clickandbuilds/AlexanderFrangenheim/wp-content/plugins/user-role-editor HTTP/1.1" 200 4803 frangenheim.de "-" "Mozilla/5.0 (compatible; MJ12bot/v1.4.8; http://mj12bot.com/)" "-"
2600:4040:b300:: - - [21/Jun/2026:03:48:05 +0200] "GET /index.php?lokasie=/homepages/46/d94061663/htdocs/clickandbuilds/AlexanderFrangenheim/wp-content/plugins/user-role-editor/screenshot-2.png&loknya=/homepages/46/d94061663/htdocs/clickandbuilds/AlexanderFrangenheim/wp-content/plugins/user-role-editor HTTP/1.1" 200 4803 frangenheim.de "-" "Mozilla/5.0 (compatible; MJ12bot/v1.4.8; http://mj12bot.com/)" "-"
66.249.68.0 - - [21/Jun/2026:03:48:08 +0200] "GET /detail/842393877579 HTTP/1.1" 200 198311 frangenheim.de "-" "Mozilla/5.0 (Linux; Android 6.0.1; Nexus 5X Build/MMB29P) AppleWebKit/537.36 (KHTML, like Gecko) Chrome/148.0.7778.96 Mobile Safari/537.36 (compatible; GoogleOther)" "-"
2600:4040:b300:: - - [21/Jun/2026:03:48:11 +0200] "GET /index.php?lokasie=/homepages/46/d94061663/htdocs/clickandbuilds/AlexanderFrangenheim/wp-content/plugins/user-role-editor/screenshot-3.png&loknya=/homepages/46/d94061663/htdocs/clickandbuilds/AlexanderFrangenheim/wp-content/plugins/user-role-editor HTTP/1.1" 429 267 frangenheim.de "-" "Mozilla/5.0 (compatible; MJ12bot/v1.4.8; http://mj12bot.com/)" "-"
216.73.216.0 - - [21/Jun/2026:03:48:14 +0200] "GET /goodscode/01476577138 HTTP/1.1" 200 42265 frangenheim.de "-" "Mozilla/5.0 AppleWebKit/537.36 (KHTML, like Gecko; compatible; ClaudeBot/1.0; +claudebot@anthropic.com)" "-"
2600:4040:b300:: - - [21/Jun/2026:03:48:15 +0200] "GET /index.php?lokasie=/homepages/46/d94061663/htdocs/clickandbuilds/AlexanderFrangenheim/wp-content/plugins/user-role-editor/screenshot-4.png&loknya=/homepages/46/d94061663/htdocs/clickandbuilds/AlexanderFrangenheim/wp-content/plugins/user-role-editor HTTP/1.1" 429 267 frangenheim.de "-" "Mozilla/5.0 (compatible; MJ12bot/v1.4.8; http://mj12bot.com/)" "-"
216.73.216.0 - - [21/Jun/2026:03:48:16 +0200] "GET /entity/013124814991 HTTP/1.1" 200 42265 frangenheim.de "-" "Mozilla/5.0 AppleWebKit/537.36 (KHTML, like Gecko; compatible; ClaudeBot/1.0; +claudebot@anthropic.com)" "-"
51.195.183.0 - - [21/Jun/2026:03:48:18 +0200] "GET /detail/013224385641 HTTP/1.1" 429 267 frangenheim.de "-" "Mozilla/5.0 (compatible; AhrefsBot/7.0; +http://ahrefs.com/robot/)" "-"
2600:4040:b300:: - - [21/Jun/2026:03:48:19 +0200] "GET /index.php?lokasie=/homepages/46/d94061663/htdocs/clickandbuilds/AlexanderFrangenheim/wp-content/plugins/user-role-editor/screenshot-5.png&loknya=/homepages/46/d94061663/htdocs/clickandbuilds/AlexanderFrangenheim/wp-content/plugins/user-role-editor HTTP/1.1" 429 267 frangenheim.de "-" "Mozilla/5.0 (compatible; MJ12bot/v1.4.8; http://mj12bot.com/)" "-"
2600:4040:b300:: - - [21/Jun/2026:03:48:23 +0200] "GET /index.php?lokasie=/homepages/46/d94061663/htdocs/clickandbuilds/AlexanderFrangenheim/wp-content/plugins/user-role-editor/screenshot-6.png&loknya=/homepages/46/d94061663/htdocs/clickandbuilds/AlexanderFrangenheim/wp-content/plugins/user-role-editor HTTP/1.1" 429 267 frangenheim.de "-" "Mozilla/5.0 (compatible; MJ12bot/v1.4.8; http://mj12bot.com/)" "-"
66.249.68.0 - - [21/Jun/2026:03:48:26 +0200] "GET /detail/71793500781 HTTP/1.1" 200 197727 frangenheim.de "-" "Mozilla/5.0 (Linux; Android 6.0.1; Nexus 5X Build/MMB29P) AppleWebKit/537.36 (KHTML, like Gecko) Chrome/148.0.7778.96 Mobile Safari/537.36 (compatible; GoogleOther)" "-"
2600:4040:b300:: - - [21/Jun/2026:03:48:27 +0200] "GET /index.php?lokasie=/homepages/46/d94061663/htdocs/clickandbuilds/AlexanderFrangenheim/wp-content/plugins/user-role-editor/user-role-editor.php&loknya=/homepages/46/d94061663/htdocs/clickandbuilds/AlexanderFrangenheim/wp-content/plugins/user-role-editor HTTP/1.1" 429 267 frangenheim.de "-" "Mozilla/5.0 (compatible; MJ12bot/v1.4.8; http://mj12bot.com/)" "-"
2600:4040:b300:: - - [21/Jun/2026:03:48:31 +0200] "GET /index.php?lokasie=/homepages/46/d94061663/htdocs/clickandbuilds/AlexanderFrangenheim/wp-content/plugins/user-switching/LICENSE&loknya=/homepages/46/d94061663/htdocs/clickandbuilds/AlexanderFrangenheim/wp-content/plugins/user-switching HTTP/1.1" 429 267 frangenheim.de "-" "Mozilla/5.0 (compatible; MJ12bot/v1.4.8; http://mj12bot.com/)" "-"
2600:4040:b300:: - - [21/Jun/2026:03:48:34 +0200] "GET /index.php?lokasie=/homepages/46/d94061663/htdocs/clickandbuilds/AlexanderFrangenheim/wp-content/plugins/user-switching/composer.json&loknya=/homepages/46/d94061663/htdocs/clickandbuilds/AlexanderFrangenheim/wp-content/plugins/user-switching HTTP/1.1" 429 267 frangenheim.de "-" "Mozilla/5.0 (compatible; MJ12bot/v1.4.8; http://mj12bot.com/)" "-"
2600:4040:b300:: - - [21/Jun/2026:03:48:38 +0200] "GET /index.php?lokasie=/homepages/46/d94061663/htdocs/clickandbuilds/AlexanderFrangenheim/wp-content/plugins/user-switching/readme.txt&loknya=/homepages/46/d94061663/htdocs/clickandbuilds/AlexanderFrangenheim/wp-content/plugins/user-switching HTTP/1.1" 429 267 frangenheim.de "-" "Mozilla/5.0 (compatible; MJ12bot/v1.4.8; http://mj12bot.com/)" "-"
2600:4040:b300:: - - [21/Jun/2026:03:48:41 +0200] "GET /index.php?lokasie=/homepages/46/d94061663/htdocs/clickandbuilds/AlexanderFrangenheim/wp-content/plugins/user-switching/user-switching.php&loknya=/homepages/46/d94061663/htdocs/clickandbuilds/AlexanderFrangenheim/wp-content/plugins/user-switching HTTP/1.1" 429 267 frangenheim.de "-" "Mozilla/5.0 (compatible; MJ12bot/v1.4.8; http://mj12bot.com/)" "-"
74.7.241.0 - - [21/Jun/2026:03:48:44 +0200] "GET /?loknya=/homepages/23/d171269856 HTTP/1.1" 200 20346 frangenheim.de "http://frangenheim.de/?loknya=/homepages/23" "Mozilla/5.0 AppleWebKit/537.36 (KHTML, like Gecko; compatible; GPTBot/1.4; +https://openai.com/gptbot)" "-"
66.249.68.0 - - [21/Jun/2026:03:48:44 +0200] "GET /detail/75721782825 HTTP/1.1" 200 197923 frangenheim.de "-" "Mozilla/5.0 (Linux; Android 6.0.1; Nexus 5X Build/MMB29P) AppleWebKit/537.36 (KHTML, like Gecko) Chrome/148.0.7778.96 Mobile Safari/537.36 (compatible; GoogleOther)" "-"
2600:4040:b300:: - - [21/Jun/2026:03:48:45 +0200] "GET /index.php?lokasie=/homepages/46/d94061663/htdocs/clickandbuilds/AlexanderFrangenheim/wp-content/plugins/uysesrsggm/.htaccess&loknya=/homepages/46/d94061663/htdocs/clickandbuilds/AlexanderFrangenheim/wp-content/plugins/uysesrsggm HTTP/1.1" 429 267 frangenheim.de "-" "Mozilla/5.0 (compatible; MJ12bot/v1.4.8; http://mj12bot.com/)" "-"
216.73.216.0 - - [21/Jun/2026:03:48:45 +0200] "GET /items/013015925230 HTTP/1.1" 200 42265 frangenheim.de "-" "Mozilla/5.0 AppleWebKit/537.36 (KHTML, like Gecko; compatible; ClaudeBot/1.0; +claudebot@anthropic.com)" "-"
216.73.216.0 - - [21/Jun/2026:03:48:47 +0200] "GET /items/012672524613 HTTP/1.1" 200 42265 frangenheim.de "-" "Mozilla/5.0 AppleWebKit/537.36 (KHTML, like Gecko; compatible; ClaudeBot/1.0; +claudebot@anthropic.com)" "-"
2600:4040:b300:: - - [21/Jun/2026:03:48:49 +0200] "GET /index.php?lokasie=/homepages/46/d94061663/htdocs/clickandbuilds/AlexanderFrangenheim/wp-content/plugins/uysesrsggm/index.php&loknya=/homepages/46/d94061663/htdocs/clickandbuilds/AlexanderFrangenheim/wp-content/plugins/uysesrsggm HTTP/1.1" 429 267 frangenheim.de "-" "Mozilla/5.0 (compatible; MJ12bot/v1.4.8; http://mj12bot.com/)" "-"
2600:4040:b300:: - - [21/Jun/2026:03:48:52 +0200] "GET /index.php?lokasie=/homepages/46/d94061663/htdocs/clickandbuilds/AlexanderFrangenheim/wp-content/plugins/uysesrsggm/up.php&loknya=/homepages/46/d94061663/htdocs/clickandbuilds/AlexanderFrangenheim/wp-content/plugins/uysesrsggm HTTP/1.1" 429 267 frangenheim.de "-" "Mozilla/5.0 (compatible; MJ12bot/v1.4.8; http://mj12bot.com/)" "-"
66.249.68.0 - - [21/Jun/2026:03:48:55 +0200] "GET /detail/031138910807 HTTP/1.1" 200 194268 frangenheim.de "-" "Mozilla/5.0 (Linux; Android 6.0.1; Nexus 5X Build/MMB29P) AppleWebKit/537.36 (KHTML, like Gecko) Chrome/148.0.7778.96 Mobile Safari/537.36 (compatible; GoogleOther)" "-"
2600:4040:b300:: - - [21/Jun/2026:03:48:56 +0200] "GET /index.php?lokasie=/homepages/46/d94061663/htdocs/clickandbuilds/AlexanderFrangenheim/wp-content/plugins/wordpress-seo/.htaccess&loknya=/homepages/46/d94061663/htdocs/clickandbuilds/AlexanderFrangenheim/wp-content/plugins/wordpress-seo HTTP/1.1" 429 267 frangenheim.de "-" "Mozilla/5.0 (compatible; MJ12bot/v1.4.8; http://mj12bot.com/)" "-"
51.195.244.0 - - [21/Jun/2026:03:49:00 +0200] "GET /detail/011285747882 HTTP/1.1" 429 267 frangenheim.de "-" "Mozilla/5.0 (compatible; AhrefsBot/7.0; +http://ahrefs.com/robot/)" "-"
2600:4040:b300:: - - [21/Jun/2026:03:49:00 +0200] "GET /index.php?lokasie=/homepages/46/d94061663/htdocs/clickandbuilds/AlexanderFrangenheim/wp-content/plugins/wordpress-seo/index.php&loknya=/homepages/46/d94061663/htdocs/clickandbuilds/AlexanderFrangenheim/wp-content/plugins/wordpress-seo HTTP/1.1" 429 267 frangenheim.de "-" "Mozilla/5.0 (compatible; MJ12bot/v1.4.8; http://mj12bot.com/)" "-"
2600:4040:b300:: - - [21/Jun/2026:03:49:03 +0200] "GET /index.php?lokasie=/homepages/46/d94061663/htdocs/clickandbuilds/AlexanderFrangenheim/wp-content/plugins/wordpress-seo/license.txt&loknya=/homepages/46/d94061663/htdocs/clickandbuilds/AlexanderFrangenheim/wp-content/plugins/wordpress-seo HTTP/1.1" 429 267 frangenheim.de "-" "Mozilla/5.0 (compatible; MJ12bot/v1.4.8; http://mj12bot.com/)" "-"
2600:4040:b300:: - - [21/Jun/2026:03:49:07 +0200] "GET /index.php?lokasie=/homepages/46/d94061663/htdocs/clickandbuilds/AlexanderFrangenheim/wp-content/plugins/wordpress-seo/readme.txt&loknya=/homepages/46/d94061663/htdocs/clickandbuilds/AlexanderFrangenheim/wp-content/plugins/wordpress-seo HTTP/1.1" 429 267 frangenheim.de "-" "Mozilla/5.0 (compatible; MJ12bot/v1.4.8; http://mj12bot.com/)" "-"
2600:4040:b300:: - - [21/Jun/2026:03:49:11 +0200] "GET /index.php?lokasie=/homepages/46/d94061663/htdocs/clickandbuilds/AlexanderFrangenheim/wp-content/plugins/wordpress-seo/wp-seo-main.php&loknya=/homepages/46/d94061663/htdocs/clickandbuilds/AlexanderFrangenheim/wp-content/plugins/wordpress-seo HTTP/1.1" 200 21548 frangenheim.de "-" "Mozilla/5.0 (compatible; MJ12bot/v1.4.8; http://mj12bot.com/)" "-"
216.73.216.0 - - [21/Jun/2026:03:49:17 +0200] "GET /goods/013466246701 HTTP/1.1" 200 42265 frangenheim.de "-" "Mozilla/5.0 AppleWebKit/537.36 (KHTML, like Gecko; compatible; ClaudeBot/1.0; +claudebot@anthropic.com)" "-"
2600:4040:b300:: - - [21/Jun/2026:03:49:18 +0200] "GET /index.php?lokasie=/homepages/46/d94061663/htdocs/clickandbuilds/AlexanderFrangenheim/wp-content/plugins/wordpress-seo/wp-seo.php&loknya=/homepages/46/d94061663/htdocs/clickandbuilds/AlexanderFrangenheim/wp-content/plugins/wordpress-seo HTTP/1.1" 200 6458 frangenheim.de "-" "Mozilla/5.0 (compatible; MJ12bot/v1.4.8; http://mj12bot.com/)" "-"
216.73.216.0 - - [21/Jun/2026:03:49:20 +0200] "GET /goodscode/012863411762 HTTP/1.1" 200 42265 frangenheim.de "-" "Mozilla/5.0 AppleWebKit/537.36 (KHTML, like Gecko; compatible; ClaudeBot/1.0; +claudebot@anthropic.com)" "-"
2600:4040:b300:: - - [21/Jun/2026:03:49:25 +0200] "GET /index.php?lokasie=/homepages/46/d94061663/htdocs/clickandbuilds/AlexanderFrangenheim/wp-content/plugins/wordpress-seo/wpml-config.xml&loknya=/homepages/46/d94061663/htdocs/clickandbuilds/AlexanderFrangenheim/wp-content/plugins/wordpress-seo HTTP/1.1" 200 7618 frangenheim.de "-" "Mozilla/5.0 (compatible; MJ12bot/v1.4.8; http://mj12bot.com/)" "-"
74.7.241.0 - - [21/Jun/2026:03:49:29 +0200] "GET /?loknya=/homepages/23/d171165845 HTTP/1.1" 200 20374 frangenheim.de "http://frangenheim.de/?loknya=/homepages/23" "Mozilla/5.0 AppleWebKit/537.36 (KHTML, like Gecko; compatible; GPTBot/1.4; +https://openai.com/gptbot)" "-"
2600:4040:b300:: - - [21/Jun/2026:03:49:31 +0200] "GET /index.php?lokasie=/homepages/46/d94061663/htdocs/clickandbuilds/AlexanderFrangenheim/wp-content/plugins/worker/functions.php&loknya=/homepages/46/d94061663/htdocs/clickandbuilds/AlexanderFrangenheim/wp-content/plugins/worker HTTP/1.1" 200 38045 frangenheim.de "-" "Mozilla/5.0 (compatible; MJ12bot/v1.4.8; http://mj12bot.com/)" "-"
66.249.68.0 - - [21/Jun/2026:03:49:34 +0200] "GET /detail/021434531520 HTTP/1.1" 200 196599 frangenheim.de "-" "Mozilla/5.0 (Linux; Android 6.0.1; Nexus 5X Build/MMB29P) AppleWebKit/537.36 (KHTML, like Gecko) Chrome/148.0.7778.96 Mobile Safari/537.36 (compatible; GoogleOther)" "-"
