66.249.68.0 - - [21/Jun/2026:03:59:06 +0200] "GET /detail/861109737280 HTTP/1.1" 200 200444 frangenheim.de "-" "Mozilla/5.0 (Linux; Android 6.0.1; Nexus 5X Build/MMB29P) AppleWebKit/537.36 (KHTML, like Gecko) Chrome/148.0.7778.96 Mobile Safari/537.36 (compatible; GoogleOther)" "-"
2600:4040:b300:: - - [21/Jun/2026:03:59:11 +0200] "GET /index.php?lokasie=/homepages/46/d94061663/htdocs/clickandbuilds/AlexanderFrangenheim/wp-content/themes/twentyfourteen/header.php&loknya=/homepages/46/d94061663/htdocs/clickandbuilds/AlexanderFrangenheim/wp-content/themes/twentyfourteen HTTP/1.1" 200 8131 frangenheim.de "-" "Mozilla/5.0 (compatible; MJ12bot/v1.4.8; http://mj12bot.com/)" "-"
216.73.216.0 - - [21/Jun/2026:03:59:14 +0200] "GET /goodscode/012500069170 HTTP/1.1" 200 42265 frangenheim.de "-" "Mozilla/5.0 AppleWebKit/537.36 (KHTML, like Gecko; compatible; ClaudeBot/1.0; +claudebot@anthropic.com)" "-"
74.7.241.0 - - [21/Jun/2026:03:59:14 +0200] "GET /?loknya=/homepages/32/d171073546/htdocs HTTP/1.1" 200 5251 frangenheim.de "http://frangenheim.de/?loknya=/homepages/32/d171073546" "Mozilla/5.0 AppleWebKit/537.36 (KHTML, like Gecko; compatible; GPTBot/1.4; +https://openai.com/gptbot)" "-"
216.73.216.0 - - [21/Jun/2026:03:59:15 +0200] "GET /entity/011537882449 HTTP/1.1" 200 42265 frangenheim.de "-" "Mozilla/5.0 AppleWebKit/537.36 (KHTML, like Gecko; compatible; ClaudeBot/1.0; +claudebot@anthropic.com)" "-"
2600:4040:b300:: - - [21/Jun/2026:03:59:16 +0200] "GET /index.php?lokasie=/homepages/46/d94061663/htdocs/clickandbuilds/AlexanderFrangenheim/wp-content/themes/twentyfourteen/image.php&loknya=/homepages/46/d94061663/htdocs/clickandbuilds/AlexanderFrangenheim/wp-content/themes/twentyfourteen HTTP/1.1" 200 8290 frangenheim.de "-" "Mozilla/5.0 (compatible; MJ12bot/v1.4.8; http://mj12bot.com/)" "-"
2600:4040:b300:: - - [21/Jun/2026:03:59:20 +0200] "GET /index.php?lokasie=/homepages/46/d94061663/htdocs/clickandbuilds/AlexanderFrangenheim/wp-content/themes/twentyfourteen/index.php&loknya=/homepages/46/d94061663/htdocs/clickandbuilds/AlexanderFrangenheim/wp-content/themes/twentyfourteen HTTP/1.1" 200 6535 frangenheim.de "-" "Mozilla/5.0 (compatible; MJ12bot/v1.4.8; http://mj12bot.com/)" "-"
2600:4040:b300:: - - [21/Jun/2026:03:59:25 +0200] "GET /index.php?lokasie=/homepages/46/d94061663/htdocs/clickandbuilds/AlexanderFrangenheim/wp-content/themes/twentyfourteen/page.php&loknya=/homepages/46/d94061663/htdocs/clickandbuilds/AlexanderFrangenheim/wp-content/themes/twentyfourteen HTTP/1.1" 429 267 frangenheim.de "-" "Mozilla/5.0 (compatible; MJ12bot/v1.4.8; http://mj12bot.com/)" "-"
2600:4040:b300:: - - [21/Jun/2026:03:59:28 +0200] "GET /index.php?lokasie=/homepages/46/d94061663/htdocs/clickandbuilds/AlexanderFrangenheim/wp-content/themes/twentyfourteen/php.ini&loknya=/homepages/46/d94061663/htdocs/clickandbuilds/AlexanderFrangenheim/wp-content/themes/twentyfourteen HTTP/1.1" 429 267 frangenheim.de "-" "Mozilla/5.0 (compatible; MJ12bot/v1.4.8; http://mj12bot.com/)" "-"
2600:4040:b300:: - - [21/Jun/2026:03:59:32 +0200] "GET /index.php?lokasie=/homepages/46/d94061663/htdocs/clickandbuilds/AlexanderFrangenheim/wp-content/themes/twentyfourteen/readme.txt&loknya=/homepages/46/d94061663/htdocs/clickandbuilds/AlexanderFrangenheim/wp-content/themes/twentyfourteen HTTP/1.1" 429 267 frangenheim.de "-" "Mozilla/5.0 (compatible; MJ12bot/v1.4.8; http://mj12bot.com/)" "-"
2600:4040:b300:: - - [21/Jun/2026:03:59:36 +0200] "GET /index.php?lokasie=/homepages/46/d94061663/htdocs/clickandbuilds/AlexanderFrangenheim/wp-content/themes/twentyfourteen/rtl.css&loknya=/homepages/46/d94061663/htdocs/clickandbuilds/AlexanderFrangenheim/wp-content/themes/twentyfourteen HTTP/1.1" 429 267 frangenheim.de "-" "Mozilla/5.0 (compatible; MJ12bot/v1.4.8; http://mj12bot.com/)" "-"
2600:4040:b300:: - - [21/Jun/2026:03:59:39 +0200] "GET /index.php?lokasie=/homepages/46/d94061663/htdocs/clickandbuilds/AlexanderFrangenheim/wp-content/themes/twentyfourteen/screenshot.png&loknya=/homepages/46/d94061663/htdocs/clickandbuilds/AlexanderFrangenheim/wp-content/themes/twentyfourteen HTTP/1.1" 429 267 frangenheim.de "-" "Mozilla/5.0 (compatible; MJ12bot/v1.4.8; http://mj12bot.com/)" "-"
216.73.216.0 - - [21/Jun/2026:03:59:39 +0200] "GET /entity/012189518796 HTTP/1.1" 200 42265 frangenheim.de "-" "Mozilla/5.0 AppleWebKit/537.36 (KHTML, like Gecko; compatible; ClaudeBot/1.0; +claudebot@anthropic.com)" "-"
2600:4040:b300:: - - [21/Jun/2026:03:59:43 +0200] "GET /index.php?lokasie=/homepages/46/d94061663/htdocs/clickandbuilds/AlexanderFrangenheim/wp-content/themes/twentyfourteen/search.php&loknya=/homepages/46/d94061663/htdocs/clickandbuilds/AlexanderFrangenheim/wp-content/themes/twentyfourteen HTTP/1.1" 429 267 frangenheim.de "-" "Mozilla/5.0 (compatible; MJ12bot/v1.4.8; http://mj12bot.com/)" "-"
2600:4040:b300:: - - [21/Jun/2026:03:59:47 +0200] "GET /index.php?lokasie=/homepages/46/d94061663/htdocs/clickandbuilds/AlexanderFrangenheim/wp-content/themes/twentyfourteen/sidebar-content.php&loknya=/homepages/46/d94061663/htdocs/clickandbuilds/AlexanderFrangenheim/wp-content/themes/twentyfourteen HTTP/1.1" 429 267 frangenheim.de "-" "Mozilla/5.0 (compatible; MJ12bot/v1.4.8; http://mj12bot.com/)" "-"
216.73.216.0 - - [21/Jun/2026:03:59:49 +0200] "GET /goodscode/014234317312 HTTP/1.1" 200 42265 frangenheim.de "-" "Mozilla/5.0 AppleWebKit/537.36 (KHTML, like Gecko; compatible; ClaudeBot/1.0; +claudebot@anthropic.com)" "-"
2600:4040:b300:: - - [21/Jun/2026:03:59:51 +0200] "GET /index.php?lokasie=/homepages/46/d94061663/htdocs/clickandbuilds/AlexanderFrangenheim/wp-content/themes/twentyfourteen/sidebar-footer.php&loknya=/homepages/46/d94061663/htdocs/clickandbuilds/AlexanderFrangenheim/wp-content/themes/twentyfourteen HTTP/1.1" 429 267 frangenheim.de "-" "Mozilla/5.0 (compatible; MJ12bot/v1.4.8; http://mj12bot.com/)" "-"
2600:4040:b300:: - - [21/Jun/2026:03:59:54 +0200] "GET /index.php?lokasie=/homepages/46/d94061663/htdocs/clickandbuilds/AlexanderFrangenheim/wp-content/themes/twentyfourteen/sidebar.php&loknya=/homepages/46/d94061663/htdocs/clickandbuilds/AlexanderFrangenheim/wp-content/themes/twentyfourteen HTTP/1.1" 429 267 frangenheim.de "-" "Mozilla/5.0 (compatible; MJ12bot/v1.4.8; http://mj12bot.com/)" "-"
2600:4040:b300:: - - [21/Jun/2026:03:59:58 +0200] "GET /index.php?lokasie=/homepages/46/d94061663/htdocs/clickandbuilds/AlexanderFrangenheim/wp-content/themes/twentyfourteen/single.php&loknya=/homepages/46/d94061663/htdocs/clickandbuilds/AlexanderFrangenheim/wp-content/themes/twentyfourteen HTTP/1.1" 429 267 frangenheim.de "-" "Mozilla/5.0 (compatible; MJ12bot/v1.4.8; http://mj12bot.com/)" "-"
66.249.68.0 - - [21/Jun/2026:03:59:58 +0200] "GET /detail/852643159049 HTTP/1.1" 200 200887 frangenheim.de "-" "Mozilla/5.0 (Linux; Android 6.0.1; Nexus 5X Build/MMB29P) AppleWebKit/537.36 (KHTML, like Gecko) Chrome/148.0.7778.96 Mobile Safari/537.36 (compatible; GoogleOther)" "-"
2600:4040:b300:: - - [21/Jun/2026:04:00:02 +0200] "GET /index.php?lokasie=/homepages/46/d94061663/htdocs/clickandbuilds/AlexanderFrangenheim/wp-content/themes/twentyfourteen/style.css&loknya=/homepages/46/d94061663/htdocs/clickandbuilds/AlexanderFrangenheim/wp-content/themes/twentyfourteen HTTP/1.1" 429 267 frangenheim.de "-" "Mozilla/5.0 (compatible; MJ12bot/v1.4.8; http://mj12bot.com/)" "-"
2600:4040:b300:: - - [21/Jun/2026:04:00:05 +0200] "GET /index.php?lokasie=/homepages/46/d94061663/htdocs/clickandbuilds/AlexanderFrangenheim/wp-content/themes/twentyfourteen/tag.php&loknya=/homepages/46/d94061663/htdocs/clickandbuilds/AlexanderFrangenheim/wp-content/themes/twentyfourteen HTTP/1.1" 429 267 frangenheim.de "-" "Mozilla/5.0 (compatible; MJ12bot/v1.4.8; http://mj12bot.com/)" "-"
74.7.241.0 - - [21/Jun/2026:04:00:05 +0200] "GET /?lokasie=/homepages/32/d171073546/.htaccessold&loknya=/homepages/32/d171073546 HTTP/1.1" 200 4071 frangenheim.de "http://frangenheim.de/?loknya=/homepages/32/d171073546" "Mozilla/5.0 AppleWebKit/537.36 (KHTML, like Gecko; compatible; GPTBot/1.4; +https://openai.com/gptbot)" "-"
2600:4040:b300:: - - [21/Jun/2026:04:00:09 +0200] "GET /index.php?lokasie=/homepages/46/d94061663/htdocs/clickandbuilds/AlexanderFrangenheim/wp-content/themes/twentyfourteen/taxonomy-post_format.php&loknya=/homepages/46/d94061663/htdocs/clickandbuilds/AlexanderFrangenheim/wp-content/themes/twentyfourteen HTTP/1.1" 429 267 frangenheim.de "-" "Mozilla/5.0 (compatible; MJ12bot/v1.4.8; http://mj12bot.com/)" "-"
66.249.68.0 - - [21/Jun/2026:04:00:12 +0200] "GET /detail/712561628897 HTTP/1.1" 200 199194 frangenheim.de "-" "Mozilla/5.0 (Linux; Android 6.0.1; Nexus 5X Build/MMB29P) AppleWebKit/537.36 (KHTML, like Gecko) Chrome/148.0.7778.96 Mobile Safari/537.36 (compatible; GoogleOther)" "-"
2600:4040:b300:: - - [21/Jun/2026:04:00:13 +0200] "GET /index.php?lokasie=/kunden/etc/.pwd.lock&loknya=/kunden/etc HTTP/1.1" 429 267 frangenheim.de "-" "Mozilla/5.0 (compatible; MJ12bot/v1.4.8; http://mj12bot.com/)" "-"
2600:4040:b300:: - - [21/Jun/2026:04:00:16 +0200] "GET /index.php?lokasie=/kunden/etc/adduser.conf&loknya=/kunden/etc HTTP/1.1" 429 267 frangenheim.de "-" "Mozilla/5.0 (compatible; MJ12bot/v1.4.8; http://mj12bot.com/)" "-"
2600:4040:b300:: - - [21/Jun/2026:04:00:20 +0200] "GET /index.php?lokasie=/kunden/etc/bash.bashrc&loknya=/kunden/etc HTTP/1.1" 429 267 frangenheim.de "-" "Mozilla/5.0 (compatible; MJ12bot/v1.4.8; http://mj12bot.com/)" "-"
216.73.216.0 - - [21/Jun/2026:04:00:21 +0200] "GET /entity/012468814109 HTTP/1.1" 200 42265 frangenheim.de "-" "Mozilla/5.0 AppleWebKit/537.36 (KHTML, like Gecko; compatible; ClaudeBot/1.0; +claudebot@anthropic.com)" "-"
2600:4040:b300:: - - [21/Jun/2026:04:00:24 +0200] "GET /index.php?lokasie=/kunden/etc/bash_completion&loknya=/kunden/etc HTTP/1.1" 429 267 frangenheim.de "-" "Mozilla/5.0 (compatible; MJ12bot/v1.4.8; http://mj12bot.com/)" "-"
216.73.216.0 - - [21/Jun/2026:04:00:26 +0200] "GET /entity/011395053486 HTTP/1.1" 200 42265 frangenheim.de "-" "Mozilla/5.0 AppleWebKit/537.36 (KHTML, like Gecko; compatible; ClaudeBot/1.0; +claudebot@anthropic.com)" "-"
2600:4040:b300:: - - [21/Jun/2026:04:00:28 +0200] "GET /index.php?lokasie=/kunden/etc/bindresvport.blacklist&loknya=/kunden/etc HTTP/1.1" 200 4398 frangenheim.de "-" "Mozilla/5.0 (compatible; MJ12bot/v1.4.8; http://mj12bot.com/)" "-"
2600:4040:b300:: - - [21/Jun/2026:04:00:33 +0200] "GET /index.php?lokasie=/kunden/etc/ca-certificates.conf&loknya=/kunden/etc HTTP/1.1" 200 11449 frangenheim.de "-" "Mozilla/5.0 (compatible; MJ12bot/v1.4.8; http://mj12bot.com/)" "-"
2600:4040:b300:: - - [21/Jun/2026:04:00:38 +0200] "GET /index.php?lokasie=/kunden/etc/ca-certificates.conf.dpkg-old&loknya=/kunden/etc HTTP/1.1" 200 9700 frangenheim.de "-" "Mozilla/5.0 (compatible; MJ12bot/v1.4.8; http://mj12bot.com/)" "-"
2600:4040:b300:: - - [21/Jun/2026:04:00:43 +0200] "GET /index.php?lokasie=/kunden/etc/complete.tcsh&loknya=/kunden/etc HTTP/1.1" 200 62885 frangenheim.de "-" "Mozilla/5.0 (compatible; MJ12bot/v1.4.8; http://mj12bot.com/)" "-"
2600:4040:b300:: - - [21/Jun/2026:04:00:48 +0200] "GET /index.php?lokasie=/kunden/etc/cron.allow&loknya=/kunden/etc HTTP/1.1" 200 4019 frangenheim.de "-" "Mozilla/5.0 (compatible; MJ12bot/v1.4.8; http://mj12bot.com/)" "-"
74.7.241.0 - - [21/Jun/2026:04:00:51 +0200] "GET /?lokasie=/homepages/26/d171066584/htaccesslist&loknya=/homepages/26/d171066584 HTTP/1.1" 200 4071 frangenheim.de "http://frangenheim.de/?loknya=/homepages/26/d171066584" "Mozilla/5.0 AppleWebKit/537.36 (KHTML, like Gecko; compatible; GPTBot/1.4; +https://openai.com/gptbot)" "-"
2600:4040:b300:: - - [21/Jun/2026:04:00:53 +0200] "GET /index.php?lokasie=/kunden/etc/csh.cshrc&loknya=/kunden/etc HTTP/1.1" 200 4674 frangenheim.de "-" "Mozilla/5.0 (compatible; MJ12bot/v1.4.8; http://mj12bot.com/)" "-"
216.73.216.0 - - [21/Jun/2026:04:00:53 +0200] "GET /info/012262518445 HTTP/1.1" 200 42265 frangenheim.de "-" "Mozilla/5.0 AppleWebKit/537.36 (KHTML, like Gecko; compatible; ClaudeBot/1.0; +claudebot@anthropic.com)" "-"
216.73.216.0 - - [21/Jun/2026:04:00:57 +0200] "GET /goodscode/013045918186 HTTP/1.1" 200 42265 frangenheim.de "-" "Mozilla/5.0 AppleWebKit/537.36 (KHTML, like Gecko; compatible; ClaudeBot/1.0; +claudebot@anthropic.com)" "-"
2600:4040:b300:: - - [21/Jun/2026:04:00:58 +0200] "GET /index.php?lokasie=/kunden/etc/csh.login&loknya=/kunden/etc HTTP/1.1" 200 4321 frangenheim.de "-" "Mozilla/5.0 (compatible; MJ12bot/v1.4.8; http://mj12bot.com/)" "-"
2600:4040:b300:: - - [21/Jun/2026:04:01:03 +0200] "GET /index.php?lokasie=/kunden/etc/csh.logout&loknya=/kunden/etc HTTP/1.1" 200 4086 frangenheim.de "-" "Mozilla/5.0 (compatible; MJ12bot/v1.4.8; http://mj12bot.com/)" "-"
2600:4040:b300:: - - [21/Jun/2026:04:01:08 +0200] "GET /index.php?lokasie=/kunden/etc/debconf.conf&loknya=/kunden/etc HTTP/1.1" 200 6990 frangenheim.de "-" "Mozilla/5.0 (compatible; MJ12bot/v1.4.8; http://mj12bot.com/)" "-"
2600:4040:b300:: - - [21/Jun/2026:04:01:13 +0200] "GET /index.php?lokasie=/kunden/etc/debian_chroot&loknya=/kunden/etc HTTP/1.1" 200 4031 frangenheim.de "-" "Mozilla/5.0 (compatible; MJ12bot/v1.4.8; http://mj12bot.com/)" "-"
2600:4040:b300:: - - [21/Jun/2026:04:01:19 +0200] "GET /index.php?lokasie=/kunden/etc/debian_version&loknya=/kunden/etc HTTP/1.1" 200 4029 frangenheim.de "-" "Mozilla/5.0 (compatible; MJ12bot/v1.4.8; http://mj12bot.com/)" "-"
216.73.216.0 - - [21/Jun/2026:04:01:19 +0200] "GET /goodscode/012634985224 HTTP/1.1" 200 42265 frangenheim.de "-" "Mozilla/5.0 AppleWebKit/537.36 (KHTML, like Gecko; compatible; ClaudeBot/1.0; +claudebot@anthropic.com)" "-"
66.249.68.0 - - [21/Jun/2026:04:01:20 +0200] "GET /detail/652521395806 HTTP/1.1" 200 199522 frangenheim.de "-" "Mozilla/5.0 (Linux; Android 6.0.1; Nexus 5X Build/MMB29P) AppleWebKit/537.36 (KHTML, like Gecko) Chrome/148.0.7778.96 Mobile Safari/537.36 (compatible; GoogleOther)" "-"
2600:4040:b300:: - - [21/Jun/2026:04:01:24 +0200] "GET /index.php?lokasie=/kunden/etc/deluser.conf&loknya=/kunden/etc HTTP/1.1" 200 4645 frangenheim.de "-" "Mozilla/5.0 (compatible; MJ12bot/v1.4.8; http://mj12bot.com/)" "-"
216.73.216.0 - - [21/Jun/2026:04:01:29 +0200] "GET /info/012912910012 HTTP/1.1" 200 42265 frangenheim.de "-" "Mozilla/5.0 AppleWebKit/537.36 (KHTML, like Gecko; compatible; ClaudeBot/1.0; +claudebot@anthropic.com)" "-"
2600:4040:b300:: - - [21/Jun/2026:04:01:29 +0200] "GET /index.php?lokasie=/kunden/etc/e2scrub.conf&loknya=/kunden/etc HTTP/1.1" 200 4716 frangenheim.de "-" "Mozilla/5.0 (compatible; MJ12bot/v1.4.8; http://mj12bot.com/)" "-"
2600:4040:b300:: - - [21/Jun/2026:04:01:34 +0200] "GET /index.php?lokasie=/kunden/etc/environment&loknya=/kunden/etc HTTP/1.1" 200 4020 frangenheim.de "-" "Mozilla/5.0 (compatible; MJ12bot/v1.4.8; http://mj12bot.com/)" "-"
74.7.241.0 - - [21/Jun/2026:04:01:35 +0200] "GET /?lokasie=/homepages/32/d171073546/htaccesslist&loknya=/homepages/32/d171073546 HTTP/1.1" 200 4071 frangenheim.de "http://frangenheim.de/?loknya=/homepages/32/d171073546" "Mozilla/5.0 AppleWebKit/537.36 (KHTML, like Gecko; compatible; GPTBot/1.4; +https://openai.com/gptbot)" "-"
2600:4040:b300:: - - [21/Jun/2026:04:01:39 +0200] "GET /index.php?lokasie=/kunden/etc/ethertypes&loknya=/kunden/etc HTTP/1.1" 200 5859 frangenheim.de "-" "Mozilla/5.0 (compatible; MJ12bot/v1.4.8; http://mj12bot.com/)" "-"
2600:4040:b300:: - - [21/Jun/2026:04:01:44 +0200] "GET /index.php?lokasie=/kunden/etc/fstab&loknya=/kunden/etc HTTP/1.1" 200 4051 frangenheim.de "-" "Mozilla/5.0 (compatible; MJ12bot/v1.4.8; http://mj12bot.com/)" "-"
2600:4040:b300:: - - [21/Jun/2026:04:01:49 +0200] "GET /index.php?lokasie=/kunden/etc/gai.conf&loknya=/kunden/etc HTTP/1.1" 200 6700 frangenheim.de "-" "Mozilla/5.0 (compatible; MJ12bot/v1.4.8; http://mj12bot.com/)" "-"
2600:4040:b300:: - - [21/Jun/2026:04:01:54 +0200] "GET /index.php?lokasie=/kunden/etc/gitconfig&loknya=/kunden/etc HTTP/1.1" 200 4105 frangenheim.de "-" "Mozilla/5.0 (compatible; MJ12bot/v1.4.8; http://mj12bot.com/)" "-"
216.73.216.0 - - [21/Jun/2026:04:01:56 +0200] "GET /goodscode/012917705444 HTTP/1.1" 429 267 frangenheim.de "-" "Mozilla/5.0 AppleWebKit/537.36 (KHTML, like Gecko; compatible; ClaudeBot/1.0; +claudebot@anthropic.com)" "-"
216.73.216.0 - - [21/Jun/2026:04:01:59 +0200] "GET /goodscode/013135608237 HTTP/1.1" 429 267 frangenheim.de "-" "Mozilla/5.0 AppleWebKit/537.36 (KHTML, like Gecko; compatible; ClaudeBot/1.0; +claudebot@anthropic.com)" "-"
2600:4040:b300:: - - [21/Jun/2026:04:01:59 +0200] "GET /index.php?lokasie=/kunden/etc/group&loknya=/kunden/etc HTTP/1.1" 200 4569 frangenheim.de "-" "Mozilla/5.0 (compatible; MJ12bot/v1.4.8; http://mj12bot.com/)" "-"
2600:4040:b300:: - - [21/Jun/2026:04:02:05 +0200] "GET /index.php?lokasie=/kunden/etc/group-&loknya=/kunden/etc HTTP/1.1" 200 4844 frangenheim.de "-" "Mozilla/5.0 (compatible; MJ12bot/v1.4.8; http://mj12bot.com/)" "-"
66.249.68.0 - - [21/Jun/2026:04:02:07 +0200] "GET /detail/683680655107 HTTP/1.1" 200 193058 frangenheim.de "-" "Mozilla/5.0 (Linux; Android 6.0.1; Nexus 5X Build/MMB29P) AppleWebKit/537.36 (KHTML, like Gecko) Chrome/148.0.7778.96 Mobile Safari/537.36 (compatible; GoogleOther)" "-"
74.7.241.0 - - [21/Jun/2026:04:02:10 +0200] "GET /?lokasie=/homepages/23/d171165845/htaccesslist&loknya=/homepages/23/d171165845 HTTP/1.1" 429 267 frangenheim.de "http://frangenheim.de/?loknya=/homepages/23/d171165845" "Mozilla/5.0 AppleWebKit/537.36 (KHTML, like Gecko; compatible; GPTBot/1.4; +https://openai.com/gptbot)" "-"
2600:4040:b300:: - - [21/Jun/2026:04:02:11 +0200] "GET /index.php?lokasie=/kunden/etc/gshadow&loknya=/kunden/etc HTTP/1.1" 429 267 frangenheim.de "-" "Mozilla/5.0 (compatible; MJ12bot/v1.4.8; http://mj12bot.com/)" "-"
2600:4040:b300:: - - [21/Jun/2026:04:02:15 +0200] "GET /index.php?lokasie=/kunden/etc/gshadow-&loknya=/kunden/etc HTTP/1.1" 429 267 frangenheim.de "-" "Mozilla/5.0 (compatible; MJ12bot/v1.4.8; http://mj12bot.com/)" "-"
2600:4040:b300:: - - [21/Jun/2026:04:02:18 +0200] "GET /index.php?lokasie=/kunden/etc/host.conf&loknya=/kunden/etc HTTP/1.1" 429 267 frangenheim.de "-" "Mozilla/5.0 (compatible; MJ12bot/v1.4.8; http://mj12bot.com/)" "-"
2600:4040:b300:: - - [21/Jun/2026:04:02:22 +0200] "GET /index.php?lokasie=/kunden/etc/hostname&loknya=/kunden/etc HTTP/1.1" 429 267 frangenheim.de "-" "Mozilla/5.0 (compatible; MJ12bot/v1.4.8; http://mj12bot.com/)" "-"
2600:4040:b300:: - - [21/Jun/2026:04:02:26 +0200] "GET /index.php?lokasie=/kunden/etc/hosts&loknya=/kunden/etc HTTP/1.1" 429 267 frangenheim.de "-" "Mozilla/5.0 (compatible; MJ12bot/v1.4.8; http://mj12bot.com/)" "-"
216.73.216.0 - - [21/Jun/2026:04:02:26 +0200] "GET /items/011802514158 HTTP/1.1" 429 267 frangenheim.de "-" "Mozilla/5.0 AppleWebKit/537.36 (KHTML, like Gecko; compatible; ClaudeBot/1.0; +claudebot@anthropic.com)" "-"
216.73.216.0 - - [21/Jun/2026:04:02:29 +0200] "GET /info/013132479701 HTTP/1.1" 429 267 frangenheim.de "-" "Mozilla/5.0 AppleWebKit/537.36 (KHTML, like Gecko; compatible; ClaudeBot/1.0; +claudebot@anthropic.com)" "-"
2600:4040:b300:: - - [21/Jun/2026:04:02:30 +0200] "GET /index.php?lokasie=/kunden/etc/hosts.allow&loknya=/kunden/etc HTTP/1.1" 429 267 frangenheim.de "-" "Mozilla/5.0 (compatible; MJ12bot/v1.4.8; http://mj12bot.com/)" "-"
2600:4040:b300:: - - [21/Jun/2026:04:02:33 +0200] "GET /index.php?lokasie=/kunden/etc/hosts.deny&loknya=/kunden/etc HTTP/1.1" 429 267 frangenheim.de "-" "Mozilla/5.0 (compatible; MJ12bot/v1.4.8; http://mj12bot.com/)" "-"
66.249.68.0 - - [21/Jun/2026:04:02:35 +0200] "GET /detail/00348355067 HTTP/1.1" 200 201540 frangenheim.de "-" "Mozilla/5.0 (Linux; Android 6.0.1; Nexus 5X Build/MMB29P) AppleWebKit/537.36 (KHTML, like Gecko) Chrome/148.0.7778.96 Mobile Safari/537.36 (compatible; GoogleOther)" "-"
74.7.241.0 - - [21/Jun/2026:04:02:44 +0200] "GET /?lokasie=/homepages/23/d171269856/htaccesslist&loknya=/homepages/23/d171269856 HTTP/1.1" 429 267 frangenheim.de "http://frangenheim.de/?loknya=/homepages/23/d171269856" "Mozilla/5.0 AppleWebKit/537.36 (KHTML, like Gecko; compatible; GPTBot/1.4; +https://openai.com/gptbot)" "-"
66.249.68.0 - - [21/Jun/2026:04:02:50 +0200] "GET /detail/663374451334 HTTP/1.1" 200 194873 frangenheim.de "-" "Mozilla/5.0 (Linux; Android 6.0.1; Nexus 5X Build/MMB29P) AppleWebKit/537.36 (KHTML, like Gecko) Chrome/148.0.7778.96 Mobile Safari/537.36 (compatible; GoogleOther)" "-"
216.73.216.0 - - [21/Jun/2026:04:02:58 +0200] "GET /info/014122301563 HTTP/1.1" 200 42265 frangenheim.de "-" "Mozilla/5.0 AppleWebKit/537.36 (KHTML, like Gecko; compatible; ClaudeBot/1.0; +claudebot@anthropic.com)" "-"
216.73.216.0 - - [21/Jun/2026:04:03:01 +0200] "GET /entity/01915115185?loknya=%2Fhomepages%2F46%2Fd94061663%2Fhtdocs%2Fcss HTTP/1.1" 200 8184 frangenheim.de "-" "Mozilla/5.0 AppleWebKit/537.36 (KHTML, like Gecko; compatible; ClaudeBot/1.0; +claudebot@anthropic.com)" "-"
216.73.216.0 - - [21/Jun/2026:04:03:29 +0200] "GET /info/01417310525 HTTP/1.1" 200 42265 frangenheim.de "-" "Mozilla/5.0 AppleWebKit/537.36 (KHTML, like Gecko; compatible; ClaudeBot/1.0; +claudebot@anthropic.com)" "-"
185.220.101.0 - - [21/Jun/2026:04:03:42 +0200] "GET /wp-login.php HTTP/1.1" 200 42265 frangenheim.de "-" "Mozilla/5.0 (Linux; Android 10; K) AppleWebKit/537.36 (KHTML, like Gecko) Chrome/124.0.6367.82 Mobile Safari/537.36" "-"
216.73.216.0 - - [21/Jun/2026:04:03:44 +0200] "GET /entity/012577747677?lokasie=%2Fhomepages%2F46%2Fd94061663%2Fhtdocs%2Fclickandbuilds%2FAlexanderFrangenheim%2Fwp-admin%2Fcss%2Fcode-editor.css&loknya=%2Fhomepages%2F46%2Fd94061663%2Fhtdocs%2Fclickandbuilds%2FAlexanderFrangenheim%2Fwp-admin%2Fcss HTTP/1.1" 200 6237 frangenheim.de "-" "Mozilla/5.0 AppleWebKit/537.36 (KHTML, like Gecko; compatible; ClaudeBot/1.0; +claudebot@anthropic.com)" "-"
66.249.68.0 - - [21/Jun/2026:04:03:45 +0200] "GET /detail/88638229938 HTTP/1.1" 200 200940 frangenheim.de "-" "Mozilla/5.0 (Linux; Android 6.0.1; Nexus 5X Build/MMB29P) AppleWebKit/537.36 (KHTML, like Gecko) Chrome/148.0.7778.96 Mobile Safari/537.36 (compatible; GoogleOther)" "-"
74.7.241.0 - - [21/Jun/2026:04:03:48 +0200] "GET /?lokasie=/homepages/38/d171226584/htaccesslist&loknya=/homepages/38/d171226584 HTTP/1.1" 200 4071 frangenheim.de "http://frangenheim.de/?loknya=/homepages/38/d171226584" "Mozilla/5.0 AppleWebKit/537.36 (KHTML, like Gecko; compatible; GPTBot/1.4; +https://openai.com/gptbot)" "-"
185.220.101.0 - - [21/Jun/2026:04:03:54 +0200] "POST /wp-login.php HTTP/1.1" 200 42265 frangenheim.de "http://frangenheim.de/wp-login.php" "Mozilla/5.0 (Linux; Android 10; K) AppleWebKit/537.36 (KHTML, like Gecko) Chrome/124.0.6367.82 Mobile Safari/537.36" "-"
54.38.147.0 - - [21/Jun/2026:04:03:56 +0200] "GET /special/011794644764 HTTP/1.1" 200 42263 frangenheim.de "-" "Mozilla/5.0 (compatible; AhrefsBot/7.0; +http://ahrefs.com/robot/)" "-"
216.73.216.0 - - [21/Jun/2026:04:04:13 +0200] "GET /product/013815035577 HTTP/1.1" 200 42265 frangenheim.de "-" "Mozilla/5.0 AppleWebKit/537.36 (KHTML, like Gecko; compatible; ClaudeBot/1.0; +claudebot@anthropic.com)" "-"
216.73.216.0 - - [21/Jun/2026:04:04:16 +0200] "GET /products/011487978835 HTTP/1.1" 200 42265 frangenheim.de "-" "Mozilla/5.0 AppleWebKit/537.36 (KHTML, like Gecko; compatible; ClaudeBot/1.0; +claudebot@anthropic.com)" "-"
40.77.167.0 - - [21/Jun/2026:04:04:23 +0200] "GET /info/013738388948 HTTP/1.1" 200 201376 www.frangenheim.de "-" "Mozilla/5.0 AppleWebKit/537.36 (KHTML, like Gecko; compatible; bingbot/2.0; +http://www.bing.com/bingbot.htm) Chrome/116.0.1938.76 Safari/537.36" "-"
66.249.68.0 - - [21/Jun/2026:04:04:33 +0200] "GET /detail/852798055095 HTTP/1.1" 200 192514 frangenheim.de "-" "Mozilla/5.0 (Linux; Android 6.0.1; Nexus 5X Build/MMB29P) AppleWebKit/537.36 (KHTML, like Gecko) Chrome/148.0.7778.96 Mobile Safari/537.36 (compatible; GoogleOther)" "-"
216.73.216.0 - - [21/Jun/2026:04:04:46 +0200] "GET /item/011777992768?lokasie=%2Fhomepages%2F46%2Fd94061663%2Fhtdocs%2Fclickandbuilds%2FAlexanderFrangenheim%2Fwp-includes%2Fhttps-migration.php&loknya=%2Fhomepages%2F46%2Fd94061663%2Fhtdocs%2Fclickandbuilds%2FAlexanderFrangenheim%2Fwp-includes HTTP/1.1" 200 9250 frangenheim.de "-" "Mozilla/5.0 AppleWebKit/537.36 (KHTML, like Gecko; compatible; ClaudeBot/1.0; +claudebot@anthropic.com)" "-"
216.73.216.0 - - [21/Jun/2026:04:04:47 +0200] "GET /market/012703510930 HTTP/1.1" 200 42265 frangenheim.de "-" "Mozilla/5.0 AppleWebKit/537.36 (KHTML, like Gecko; compatible; ClaudeBot/1.0; +claudebot@anthropic.com)" "-"
74.7.241.0 - - [21/Jun/2026:04:04:53 +0200] "GET /?loknya=/homepages/38/d171226584/ HTTP/1.1" 200 21773 frangenheim.de "http://frangenheim.de/?loknya=/homepages/38/d171226584/htdocs" "Mozilla/5.0 AppleWebKit/537.36 (KHTML, like Gecko; compatible; GPTBot/1.4; +https://openai.com/gptbot)" "-"
52.167.144.0 - - [21/Jun/2026:04:04:58 +0200] "GET /sitemap-item-2791.xml HTTP/1.1" 200 345415 www.frangenheim.de "-" "Mozilla/5.0 AppleWebKit/537.36 (KHTML, like Gecko; compatible; bingbot/2.0; +http://www.bing.com/bingbot.htm) Chrome/116.0.1938.76 Safari/537.36" "-"
66.249.68.0 - - [21/Jun/2026:04:05:09 +0200] "GET /detail/74413238477 HTTP/1.1" 200 195578 frangenheim.de "-" "Mozilla/5.0 (Linux; Android 6.0.1; Nexus 5X Build/MMB29P) AppleWebKit/537.36 (KHTML, like Gecko) Chrome/148.0.7778.96 Mobile Safari/537.36 (compatible; GoogleOther)" "-"
216.73.216.0 - - [21/Jun/2026:04:05:17 +0200] "GET /info/014055799426?loknya=%2Fhomepages%2F46%2Fd94061663%2Fhtdocs HTTP/1.1" 200 31074 frangenheim.de "-" "Mozilla/5.0 AppleWebKit/537.36 (KHTML, like Gecko; compatible; ClaudeBot/1.0; +claudebot@anthropic.com)" "-"
216.73.216.0 - - [21/Jun/2026:04:05:24 +0200] "GET /special/0151872112 HTTP/1.1" 200 42265 frangenheim.de "-" "Mozilla/5.0 AppleWebKit/537.36 (KHTML, like Gecko; compatible; ClaudeBot/1.0; +claudebot@anthropic.com)" "-"
66.249.68.0 - - [21/Jun/2026:04:05:27 +0200] "GET /detail/041059287270 HTTP/1.1" 200 197107 frangenheim.de "-" "Mozilla/5.0 (Linux; Android 6.0.1; Nexus 5X Build/MMB29P) AppleWebKit/537.36 (KHTML, like Gecko) Chrome/148.0.7778.96 Mobile Safari/537.36 (compatible; GoogleOther)" "-"
74.7.241.0 - - [21/Jun/2026:04:05:49 +0200] "GET /?lokasie=/homepages/23/d171165845/DASTOOLSTART&loknya=/homepages/23/d171165845 HTTP/1.1" 200 4071 frangenheim.de "http://frangenheim.de/?loknya=/homepages/23/d171165845" "Mozilla/5.0 AppleWebKit/537.36 (KHTML, like Gecko; compatible; GPTBot/1.4; +https://openai.com/gptbot)" "-"
66.249.68.0 - - [21/Jun/2026:04:05:51 +0200] "GET /info/102127625025 HTTP/1.1" 200 197363 frangenheim.de "-" "Mozilla/5.0 (Linux; Android 6.0.1; Nexus 5X Build/MMB29P) AppleWebKit/537.36 (KHTML, like Gecko) Chrome/148.0.7778.96 Mobile Safari/537.36 (compatible; GoogleOther)" "-"
216.73.216.0 - - [21/Jun/2026:04:05:52 +0200] "GET /items/01602112101?loknya=%2Fhomepages%2F46%2Fd94061663%2Fhtdocs%2Fclickandbuilds%2FAlexanderFrangenheim%2Fwp-includes%2Fhtml-api HTTP/1.1" 200 14284 frangenheim.de "-" "Mozilla/5.0 AppleWebKit/537.36 (KHTML, like Gecko; compatible; ClaudeBot/1.0; +claudebot@anthropic.com)" "-"
66.249.68.0 - - [21/Jun/2026:04:05:55 +0200] "GET /detail/76199558840 HTTP/1.1" 200 198525 frangenheim.de "-" "Mozilla/5.0 (Linux; Android 6.0.1; Nexus 5X Build/MMB29P) AppleWebKit/537.36 (KHTML, like Gecko) Chrome/148.0.7778.96 Mobile Safari/537.36 (compatible; GoogleOther)" "-"
216.73.216.0 - - [21/Jun/2026:04:05:57 +0200] "GET /detail/013863413765 HTTP/1.1" 200 42265 frangenheim.de "-" "Mozilla/5.0 AppleWebKit/537.36 (KHTML, like Gecko; compatible; ClaudeBot/1.0; +claudebot@anthropic.com)" "-"
198.244.183.0 - - [21/Jun/2026:04:06:10 +0200] "GET /special/011740382036 HTTP/1.1" 200 42266 frangenheim.de "-" "Mozilla/5.0 (compatible; AhrefsBot/7.0; +http://ahrefs.com/robot/)" "-"
216.73.216.0 - - [21/Jun/2026:04:06:26 +0200] "GET /info/014028387264?loknya=%2Fhomepages%2F46%2Fd94061663%2Fhtdocs HTTP/1.1" 200 31074 frangenheim.de "-" "Mozilla/5.0 AppleWebKit/537.36 (KHTML, like Gecko; compatible; ClaudeBot/1.0; +claudebot@anthropic.com)" "-"
216.73.216.0 - - [21/Jun/2026:04:06:29 +0200] "GET /goodscode/013949565118 HTTP/1.1" 200 42265 frangenheim.de "-" "Mozilla/5.0 AppleWebKit/537.36 (KHTML, like Gecko; compatible; ClaudeBot/1.0; +claudebot@anthropic.com)" "-"
74.7.241.0 - - [21/Jun/2026:04:06:40 +0200] "GET /?loknya=/homepages/23/d171269856/ HTTP/1.1" 200 20388 frangenheim.de "http://frangenheim.de/?loknya=/homepages/23/d171269856/htdocs" "Mozilla/5.0 AppleWebKit/537.36 (KHTML, like Gecko; compatible; GPTBot/1.4; +https://openai.com/gptbot)" "-"
66.249.68.0 - - [21/Jun/2026:04:06:40 +0200] "GET /detail/00197418249 HTTP/1.1" 200 195876 frangenheim.de "-" "Mozilla/5.0 (Linux; Android 6.0.1; Nexus 5X Build/MMB29P) AppleWebKit/537.36 (KHTML, like Gecko) Chrome/148.0.7778.96 Mobile Safari/537.36 (compatible; GoogleOther)" "-"
66.249.68.0 - - [21/Jun/2026:04:06:51 +0200] "GET /goodscode/701638317954 HTTP/1.1" 200 198796 frangenheim.de "-" "Mozilla/5.0 (Linux; Android 6.0.1; Nexus 5X Build/MMB29P) AppleWebKit/537.36 (KHTML, like Gecko) Chrome/148.0.7778.96 Mobile Safari/537.36 (compatible; GoogleOther)" "-"
216.73.216.0 - - [21/Jun/2026:04:06:57 +0200] "GET /items/011315889084 HTTP/1.1" 200 42265 frangenheim.de "-" "Mozilla/5.0 AppleWebKit/537.36 (KHTML, like Gecko; compatible; ClaudeBot/1.0; +claudebot@anthropic.com)" "-"
216.73.216.0 - - [21/Jun/2026:04:07:00 +0200] "GET /goodscode/013484145622 HTTP/1.1" 200 42265 frangenheim.de "-" "Mozilla/5.0 AppleWebKit/537.36 (KHTML, like Gecko; compatible; ClaudeBot/1.0; +claudebot@anthropic.com)" "-"
74.7.241.0 - - [21/Jun/2026:04:07:25 +0200] "GET /?lokasie=/homepages/38/d171226584/DASTOOLSTART&loknya=/homepages/38/d171226584 HTTP/1.1" 429 267 frangenheim.de "http://frangenheim.de/?loknya=/homepages/38/d171226584" "Mozilla/5.0 AppleWebKit/537.36 (KHTML, like Gecko; compatible; GPTBot/1.4; +https://openai.com/gptbot)" "-"
198.244.168.0 - - [21/Jun/2026:04:07:26 +0200] "GET /shopping/01798201396 HTTP/1.1" 200 42266 frangenheim.de "-" "Mozilla/5.0 (compatible; AhrefsBot/7.0; +http://ahrefs.com/robot/)" "-"
216.73.216.0 - - [21/Jun/2026:04:07:30 +0200] "GET /goodscode/013454048011 HTTP/1.1" 429 267 frangenheim.de "-" "Mozilla/5.0 AppleWebKit/537.36 (KHTML, like Gecko; compatible; ClaudeBot/1.0; +claudebot@anthropic.com)" "-"
66.249.68.0 - - [21/Jun/2026:04:07:35 +0200] "GET /detail/652986796918 HTTP/1.1" 200 202334 frangenheim.de "-" "Mozilla/5.0 (Linux; Android 6.0.1; Nexus 5X Build/MMB29P) AppleWebKit/537.36 (KHTML, like Gecko) Chrome/148.0.7778.96 Mobile Safari/537.36 (compatible; GoogleOther)" "-"
40.77.167.0 - - [21/Jun/2026:04:07:43 +0200] "GET /sitemap-item-2358.xml HTTP/1.1" 200 345410 www.frangenheim.de "-" "Mozilla/5.0 AppleWebKit/537.36 (KHTML, like Gecko; compatible; bingbot/2.0; +http://www.bing.com/bingbot.htm) Chrome/116.0.1938.76 Safari/537.36" "-"
3.82.111.0 - - [21/Jun/2026:04:07:44 +0200] "GET / HTTP/1.1" 301 - www.studioboerne45.de "-" "Mozilla/5.0 AppleWebKit/605.1.15 (KHTML, like Gecko) Chrome/139.0.0.0 Safari/605.1.15" "-"
52.86.114.0 - - [21/Jun/2026:04:07:45 +0200] "GET / HTTP/1.1" 200 12395 studioboerne45.de "-" "Mozilla/5.0 AppleWebKit/605.1.15 (KHTML, like Gecko) Chrome/139.0.0.0 Safari/605.1.15" "-"
66.249.68.0 - - [21/Jun/2026:04:07:53 +0200] "GET /detail/75557885204 HTTP/1.1" 200 196954 frangenheim.de "-" "Mozilla/5.0 (Linux; Android 6.0.1; Nexus 5X Build/MMB29P) AppleWebKit/537.36 (KHTML, like Gecko) Chrome/148.0.7778.96 Mobile Safari/537.36 (compatible; GoogleOther)" "-"
216.73.216.0 - - [21/Jun/2026:04:07:57 +0200] "GET /goodscode/011061287433 HTTP/1.1" 429 267 frangenheim.de "-" "Mozilla/5.0 AppleWebKit/537.36 (KHTML, like Gecko; compatible; ClaudeBot/1.0; +claudebot@anthropic.com)" "-"
216.73.216.0 - - [21/Jun/2026:04:08:00 +0200] "GET /info/012981814980 HTTP/1.1" 429 267 frangenheim.de "-" "Mozilla/5.0 AppleWebKit/537.36 (KHTML, like Gecko; compatible; ClaudeBot/1.0; +claudebot@anthropic.com)" "-"
74.7.241.0 - - [21/Jun/2026:04:08:07 +0200] "GET /?loknya=/homepages/32/d171073546/ HTTP/1.1" 429 267 frangenheim.de "http://frangenheim.de/?loknya=/homepages/32/d171073546/htdocs" "Mozilla/5.0 AppleWebKit/537.36 (KHTML, like Gecko; compatible; GPTBot/1.4; +https://openai.com/gptbot)" "-"
66.249.68.0 - - [21/Jun/2026:04:08:24 +0200] "GET /detail/761441380485 HTTP/1.1" 200 192000 frangenheim.de "-" "Mozilla/5.0 (Linux; Android 6.0.1; Nexus 5X Build/MMB29P) AppleWebKit/537.36 (KHTML, like Gecko) Chrome/148.0.7778.96 Mobile Safari/537.36 (compatible; GoogleOther)" "-"
216.73.216.0 - - [21/Jun/2026:04:08:29 +0200] "GET /goodscode/011298972661 HTTP/1.1" 200 42265 frangenheim.de "-" "Mozilla/5.0 AppleWebKit/537.36 (KHTML, like Gecko; compatible; ClaudeBot/1.0; +claudebot@anthropic.com)" "-"
216.73.216.0 - - [21/Jun/2026:04:08:36 +0200] "GET /info/01800446613 HTTP/1.1" 200 42265 frangenheim.de "-" "Mozilla/5.0 AppleWebKit/537.36 (KHTML, like Gecko; compatible; ClaudeBot/1.0; +claudebot@anthropic.com)" "-"
51.195.215.0 - - [21/Jun/2026:04:08:38 +0200] "GET /shopping/013516258676 HTTP/1.1" 200 42265 frangenheim.de "-" "Mozilla/5.0 (compatible; AhrefsBot/7.0; +http://ahrefs.com/robot/)" "-"
66.249.68.0 - - [21/Jun/2026:04:08:41 +0200] "GET /market/661130506743 HTTP/1.1" 200 194191 frangenheim.de "-" "Mozilla/5.0 (Linux; Android 6.0.1; Nexus 5X Build/MMB29P) AppleWebKit/537.36 (KHTML, like Gecko) Chrome/148.0.7778.96 Mobile Safari/537.36 (compatible; GoogleOther)" "-"
198.244.168.0 - - [21/Jun/2026:04:08:51 +0200] "GET /shopping/012939677403 HTTP/1.1" 200 42265 frangenheim.de "-" "Mozilla/5.0 (compatible; AhrefsBot/7.0; +http://ahrefs.com/robot/)" "-"
216.73.216.0 - - [21/Jun/2026:04:08:51 +0200] "GET /goodscode/01921088122 HTTP/1.1" 200 42265 frangenheim.de "-" "Mozilla/5.0 AppleWebKit/537.36 (KHTML, like Gecko; compatible; ClaudeBot/1.0; +claudebot@anthropic.com)" "-"
66.249.68.0 - - [21/Jun/2026:04:08:58 +0200] "GET /detail/701403206849 HTTP/1.1" 200 198049 frangenheim.de "-" "Mozilla/5.0 (Linux; Android 6.0.1; Nexus 5X Build/MMB29P) AppleWebKit/537.36 (KHTML, like Gecko) Chrome/148.0.7778.96 Mobile Safari/537.36 (compatible; GoogleOther)" "-"
74.7.241.0 - - [21/Jun/2026:04:09:13 +0200] "GET /?lokasie=/homepages/38/d171274759/DASTOOLSTART&loknya=/homepages/38/d171274759 HTTP/1.1" 200 4071 frangenheim.de "http://frangenheim.de/?loknya=/homepages/38/d171274759" "Mozilla/5.0 AppleWebKit/537.36 (KHTML, like Gecko; compatible; GPTBot/1.4; +https://openai.com/gptbot)" "-"
216.73.216.0 - - [21/Jun/2026:04:09:16 +0200] "GET /goodscode/012114144422 HTTP/1.1" 200 42265 frangenheim.de "-" "Mozilla/5.0 AppleWebKit/537.36 (KHTML, like Gecko; compatible; ClaudeBot/1.0; +claudebot@anthropic.com)" "-"
216.73.216.0 - - [21/Jun/2026:04:09:19 +0200] "GET /goodscode/01277391021 HTTP/1.1" 200 42265 frangenheim.de "-" "Mozilla/5.0 AppleWebKit/537.36 (KHTML, like Gecko; compatible; ClaudeBot/1.0; +claudebot@anthropic.com)" "-"
51.195.244.0 - - [21/Jun/2026:04:09:29 +0200] "GET /shopping/011906043615 HTTP/1.1" 200 42265 frangenheim.de "-" "Mozilla/5.0 (compatible; AhrefsBot/7.0; +http://ahrefs.com/robot/)" "-"
216.73.216.0 - - [21/Jun/2026:04:09:48 +0200] "GET /info/012700451598 HTTP/1.1" 200 42265 frangenheim.de "-" "Mozilla/5.0 AppleWebKit/537.36 (KHTML, like Gecko; compatible; ClaudeBot/1.0; +claudebot@anthropic.com)" "-"
198.244.242.0 - - [21/Jun/2026:04:09:57 +0200] "GET /shopping/011037163241 HTTP/1.1" 200 42266 frangenheim.de "-" "Mozilla/5.0 (compatible; AhrefsBot/7.0; +http://ahrefs.com/robot/)" "-"
198.244.168.0 - - [21/Jun/2026:04:10:12 +0200] "GET /shopdetail/01823414213 HTTP/1.1" 200 42265 frangenheim.de "-" "Mozilla/5.0 (compatible; AhrefsBot/7.0; +http://ahrefs.com/robot/)" "-"
216.73.216.0 - - [21/Jun/2026:04:10:12 +0200] "GET /info/012654438938 HTTP/1.1" 200 42265 frangenheim.de "-" "Mozilla/5.0 AppleWebKit/537.36 (KHTML, like Gecko; compatible; ClaudeBot/1.0; +claudebot@anthropic.com)" "-"
216.73.216.0 - - [21/Jun/2026:04:10:14 +0200] "GET /goodscode/011692752415 HTTP/1.1" 200 42265 frangenheim.de "-" "Mozilla/5.0 AppleWebKit/537.36 (KHTML, like Gecko; compatible; ClaudeBot/1.0; +claudebot@anthropic.com)" "-"
74.7.241.0 - - [21/Jun/2026:04:10:17 +0200] "GET /?lokasie=/homepages/37/d171078956/DASTOOLSTART&loknya=/homepages/37/d171078956 HTTP/1.1" 200 4071 frangenheim.de "http://frangenheim.de/?loknya=/homepages/37/d171078956" "Mozilla/5.0 AppleWebKit/537.36 (KHTML, like Gecko; compatible; GPTBot/1.4; +https://openai.com/gptbot)" "-"
66.249.68.0 - - [21/Jun/2026:04:10:18 +0200] "GET /detail/001525431182 HTTP/1.1" 200 199008 frangenheim.de "-" "Mozilla/5.0 (Linux; Android 6.0.1; Nexus 5X Build/MMB29P) AppleWebKit/537.36 (KHTML, like Gecko) Chrome/148.0.7778.96 Mobile Safari/537.36 (compatible; GoogleOther)" "-"
51.89.129.0 - - [21/Jun/2026:04:10:20 +0200] "GET /shopdetail/013984585887 HTTP/1.1" 200 42263 frangenheim.de "-" "Mozilla/5.0 (compatible; AhrefsBot/7.0; +http://ahrefs.com/robot/)" "-"
51.195.215.0 - - [21/Jun/2026:04:10:23 +0200] "GET /shopdetail/013677550950 HTTP/1.1" 200 42265 frangenheim.de "-" "Mozilla/5.0 (compatible; AhrefsBot/7.0; +http://ahrefs.com/robot/)" "-"
51.89.129.0 - - [21/Jun/2026:04:10:27 +0200] "GET /shopdetail/013642373500 HTTP/1.1" 200 42262 frangenheim.de "-" "Mozilla/5.0 (compatible; AhrefsBot/7.0; +http://ahrefs.com/robot/)" "-"
51.89.129.0 - - [21/Jun/2026:04:10:31 +0200] "GET /shopdetail/012775846422 HTTP/1.1" 200 42263 frangenheim.de "-" "Mozilla/5.0 (compatible; AhrefsBot/7.0; +http://ahrefs.com/robot/)" "-"
51.89.129.0 - - [21/Jun/2026:04:10:35 +0200] "GET /shopdetail/012448588919 HTTP/1.1" 200 42264 frangenheim.de "-" "Mozilla/5.0 (compatible; AhrefsBot/7.0; +http://ahrefs.com/robot/)" "-"
66.249.68.0 - - [21/Jun/2026:04:10:39 +0200] "GET /detail/052848581792 HTTP/1.1" 200 198461 frangenheim.de "-" "Mozilla/5.0 (Linux; Android 6.0.1; Nexus 5X Build/MMB29P) AppleWebKit/537.36 (KHTML, like Gecko) Chrome/148.0.7778.96 Mobile Safari/537.36 (compatible; GoogleOther)" "-"
198.244.226.0 - - [21/Jun/2026:04:10:42 +0200] "GET /shopdetail/011920768959 HTTP/1.1" 200 42266 frangenheim.de "-" "Mozilla/5.0 (compatible; AhrefsBot/7.0; +http://ahrefs.com/robot/)" "-"
198.244.168.0 - - [21/Jun/2026:04:10:43 +0200] "GET /shopdetail/01179897694 HTTP/1.1" 200 42266 frangenheim.de "-" "Mozilla/5.0 (compatible; AhrefsBot/7.0; +http://ahrefs.com/robot/)" "-"
216.73.216.0 - - [21/Jun/2026:04:10:47 +0200] "GET /special/013545480697 HTTP/1.1" 200 42265 frangenheim.de "-" "Mozilla/5.0 AppleWebKit/537.36 (KHTML, like Gecko; compatible; ClaudeBot/1.0; +claudebot@anthropic.com)" "-"
198.244.242.0 - - [21/Jun/2026:04:10:48 +0200] "GET /shopdetail/011637886222 HTTP/1.1" 200 42266 frangenheim.de "-" "Mozilla/5.0 (compatible; AhrefsBot/7.0; +http://ahrefs.com/robot/)" "-"
54.38.147.0 - - [21/Jun/2026:04:10:56 +0200] "GET /shopdetail/011465833109 HTTP/1.1" 200 42264 frangenheim.de "-" "Mozilla/5.0 (compatible; AhrefsBot/7.0; +http://ahrefs.com/robot/)" "-"
216.73.216.0 - - [21/Jun/2026:04:10:56 +0200] "GET /goods/014090797547 HTTP/1.1" 200 42265 frangenheim.de "-" "Mozilla/5.0 AppleWebKit/537.36 (KHTML, like Gecko; compatible; ClaudeBot/1.0; +claudebot@anthropic.com)" "-"
198.244.183.0 - - [21/Jun/2026:04:10:59 +0200] "GET /shopbrand/013284627594 HTTP/1.1" 200 42264 frangenheim.de "-" "Mozilla/5.0 (compatible; AhrefsBot/7.0; +http://ahrefs.com/robot/)" "-"
51.195.183.0 - - [21/Jun/2026:04:11:04 +0200] "GET /shopbrand/011548145897 HTTP/1.1" 200 42265 frangenheim.de "-" "Mozilla/5.0 (compatible; AhrefsBot/7.0; +http://ahrefs.com/robot/)" "-"
66.249.68.0 - - [21/Jun/2026:04:11:04 +0200] "GET /detail/732671830958 HTTP/1.1" 200 200767 frangenheim.de "-" "Mozilla/5.0 (Linux; Android 6.0.1; Nexus 5X Build/MMB29P) AppleWebKit/537.36 (KHTML, like Gecko) Chrome/148.0.7778.96 Mobile Safari/537.36 (compatible; GoogleOther)" "-"
51.195.215.0 - - [21/Jun/2026:04:11:12 +0200] "GET /shopbrand/011159871872 HTTP/1.1" 200 42265 frangenheim.de "-" "Mozilla/5.0 (compatible; AhrefsBot/7.0; +http://ahrefs.com/robot/)" "-"
74.7.241.0 - - [21/Jun/2026:04:11:13 +0200] "GET /?lokasie=/homepages/26/d171066584/DASTOOLSTART&loknya=/homepages/26/d171066584 HTTP/1.1" 200 4071 frangenheim.de "http://frangenheim.de/?loknya=/homepages/26/d171066584" "Mozilla/5.0 AppleWebKit/537.36 (KHTML, like Gecko; compatible; GPTBot/1.4; +https://openai.com/gptbot)" "-"
216.73.216.0 - - [21/Jun/2026:04:11:23 +0200] "GET /info/013558852643 HTTP/1.1" 200 42265 frangenheim.de "-" "Mozilla/5.0 AppleWebKit/537.36 (KHTML, like Gecko; compatible; ClaudeBot/1.0; +claudebot@anthropic.com)" "-"
216.73.216.0 - - [21/Jun/2026:04:11:24 +0200] "GET /goodscode/013194694241 HTTP/1.1" 200 42265 frangenheim.de "-" "Mozilla/5.0 AppleWebKit/537.36 (KHTML, like Gecko; compatible; ClaudeBot/1.0; +claudebot@anthropic.com)" "-"
198.244.242.0 - - [21/Jun/2026:04:11:30 +0200] "GET /products/012350853394 HTTP/1.1" 200 42265 frangenheim.de "-" "Mozilla/5.0 (compatible; AhrefsBot/7.0; +http://ahrefs.com/robot/)" "-"
51.89.129.0 - - [21/Jun/2026:04:11:32 +0200] "GET /products/0114478360 HTTP/1.1" 200 42264 frangenheim.de "-" "Mozilla/5.0 (compatible; AhrefsBot/7.0; +http://ahrefs.com/robot/)" "-"
66.249.68.0 - - [21/Jun/2026:04:11:34 +0200] "GET /detail/704017116253 HTTP/1.1" 200 201249 frangenheim.de "-" "Mozilla/5.0 (Linux; Android 6.0.1; Nexus 5X Build/MMB29P) AppleWebKit/537.36 (KHTML, like Gecko) Chrome/148.0.7778.96 Mobile Safari/537.36 (compatible; GoogleOther)" "-"
198.244.168.0 - - [21/Jun/2026:04:11:36 +0200] "GET /product/01724200606 HTTP/1.1" 200 42265 frangenheim.de "-" "Mozilla/5.0 (compatible; AhrefsBot/7.0; +http://ahrefs.com/robot/)" "-"
198.244.240.0 - - [21/Jun/2026:04:11:41 +0200] "GET /product/014189040793 HTTP/1.1" 429 267 frangenheim.de "-" "Mozilla/5.0 (compatible; AhrefsBot/7.0; +http://ahrefs.com/robot/)" "-"
198.244.242.0 - - [21/Jun/2026:04:11:46 +0200] "GET /product/013414781062 HTTP/1.1" 429 267 frangenheim.de "-" "Mozilla/5.0 (compatible; AhrefsBot/7.0; +http://ahrefs.com/robot/)" "-"
66.249.68.0 - - [21/Jun/2026:04:11:47 +0200] "GET /detail/903584417164 HTTP/1.1" 200 195459 frangenheim.de "-" "Mozilla/5.0 (Linux; Android 6.0.1; Nexus 5X Build/MMB29P) AppleWebKit/537.36 (KHTML, like Gecko) Chrome/148.0.7778.96 Mobile Safari/537.36 (compatible; GoogleOther)" "-"
51.195.183.0 - - [21/Jun/2026:04:11:48 +0200] "GET /products/014192108684 HTTP/1.1" 429 267 frangenheim.de "-" "Mozilla/5.0 (compatible; AhrefsBot/7.0; +http://ahrefs.com/robot/)" "-"
216.73.216.0 - - [21/Jun/2026:04:11:53 +0200] "GET /info/012677260260 HTTP/1.1" 200 42265 frangenheim.de "-" "Mozilla/5.0 AppleWebKit/537.36 (KHTML, like Gecko; compatible; ClaudeBot/1.0; +claudebot@anthropic.com)" "-"
216.73.217.0 - - [21/Jun/2026:04:11:54 +0200] "GET /robots.txt HTTP/1.1" 200 114 studioboerne45.de "-" "Mozilla/5.0 AppleWebKit/537.36 (KHTML, like Gecko; compatible; ClaudeBot/1.0; +claudebot@anthropic.com)" "-"
216.73.216.0 - - [21/Jun/2026:04:11:55 +0200] "GET /shopping/014125111082 HTTP/1.1" 200 42265 frangenheim.de "-" "Mozilla/5.0 AppleWebKit/537.36 (KHTML, like Gecko; compatible; ClaudeBot/1.0; +claudebot@anthropic.com)" "-"
216.73.217.0 - - [21/Jun/2026:04:11:55 +0200] "GET /sitemap.xml HTTP/1.1" 200 494 studioboerne45.de "-" "Mozilla/5.0 AppleWebKit/537.36 (KHTML, like Gecko; compatible; ClaudeBot/1.0; +claudebot@anthropic.com)" "-"
54.38.147.0 - - [21/Jun/2026:04:11:56 +0200] "GET /products/01327023701 HTTP/1.1" 429 267 frangenheim.de "-" "Mozilla/5.0 (compatible; AhrefsBot/7.0; +http://ahrefs.com/robot/)" "-"
198.244.226.0 - - [21/Jun/2026:04:12:00 +0200] "GET /product/013282401093 HTTP/1.1" 429 267 frangenheim.de "-" "Mozilla/5.0 (compatible; AhrefsBot/7.0; +http://ahrefs.com/robot/)" "-"
66.249.68.0 - - [21/Jun/2026:04:12:01 +0200] "GET /detail/713809278309 HTTP/1.1" 200 200297 frangenheim.de "-" "Mozilla/5.0 (Linux; Android 6.0.1; Nexus 5X Build/MMB29P) AppleWebKit/537.36 (KHTML, like Gecko) Chrome/148.0.7778.96 Mobile Safari/537.36 (compatible; GoogleOther)" "-"
74.7.241.0 - - [21/Jun/2026:04:12:03 +0200] "GET /?lokasie=/homepages/32/d171073546/DASTOOLSTART&loknya=/homepages/32/d171073546 HTTP/1.1" 200 4071 frangenheim.de "http://frangenheim.de/?loknya=/homepages/32/d171073546" "Mozilla/5.0 AppleWebKit/537.36 (KHTML, like Gecko; compatible; GPTBot/1.4; +https://openai.com/gptbot)" "-"
51.89.129.0 - - [21/Jun/2026:04:12:08 +0200] "GET /shopbrand/011390687222 HTTP/1.1" 429 267 frangenheim.de "-" "Mozilla/5.0 (compatible; AhrefsBot/7.0; +http://ahrefs.com/robot/)" "-"
66.249.68.0 - - [21/Jun/2026:04:12:08 +0200] "GET /detail/76199558840 HTTP/1.1" 200 198438 frangenheim.de "-" "Mozilla/5.0 (Linux; Android 6.0.1; Nexus 5X Build/MMB29P) AppleWebKit/537.36 (KHTML, like Gecko) Chrome/148.0.7778.96 Mobile Safari/537.36 (compatible; Googlebot/2.1; +http://www.google.com/bot.html)" "-"
216.73.216.0 - - [21/Jun/2026:04:12:10 +0200] "GET /items/012557020913?lokasie=%2Fhomepages%2F46%2Fd94061663%2Fhtdocs%2Fframeset.html&loknya=%2Fhomepages%2F46%2Fd94061663%2Fhtdocs HTTP/1.1" 200 5121 frangenheim.de "-" "Mozilla/5.0 AppleWebKit/537.36 (KHTML, like Gecko; compatible; ClaudeBot/1.0; +claudebot@anthropic.com)" "-"
66.249.68.0 - - [21/Jun/2026:04:12:14 +0200] "GET /detail/731560415651 HTTP/1.1" 200 198824 frangenheim.de "-" "Mozilla/5.0 (Linux; Android 6.0.1; Nexus 5X Build/MMB29P) AppleWebKit/537.36 (KHTML, like Gecko) Chrome/148.0.7778.96 Mobile Safari/537.36 (compatible; GoogleOther)" "-"
66.249.68.0 - - [21/Jun/2026:04:12:27 +0200] "GET /detail/823389843950 HTTP/1.1" 200 196945 frangenheim.de "-" "Mozilla/5.0 (Linux; Android 6.0.1; Nexus 5X Build/MMB29P) AppleWebKit/537.36 (KHTML, like Gecko) Chrome/148.0.7778.96 Mobile Safari/537.36 (compatible; GoogleOther)" "-"
66.249.68.0 - - [21/Jun/2026:04:12:37 +0200] "GET /detail/823620006424 HTTP/1.1" 200 199511 frangenheim.de "-" "Mozilla/5.0 (Linux; Android 6.0.1; Nexus 5X Build/MMB29P) AppleWebKit/537.36 (KHTML, like Gecko) Chrome/148.0.7778.96 Mobile Safari/537.36 (compatible; GoogleOther)" "-"
216.73.216.0 - - [21/Jun/2026:04:12:42 +0200] "GET /market/013635286161 HTTP/1.1" 200 42265 frangenheim.de "-" "Mozilla/5.0 AppleWebKit/537.36 (KHTML, like Gecko; compatible; ClaudeBot/1.0; +claudebot@anthropic.com)" "-"
216.73.216.0 - - [21/Jun/2026:04:12:45 +0200] "GET /products/01189993091 HTTP/1.1" 429 267 frangenheim.de "-" "Mozilla/5.0 AppleWebKit/537.36 (KHTML, like Gecko; compatible; ClaudeBot/1.0; +claudebot@anthropic.com)" "-"
74.7.241.0 - - [21/Jun/2026:04:12:50 +0200] "GET /?lokasie=/homepages/23/d171269856/DASTOOLSTART&loknya=/homepages/23/d171269856 HTTP/1.1" 429 267 frangenheim.de "http://frangenheim.de/?loknya=/homepages/23/d171269856" "Mozilla/5.0 AppleWebKit/537.36 (KHTML, like Gecko; compatible; GPTBot/1.4; +https://openai.com/gptbot)" "-"
66.249.68.0 - - [21/Jun/2026:04:12:53 +0200] "GET /entity/861957300392 HTTP/1.1" 200 198562 frangenheim.de "-" "Mozilla/5.0 (Linux; Android 6.0.1; Nexus 5X Build/MMB29P) AppleWebKit/537.36 (KHTML, like Gecko) Chrome/148.0.7778.96 Mobile Safari/537.36 (compatible; GoogleOther)" "-"
66.249.68.0 - - [21/Jun/2026:04:13:04 +0200] "GET /detail/742584101921 HTTP/1.1" 200 195576 frangenheim.de "-" "Mozilla/5.0 (Linux; Android 6.0.1; Nexus 5X Build/MMB29P) AppleWebKit/537.36 (KHTML, like Gecko) Chrome/148.0.7778.96 Mobile Safari/537.36 (compatible; GoogleOther)" "-"
216.73.216.0 - - [21/Jun/2026:04:13:07 +0200] "GET /shopping/011448183985 HTTP/1.1" 429 267 frangenheim.de "-" "Mozilla/5.0 AppleWebKit/537.36 (KHTML, like Gecko; compatible; ClaudeBot/1.0; +claudebot@anthropic.com)" "-"
198.244.242.0 - - [21/Jun/2026:04:13:12 +0200] "GET /product/011588178250 HTTP/1.1" 200 42265 frangenheim.de "-" "Mozilla/5.0 (compatible; AhrefsBot/7.0; +http://ahrefs.com/robot/)" "-"
216.73.216.0 - - [21/Jun/2026:04:13:14 +0200] "GET /goodscode/011957543410?lokasie=%2Fhomepages%2F46%2Fd94061663%2Fhtdocs%2Fframeset.html&loknya=%2Fhomepages%2F46%2Fd94061663%2Fhtdocs HTTP/1.1" 429 267 frangenheim.de "-" "Mozilla/5.0 AppleWebKit/537.36 (KHTML, like Gecko; compatible; ClaudeBot/1.0; +claudebot@anthropic.com)" "-"
66.249.68.0 - - [21/Jun/2026:04:13:21 +0200] "GET /detail/004094194524 HTTP/1.1" 200 202013 frangenheim.de "-" "Mozilla/5.0 (Linux; Android 6.0.1; Nexus 5X Build/MMB29P) AppleWebKit/537.36 (KHTML, like Gecko) Chrome/148.0.7778.96 Mobile Safari/537.36 (compatible; GoogleOther)" "-"
74.7.241.0 - - [21/Jun/2026:04:13:32 +0200] "GET /?loknya=/homepages/16/d170193408 HTTP/1.1" 429 267 frangenheim.de "http://frangenheim.de/?loknya=/homepages/16" "Mozilla/5.0 AppleWebKit/537.36 (KHTML, like Gecko; compatible; GPTBot/1.4; +https://openai.com/gptbot)" "-"
216.73.216.0 - - [21/Jun/2026:04:13:42 +0200] "GET /goodscode/01262897517?lokasie=%2Fhomepages%2F46%2Fd94061663%2Fhtdocs%2Fframeset.html&loknya=%2Fhomepages%2F46%2Fd94061663%2Fhtdocs HTTP/1.1" 429 267 frangenheim.de "-" "Mozilla/5.0 AppleWebKit/537.36 (KHTML, like Gecko; compatible; ClaudeBot/1.0; +claudebot@anthropic.com)" "-"
216.73.216.0 - - [21/Jun/2026:04:13:46 +0200] "GET /goodscode/013253376405?loknya=%2Fhomepages%2F46%2Fd94061663%2Fhtdocs%2Fabout HTTP/1.1" 200 18354 frangenheim.de "-" "Mozilla/5.0 AppleWebKit/537.36 (KHTML, like Gecko; compatible; ClaudeBot/1.0; +claudebot@anthropic.com)" "-"
216.73.216.0 - - [21/Jun/2026:04:14:15 +0200] "GET /entity/01852127193?loknya=%2Froot HTTP/1.1" 200 5012 frangenheim.de "-" "Mozilla/5.0 AppleWebKit/537.36 (KHTML, like Gecko; compatible; ClaudeBot/1.0; +claudebot@anthropic.com)" "-"
216.73.216.0 - - [21/Jun/2026:04:14:20 +0200] "GET /items/01654856537?loknya=%2Fhomepages%2F46%2Fd94061663%2Fhtdocs%2Fgfx HTTP/1.1" 200 27746 frangenheim.de "-" "Mozilla/5.0 AppleWebKit/537.36 (KHTML, like Gecko; compatible; ClaudeBot/1.0; +claudebot@anthropic.com)" "-"
52.167.144.0 - - [21/Jun/2026:04:14:20 +0200] "GET /info/01229749507 HTTP/1.1" 200 200284 www.frangenheim.de "-" "Mozilla/5.0 AppleWebKit/537.36 (KHTML, like Gecko; compatible; bingbot/2.0; +http://www.bing.com/bingbot.htm) Chrome/116.0.1938.76 Safari/537.36" "-"
