216.73.216.0 - - [21/Jun/2026:00:55:14 +0200] "GET /goodscode/011934252120?loknya=%2Fhomepages%2F46%2Fd94061663%2Fhtdocs%2Fclickandbuilds%2FAlexanderFrangenheim%2Fwp-admin%2Fcss HTTP/1.1" 200 172319 frangenheim.de "-" "Mozilla/5.0 AppleWebKit/537.36 (KHTML, like Gecko; compatible; ClaudeBot/1.0; +claudebot@anthropic.com)" "-"
198.244.183.0 - - [21/Jun/2026:00:55:15 +0200] "GET /shopdetail/012243368244 HTTP/1.1" 200 42265 frangenheim.de "-" "Mozilla/5.0 (compatible; AhrefsBot/7.0; +http://ahrefs.com/robot/)" "-"
100.25.120.0 - - [21/Jun/2026:00:55:16 +0200] "GET /news?lokasie=/homepages/46/d94061663/htdocs/clickandbuilds/AlexanderFrangenheim/wp-includes/class-wp-locale.php&loknya=/homepages/46/d94061663/htdocs/clickandbuilds/AlexanderFrangenheim/wp-includes HTTP/1.1" 429 267 frangenheim.de "-" "Mozilla/5.0 AppleWebKit/537.36 (KHTML, like Gecko; compatible; Amazonbot/0.1; +https://developer.amazon.com/support/amazonbot) Chrome/119.0.6045.214 Safari/537.36" "-"
216.73.216.0 - - [21/Jun/2026:00:55:17 +0200] "GET /entity/01254666407?loknya=%2Fhomepages%2F46%2Fd94061663%2Fhtdocs%2Fclickandbuilds%2FAlexanderFrangenheim%2Fwp-includes%2Fwidgets HTTP/1.1" 200 42910 frangenheim.de "-" "Mozilla/5.0 AppleWebKit/537.36 (KHTML, like Gecko; compatible; ClaudeBot/1.0; +claudebot@anthropic.com)" "-"
66.249.68.0 - - [21/Jun/2026:00:55:17 +0200] "GET /detail/02201389657 HTTP/1.1" 200 197978 frangenheim.de "-" "Mozilla/5.0 (Linux; Android 6.0.1; Nexus 5X Build/MMB29P) AppleWebKit/537.36 (KHTML, like Gecko) Chrome/148.0.7778.96 Mobile Safari/537.36 (compatible; GoogleOther)" "-"
198.244.240.0 - - [21/Jun/2026:00:55:18 +0200] "GET /shopdetail/01100451199 HTTP/1.1" 200 42265 frangenheim.de "-" "Mozilla/5.0 (compatible; AhrefsBot/7.0; +http://ahrefs.com/robot/)" "-"
35.173.38.0 - - [21/Jun/2026:00:55:20 +0200] "GET /news?lokasie=/homepages/46/d94061663/htdocs/clickandbuilds/AlexanderFrangenheim/wp-includes/theme.php&loknya=/homepages/46/d94061663/htdocs/clickandbuilds/AlexanderFrangenheim/wp-includes HTTP/1.1" 429 267 frangenheim.de "-" "Mozilla/5.0 AppleWebKit/537.36 (KHTML, like Gecko; compatible; Amazonbot/0.1; +https://developer.amazon.com/support/amazonbot) Chrome/119.0.6045.214 Safari/537.36" "-"
216.73.216.0 - - [21/Jun/2026:00:55:20 +0200] "GET /info/01638760794?loknya=%2Fhomepages%2F46%2Fd94061663%2Fhtdocs%2Fstudioboerne HTTP/1.1" 200 9807 frangenheim.de "-" "Mozilla/5.0 AppleWebKit/537.36 (KHTML, like Gecko; compatible; ClaudeBot/1.0; +claudebot@anthropic.com)" "-"
198.244.183.0 - - [21/Jun/2026:00:55:21 +0200] "GET /shopbrand/013898954302 HTTP/1.1" 200 42266 frangenheim.de "-" "Mozilla/5.0 (compatible; AhrefsBot/7.0; +http://ahrefs.com/robot/)" "-"
216.73.216.0 - - [21/Jun/2026:00:55:23 +0200] "GET /goodscode/012414869598?loknya=%2Froot HTTP/1.1" 200 5012 frangenheim.de "-" "Mozilla/5.0 AppleWebKit/537.36 (KHTML, like Gecko; compatible; ClaudeBot/1.0; +claudebot@anthropic.com)" "-"
44.194.139.0 - - [21/Jun/2026:00:55:24 +0200] "GET /page/2?lokasie=/homepages/46/d94061663/htdocs/clickandbuilds/AlexanderFrangenheim/wp-admin/admin-ajax.php&loknya=/homepages/46/d94061663/htdocs/clickandbuilds/AlexanderFrangenheim/wp-admin HTTP/1.1" 429 267 frangenheim.de "-" "Mozilla/5.0 AppleWebKit/537.36 (KHTML, like Gecko; compatible; Amazonbot/0.1; +https://developer.amazon.com/support/amazonbot) Chrome/119.0.6045.214 Safari/537.36" "-"
3.216.13.0 - - [21/Jun/2026:00:55:26 +0200] "GET /news?lokasie=/homepages/46/d94061663/htdocs/clickandbuilds/AlexanderFrangenheim/wp-includes/class-wp-block.php&loknya=/homepages/46/d94061663/htdocs/clickandbuilds/AlexanderFrangenheim/wp-includes HTTP/1.1" 429 267 frangenheim.de "-" "Mozilla/5.0 AppleWebKit/537.36 (KHTML, like Gecko; compatible; Amazonbot/0.1; +https://developer.amazon.com/support/amazonbot) Chrome/119.0.6045.214 Safari/537.36" "-"
216.73.216.0 - - [21/Jun/2026:00:55:26 +0200] "GET /goodscode/01885988809?loknya=%2Fsbin HTTP/1.1" 200 241615 frangenheim.de "-" "Mozilla/5.0 AppleWebKit/537.36 (KHTML, like Gecko; compatible; ClaudeBot/1.0; +claudebot@anthropic.com)" "-"
216.73.216.0 - - [21/Jun/2026:00:55:29 +0200] "GET /special/014243701970?loknya=%2Fhomepages%2F46%2Fd94061663%2Fhtdocs%2Fabout HTTP/1.1" 200 18354 frangenheim.de "-" "Mozilla/5.0 AppleWebKit/537.36 (KHTML, like Gecko; compatible; ClaudeBot/1.0; +claudebot@anthropic.com)" "-"
198.244.226.0 - - [21/Jun/2026:00:55:29 +0200] "GET /shopbrand/012049291705 HTTP/1.1" 200 42266 frangenheim.de "-" "Mozilla/5.0 (compatible; AhrefsBot/7.0; +http://ahrefs.com/robot/)" "-"
54.235.158.0 - - [21/Jun/2026:00:55:30 +0200] "GET /news?lokasie=/homepages/46/d94061663/htdocs/clickandbuilds/AlexanderFrangenheim/wp-includes/user.php&loknya=/homepages/46/d94061663/htdocs/clickandbuilds/AlexanderFrangenheim/wp-includes HTTP/1.1" 429 267 frangenheim.de "-" "Mozilla/5.0 AppleWebKit/537.36 (KHTML, like Gecko; compatible; Amazonbot/0.1; +https://developer.amazon.com/support/amazonbot) Chrome/119.0.6045.214 Safari/537.36" "-"
198.244.183.0 - - [21/Jun/2026:00:55:32 +0200] "GET /shopbrand/011940792303 HTTP/1.1" 200 42266 frangenheim.de "-" "Mozilla/5.0 (compatible; AhrefsBot/7.0; +http://ahrefs.com/robot/)" "-"
198.244.226.0 - - [21/Jun/2026:00:55:32 +0200] "GET /shopbrand/01306974380 HTTP/1.1" 200 42266 frangenheim.de "-" "Mozilla/5.0 (compatible; AhrefsBot/7.0; +http://ahrefs.com/robot/)" "-"
216.73.216.0 - - [21/Jun/2026:00:55:35 +0200] "GET /entity/014230750205?lokasie=%2Fhomepages%2F46%2Fd94061663%2Fhtdocs%2Fclickandbuilds%2FAlexanderFrangenheim%2Fwp-includes%2Fwp-diff.php&loknya=%2Fhomepages%2F46%2Fd94061663%2Fhtdocs%2Fclickandbuilds%2FAlexanderFrangenheim%2Fwp-includes HTTP/1.1" 200 5143 frangenheim.de "-" "Mozilla/5.0 AppleWebKit/537.36 (KHTML, like Gecko; compatible; ClaudeBot/1.0; +claudebot@anthropic.com)" "-"
198.244.183.0 - - [21/Jun/2026:00:55:36 +0200] "GET /products/01852783169 HTTP/1.1" 200 42265 frangenheim.de "-" "Mozilla/5.0 (compatible; AhrefsBot/7.0; +http://ahrefs.com/robot/)" "-"
54.243.63.0 - - [21/Jun/2026:00:55:37 +0200] "GET /news?lokasie=/homepages/46/d94061663/htdocs/clickandbuilds/AlexanderFrangenheim/wp-includes/feed-rss2.php&loknya=/homepages/46/d94061663/htdocs/clickandbuilds/AlexanderFrangenheim/wp-includes HTTP/1.1" 429 267 frangenheim.de "-" "Mozilla/5.0 AppleWebKit/537.36 (KHTML, like Gecko; compatible; Amazonbot/0.1; +https://developer.amazon.com/support/amazonbot) Chrome/119.0.6045.214 Safari/537.36" "-"
3.225.9.0 - - [21/Jun/2026:00:55:38 +0200] "GET /news?lokasie=/homepages/46/d94061663/htdocs/clickandbuilds/AlexanderFrangenheim/wp-includes/class-http.php&loknya=/homepages/46/d94061663/htdocs/clickandbuilds/AlexanderFrangenheim/wp-includes HTTP/1.1" 429 267 frangenheim.de "-" "Mozilla/5.0 AppleWebKit/537.36 (KHTML, like Gecko; compatible; Amazonbot/0.1; +https://developer.amazon.com/support/amazonbot) Chrome/119.0.6045.214 Safari/537.36" "-"
216.73.216.0 - - [21/Jun/2026:00:55:38 +0200] "GET /goodscode/013523497869?loknya=%2Fhomepages%2F46%2Fd94061663%2Fhtdocs%2Fclickandbuilds%2FAlexanderFrangenheim%2Fwp-includes%2FSimplePie HTTP/1.1" 200 52248 frangenheim.de "-" "Mozilla/5.0 AppleWebKit/537.36 (KHTML, like Gecko; compatible; ClaudeBot/1.0; +claudebot@anthropic.com)" "-"
74.7.241.0 - - [21/Jun/2026:00:55:39 +0200] "GET /?loknya=/homepages/12/d94089077/htdocs HTTP/1.1" 200 5245 frangenheim.de "http://frangenheim.de/?loknya=/homepages/12/d94089077" "Mozilla/5.0 AppleWebKit/537.36 (KHTML, like Gecko; compatible; GPTBot/1.4; +https://openai.com/gptbot)" "-"
51.195.183.0 - - [21/Jun/2026:00:55:40 +0200] "GET /products/01750523051 HTTP/1.1" 200 42264 frangenheim.de "-" "Mozilla/5.0 (compatible; AhrefsBot/7.0; +http://ahrefs.com/robot/)" "-"
66.249.68.0 - - [21/Jun/2026:00:55:40 +0200] "GET /detail/041575557637 HTTP/1.1" 200 192090 frangenheim.de "-" "Mozilla/5.0 (Linux; Android 6.0.1; Nexus 5X Build/MMB29P) AppleWebKit/537.36 (KHTML, like Gecko) Chrome/148.0.7778.96 Mobile Safari/537.36 (compatible; GoogleOther)" "-"
198.244.242.0 - - [21/Jun/2026:00:55:43 +0200] "GET /products/01706575029 HTTP/1.1" 429 267 frangenheim.de "-" "Mozilla/5.0 (compatible; AhrefsBot/7.0; +http://ahrefs.com/robot/)" "-"
52.205.141.0 - - [21/Jun/2026:00:55:43 +0200] "GET /news?lokasie=/homepages/46/d94061663/htdocs/clickandbuilds/AlexanderFrangenheim/wp-includes/class-wp-block-patterns-registry.php&loknya=/homepages/46/d94061663/htdocs/clickandbuilds/AlexanderFrangenheim/wp-includes HTTP/1.1" 429 267 frangenheim.de "-" "Mozilla/5.0 AppleWebKit/537.36 (KHTML, like Gecko; compatible; Amazonbot/0.1; +https://developer.amazon.com/support/amazonbot) Chrome/119.0.6045.214 Safari/537.36" "-"
216.73.216.0 - - [21/Jun/2026:00:55:46 +0200] "GET /info/013004756922?loknya=%2Fhomepages%2F46%2Fd94061663%2Fhtdocs HTTP/1.1" 429 267 frangenheim.de "-" "Mozilla/5.0 AppleWebKit/537.36 (KHTML, like Gecko; compatible; ClaudeBot/1.0; +claudebot@anthropic.com)" "-"
216.73.216.0 - - [21/Jun/2026:00:55:48 +0200] "GET /goodscode/013775252253?loknya=%2Ftmp-private HTTP/1.1" 429 267 frangenheim.de "-" "Mozilla/5.0 AppleWebKit/537.36 (KHTML, like Gecko; compatible; ClaudeBot/1.0; +claudebot@anthropic.com)" "-"
98.84.200.0 - - [21/Jun/2026:00:55:48 +0200] "GET /wp-json/oembed/1.0/embed?lokasie=/homepages/46/d94061663/htdocs/clickandbuilds/AlexanderFrangenheim/wp-includes/class-wp-image-editor-gd.php&loknya=/homepages/46/d94061663/htdocs/clickandbuilds/AlexanderFrangenheim/wp-includes HTTP/1.1" 429 267 frangenheim.de "-" "Mozilla/5.0 AppleWebKit/537.36 (KHTML, like Gecko; compatible; Amazonbot/0.1; +https://developer.amazon.com/support/amazonbot) Chrome/119.0.6045.214 Safari/537.36" "-"
198.244.226.0 - - [21/Jun/2026:00:55:49 +0200] "GET /products/014175249704 HTTP/1.1" 429 267 frangenheim.de "-" "Mozilla/5.0 (compatible; AhrefsBot/7.0; +http://ahrefs.com/robot/)" "-"
52.45.77.0 - - [21/Jun/2026:00:55:51 +0200] "GET /news?loknya=/homepages/46/d94061663/htdocs/kontakt HTTP/1.1" 429 267 frangenheim.de "-" "Mozilla/5.0 AppleWebKit/537.36 (KHTML, like Gecko; compatible; Amazonbot/0.1; +https://developer.amazon.com/support/amazonbot) Chrome/119.0.6045.214 Safari/537.36" "-"
216.73.216.0 - - [21/Jun/2026:00:55:51 +0200] "GET /goodscode/013773043260?lokasie=%2Fhomepages%2F46%2Fd94061663%2Fhtdocs%2Fclickandbuilds%2FAlexanderFrangenheim%2Fwp-includes%2Fwp-diff.php&loknya=%2Fhomepages%2F46%2Fd94061663%2Fhtdocs%2Fclickandbuilds%2FAlexanderFrangenheim%2Fwp-includes HTTP/1.1" 429 267 frangenheim.de "-" "Mozilla/5.0 AppleWebKit/537.36 (KHTML, like Gecko; compatible; ClaudeBot/1.0; +claudebot@anthropic.com)" "-"
66.249.68.0 - - [21/Jun/2026:00:55:52 +0200] "GET /detail/812716865526 HTTP/1.1" 200 195923 frangenheim.de "-" "Mozilla/5.0 (Linux; Android 6.0.1; Nexus 5X Build/MMB29P) AppleWebKit/537.36 (KHTML, like Gecko) Chrome/148.0.7778.96 Mobile Safari/537.36 (compatible; GoogleOther)" "-"
216.73.216.0 - - [21/Jun/2026:00:55:54 +0200] "GET /items/011343163131?loknya=%2Fhomepages%2F46%2Fd94061663%2Fhtdocs HTTP/1.1" 429 267 frangenheim.de "-" "Mozilla/5.0 AppleWebKit/537.36 (KHTML, like Gecko; compatible; ClaudeBot/1.0; +claudebot@anthropic.com)" "-"
35.153.86.0 - - [21/Jun/2026:00:55:55 +0200] "GET /news?loknya=/homepages/46/d94148143 HTTP/1.1" 429 267 frangenheim.de "-" "Mozilla/5.0 AppleWebKit/537.36 (KHTML, like Gecko; compatible; Amazonbot/0.1; +https://developer.amazon.com/support/amazonbot) Chrome/119.0.6045.214 Safari/537.36" "-"
216.73.216.0 - - [21/Jun/2026:00:55:57 +0200] "GET /special/014056986738?loknya=%2Fhomepages%2F46%2Fd94061663%2Fhtdocs%2Fabout HTTP/1.1" 429 267 frangenheim.de "-" "Mozilla/5.0 AppleWebKit/537.36 (KHTML, like Gecko; compatible; ClaudeBot/1.0; +claudebot@anthropic.com)" "-"
3.223.134.0 - - [21/Jun/2026:00:56:00 +0200] "GET /feed?loknya=/homepages/46/d94061663/htdocs/musik HTTP/1.1" 429 267 frangenheim.de "-" "Mozilla/5.0 AppleWebKit/537.36 (KHTML, like Gecko; compatible; Amazonbot/0.1; +https://developer.amazon.com/support/amazonbot) Chrome/119.0.6045.214 Safari/537.36" "-"
216.73.216.0 - - [21/Jun/2026:00:56:00 +0200] "GET /entity/013529867598?loknya=%2Fproc HTTP/1.1" 429 267 frangenheim.de "-" "Mozilla/5.0 AppleWebKit/537.36 (KHTML, like Gecko; compatible; ClaudeBot/1.0; +claudebot@anthropic.com)" "-"
34.238.45.0 - - [21/Jun/2026:00:56:02 +0200] "GET /news?lokasie=/homepages/46/d94061663/htdocs/clickandbuilds/AlexanderFrangenheim/wp-admin/link-parse-opml.php&loknya=/homepages/46/d94061663/htdocs/clickandbuilds/AlexanderFrangenheim/wp-admin HTTP/1.1" 429 267 frangenheim.de "-" "Mozilla/5.0 AppleWebKit/537.36 (KHTML, like Gecko; compatible; Amazonbot/0.1; +https://developer.amazon.com/support/amazonbot) Chrome/119.0.6045.214 Safari/537.36" "-"
216.73.216.0 - - [21/Jun/2026:00:56:03 +0200] "GET /entity/01546243731?lokasie=%2Fhomepages%2F46%2Fd94061663%2Fhtdocs%2Fclickandbuilds%2FAlexanderFrangenheim%2Fwp-includes%2Fclass-wp-editor.php&loknya=%2Fhomepages%2F46%2Fd94061663%2Fhtdocs%2Fclickandbuilds%2FAlexanderFrangenheim%2Fwp-includes HTTP/1.1" 429 267 frangenheim.de "-" "Mozilla/5.0 AppleWebKit/537.36 (KHTML, like Gecko; compatible; ClaudeBot/1.0; +claudebot@anthropic.com)" "-"
216.73.216.0 - - [21/Jun/2026:00:56:06 +0200] "GET /goodscode/013553220274?loknya=%2Fhomepages%2F46%2Fd94061663%2Fhtdocs%2Fclickandbuilds%2FAlexanderFrangenheim%2Fwp-includes%2FRequests HTTP/1.1" 429 267 frangenheim.de "-" "Mozilla/5.0 AppleWebKit/537.36 (KHTML, like Gecko; compatible; ClaudeBot/1.0; +claudebot@anthropic.com)" "-"
198.244.183.0 - - [21/Jun/2026:00:56:06 +0200] "GET /products/012505966140 HTTP/1.1" 429 267 frangenheim.de "-" "Mozilla/5.0 (compatible; AhrefsBot/7.0; +http://ahrefs.com/robot/)" "-"
44.208.193.0 - - [21/Jun/2026:00:56:07 +0200] "GET /news?loknya=/homepages/46/d94061663/htdocs/clickandbuilds/AlexanderFrangenheim/wp-content/plugins HTTP/1.1" 200 73327 frangenheim.de "-" "Mozilla/5.0 AppleWebKit/537.36 (KHTML, like Gecko; compatible; Amazonbot/0.1; +https://developer.amazon.com/support/amazonbot) Chrome/119.0.6045.214 Safari/537.36" "-"
216.73.216.0 - - [21/Jun/2026:00:56:09 +0200] "GET /info/013869204859?loknya=%2Fhomepages%2F46%2Fd94061663%2Fhtdocs%2Fclickandbuilds%2FAlexanderFrangenheim%2Fwp-content%2Fplugins%2Fshadowbox-js HTTP/1.1" 429 267 frangenheim.de "-" "Mozilla/5.0 AppleWebKit/537.36 (KHTML, like Gecko; compatible; ClaudeBot/1.0; +claudebot@anthropic.com)" "-"
66.249.68.0 - - [21/Jun/2026:00:56:09 +0200] "GET /info/72907719016 HTTP/1.1" 200 194692 frangenheim.de "-" "Mozilla/5.0 (Linux; Android 6.0.1; Nexus 5X Build/MMB29P) AppleWebKit/537.36 (KHTML, like Gecko) Chrome/148.0.7778.96 Mobile Safari/537.36 (compatible; GoogleOther)" "-"
52.204.253.0 - - [21/Jun/2026:00:56:11 +0200] "GET /wp-json/oembed/1.0/embed?lokasie=/homepages/46/d94061663/htdocs/clickandbuilds/AlexanderFrangenheim/wp-includes/class-wp-roles.php&loknya=/homepages/46/d94061663/htdocs/clickandbuilds/AlexanderFrangenheim/wp-includes HTTP/1.1" 200 13292 frangenheim.de "-" "Mozilla/5.0 AppleWebKit/537.36 (KHTML, like Gecko; compatible; Amazonbot/0.1; +https://developer.amazon.com/support/amazonbot) Chrome/119.0.6045.214 Safari/537.36" "-"
216.73.216.0 - - [21/Jun/2026:00:56:12 +0200] "GET /goodscode/01885988809?loknya=%2Fsys HTTP/1.1" 429 267 frangenheim.de "-" "Mozilla/5.0 AppleWebKit/537.36 (KHTML, like Gecko; compatible; ClaudeBot/1.0; +claudebot@anthropic.com)" "-"
54.235.125.0 - - [21/Jun/2026:00:56:12 +0200] "GET /?lokasie=/homepages/46/d94061663/htdocs/clickandbuilds/AlexanderFrangenheim/wp-includes/class-wp-block-parser.php&loknya=/homepages/46/d94061663/htdocs/clickandbuilds/AlexanderFrangenheim/wp-includes HTTP/1.1" 200 20215 www.frangenheim.de "-" "Mozilla/5.0 AppleWebKit/537.36 (KHTML, like Gecko; compatible; Amazonbot/0.1; +https://developer.amazon.com/support/amazonbot) Chrome/119.0.6045.214 Safari/537.36" "-"
216.73.216.0 - - [21/Jun/2026:00:56:15 +0200] "GET /items/01344941312?loknya=%2Fhomepages%2F46%2Fd94061663%2Fhtdocs HTTP/1.1" 429 267 frangenheim.de "-" "Mozilla/5.0 AppleWebKit/537.36 (KHTML, like Gecko; compatible; ClaudeBot/1.0; +claudebot@anthropic.com)" "-"
34.231.45.0 - - [21/Jun/2026:00:56:15 +0200] "GET /wp-json/oembed/1.0/embed?lokasie=/homepages/46/d94061663/htdocs/clickandbuilds/AlexanderFrangenheim/wp-includes/rss-functions.php&loknya=/homepages/46/d94061663/htdocs/clickandbuilds/AlexanderFrangenheim/wp-includes HTTP/1.1" 200 4755 frangenheim.de "-" "Mozilla/5.0 AppleWebKit/537.36 (KHTML, like Gecko; compatible; Amazonbot/0.1; +https://developer.amazon.com/support/amazonbot) Chrome/119.0.6045.214 Safari/537.36" "-"
216.73.216.0 - - [21/Jun/2026:00:56:18 +0200] "GET /detail/01787041663?loknya=%2Fhomepages%2F46%2Fd94061663%2Fhtdocs%2Fclickandbuilds%2FAlexanderFrangenheim%2Fwp-includes%2FRequests HTTP/1.1" 429 267 frangenheim.de "-" "Mozilla/5.0 AppleWebKit/537.36 (KHTML, like Gecko; compatible; ClaudeBot/1.0; +claudebot@anthropic.com)" "-"
198.244.183.0 - - [21/Jun/2026:00:56:18 +0200] "GET /product/01789301070 HTTP/1.1" 429 267 frangenheim.de "-" "Mozilla/5.0 (compatible; AhrefsBot/7.0; +http://ahrefs.com/robot/)" "-"
52.44.148.0 - - [21/Jun/2026:00:56:18 +0200] "GET /page/2?loknya=/homepages/46/d94061663/.config HTTP/1.1" 200 5251 frangenheim.de "-" "Mozilla/5.0 AppleWebKit/537.36 (KHTML, like Gecko; compatible; Amazonbot/0.1; +https://developer.amazon.com/support/amazonbot) Chrome/119.0.6045.214 Safari/537.36" "-"
216.73.216.0 - - [21/Jun/2026:00:56:21 +0200] "GET /entity/011791635466?loknya=%2Fhomepages%2F46%2Fd94061663%2Fhtdocs HTTP/1.1" 429 267 frangenheim.de "-" "Mozilla/5.0 AppleWebKit/537.36 (KHTML, like Gecko; compatible; ClaudeBot/1.0; +claudebot@anthropic.com)" "-"
51.195.183.0 - - [21/Jun/2026:00:56:23 +0200] "GET /products/013956541382 HTTP/1.1" 429 267 frangenheim.de "-" "Mozilla/5.0 (compatible; AhrefsBot/7.0; +http://ahrefs.com/robot/)" "-"
216.73.216.0 - - [21/Jun/2026:00:56:24 +0200] "GET /item/01838435331?loknya=%2Fhomepages%2F46%2Fd94061663%2Fhtdocs%2Fstudioboerne HTTP/1.1" 429 267 frangenheim.de "-" "Mozilla/5.0 AppleWebKit/537.36 (KHTML, like Gecko; compatible; ClaudeBot/1.0; +claudebot@anthropic.com)" "-"
54.159.98.0 - - [21/Jun/2026:00:56:24 +0200] "GET /wp-json/oembed/1.0/embed?lokasie=/homepages/46/d94061663/htdocs/clickandbuilds/AlexanderFrangenheim/wp-includes/embed-template.php&loknya=/homepages/46/d94061663/htdocs/clickandbuilds/AlexanderFrangenheim/wp-includes HTTP/1.1" 200 4840 frangenheim.de "-" "Mozilla/5.0 AppleWebKit/537.36 (KHTML, like Gecko; compatible; Amazonbot/0.1; +https://developer.amazon.com/support/amazonbot) Chrome/119.0.6045.214 Safari/537.36" "-"
34.195.248.0 - - [21/Jun/2026:00:56:26 +0200] "GET /wp-json/oembed/1.0/embed?lokasie=/homepages/46/d94061663/htdocs/clickandbuilds/AlexanderFrangenheim/wp-includes/revision.php&loknya=/homepages/46/d94061663/htdocs/clickandbuilds/AlexanderFrangenheim/wp-includes HTTP/1.1" 200 30305 frangenheim.de "-" "Mozilla/5.0 AppleWebKit/537.36 (KHTML, like Gecko; compatible; Amazonbot/0.1; +https://developer.amazon.com/support/amazonbot) Chrome/119.0.6045.214 Safari/537.36" "-"
216.73.216.0 - - [21/Jun/2026:00:56:27 +0200] "GET /special/011970509729?lokasie=%2Fhomepages%2F46%2Fd94061663%2Fhtdocs%2Fframeset.html&loknya=%2Fhomepages%2F46%2Fd94061663%2Fhtdocs HTTP/1.1" 429 267 frangenheim.de "-" "Mozilla/5.0 AppleWebKit/537.36 (KHTML, like Gecko; compatible; ClaudeBot/1.0; +claudebot@anthropic.com)" "-"
216.73.216.0 - - [21/Jun/2026:00:56:30 +0200] "GET /goodscode/012949650320?loknya=%2Fsbin HTTP/1.1" 429 267 frangenheim.de "-" "Mozilla/5.0 AppleWebKit/537.36 (KHTML, like Gecko; compatible; ClaudeBot/1.0; +claudebot@anthropic.com)" "-"
107.22.208.0 - - [21/Jun/2026:00:56:35 +0200] "GET /news?loknya=/homepages/46/d171082913 HTTP/1.1" 200 16267 frangenheim.de "-" "Mozilla/5.0 AppleWebKit/537.36 (KHTML, like Gecko; compatible; Amazonbot/0.1; +https://developer.amazon.com/support/amazonbot) Chrome/119.0.6045.214 Safari/537.36" "-"
3.212.86.0 - - [21/Jun/2026:00:56:35 +0200] "GET /wp-json/oembed/1.0/embed?lokasie=/homepages/46/d94061663/htdocs/clickandbuilds/AlexanderFrangenheim/wp-includes/query.php&loknya=/homepages/46/d94061663/htdocs/clickandbuilds/AlexanderFrangenheim/wp-includes HTTP/1.1" 200 41844 frangenheim.de "-" "Mozilla/5.0 AppleWebKit/537.36 (KHTML, like Gecko; compatible; Amazonbot/0.1; +https://developer.amazon.com/support/amazonbot) Chrome/119.0.6045.214 Safari/537.36" "-"
216.73.216.0 - - [21/Jun/2026:00:56:36 +0200] "GET /goodscode/013553220274?loknya=%2Fhomepages%2F46%2Fd94061663%2Fhtdocs%2Fclickandbuilds%2FAlexanderFrangenheim%2Fwp-includes%2Fstyle-engine HTTP/1.1" 429 267 frangenheim.de "-" "Mozilla/5.0 AppleWebKit/537.36 (KHTML, like Gecko; compatible; ClaudeBot/1.0; +claudebot@anthropic.com)" "-"
74.7.241.0 - - [21/Jun/2026:00:56:37 +0200] "GET /?loknya=/homepages/12/d94089077/.config HTTP/1.1" 429 267 frangenheim.de "http://frangenheim.de/?loknya=/homepages/12/d94089077" "Mozilla/5.0 AppleWebKit/537.36 (KHTML, like Gecko; compatible; GPTBot/1.4; +https://openai.com/gptbot)" "-"
216.73.216.0 - - [21/Jun/2026:00:56:39 +0200] "GET /items/01166331065?loknya=%2Fhomepages%2F46%2Fd94061663%2Fhtdocs%2Fclickandbuilds%2FAlexanderFrangenheim%2Fwp-includes%2FRequests HTTP/1.1" 429 267 frangenheim.de "-" "Mozilla/5.0 AppleWebKit/537.36 (KHTML, like Gecko; compatible; ClaudeBot/1.0; +claudebot@anthropic.com)" "-"
54.163.169.0 - - [21/Jun/2026:00:56:39 +0200] "GET /feed?loknya=/homepages/46/d94095691 HTTP/1.1" 200 18990 frangenheim.de "-" "Mozilla/5.0 AppleWebKit/537.36 (KHTML, like Gecko; compatible; Amazonbot/0.1; +https://developer.amazon.com/support/amazonbot) Chrome/119.0.6045.214 Safari/537.36" "-"
66.249.68.0 - - [21/Jun/2026:00:56:40 +0200] "GET /detail/023492086895 HTTP/1.1" 200 198087 frangenheim.de "-" "Mozilla/5.0 (Linux; Android 6.0.1; Nexus 5X Build/MMB29P) AppleWebKit/537.36 (KHTML, like Gecko) Chrome/148.0.7778.96 Mobile Safari/537.36 (compatible; GoogleOther)" "-"
216.73.216.0 - - [21/Jun/2026:00:56:42 +0200] "GET /entity/011273206295?loknya=%2Fbin HTTP/1.1" 429 267 frangenheim.de "-" "Mozilla/5.0 AppleWebKit/537.36 (KHTML, like Gecko; compatible; ClaudeBot/1.0; +claudebot@anthropic.com)" "-"
44.206.93.0 - - [21/Jun/2026:00:56:43 +0200] "GET /feed?lokasie=/homepages/46/d94061663/htdocs/clickandbuilds/AlexanderFrangenheim/wp-includes/pluggable-deprecated.php&loknya=/homepages/46/d94061663/htdocs/clickandbuilds/AlexanderFrangenheim/wp-includes HTTP/1.1" 200 10797 frangenheim.de "-" "Mozilla/5.0 AppleWebKit/537.36 (KHTML, like Gecko; compatible; Amazonbot/0.1; +https://developer.amazon.com/support/amazonbot) Chrome/119.0.6045.214 Safari/537.36" "-"
216.73.216.0 - - [21/Jun/2026:00:56:45 +0200] "GET /entity/012084807982?loknya=%2Fhomepages%2F46%2Fd94061663%2Fhtdocs%2Fclickandbuilds%2FAlexanderFrangenheim%2Fwp-includes%2FRequests HTTP/1.1" 429 267 frangenheim.de "-" "Mozilla/5.0 AppleWebKit/537.36 (KHTML, like Gecko; compatible; ClaudeBot/1.0; +claudebot@anthropic.com)" "-"
198.244.240.0 - - [21/Jun/2026:00:56:46 +0200] "GET /product/013686873333 HTTP/1.1" 200 42265 frangenheim.de "-" "Mozilla/5.0 (compatible; AhrefsBot/7.0; +http://ahrefs.com/robot/)" "-"
194.187.171.0 - - [21/Jun/2026:00:56:46 +0200] "GET /read-more HTTP/1.1" 200 42266 frangenheim.de "-" "Mozilla/5.0 (compatible; Qwantbot/1.0_6200483; +https://help.qwant.com/bot/)" "-"
34.239.197.0 - - [21/Jun/2026:00:56:46 +0200] "GET /?lokasie=/homepages/46/d94061663/htdocs/clickandbuilds/AlexanderFrangenheim/wp-includes/style-engine.php&loknya=/homepages/46/d94061663/htdocs/clickandbuilds/AlexanderFrangenheim/wp-includes HTTP/1.1" 200 11045 www.frangenheim.de "-" "Mozilla/5.0 AppleWebKit/537.36 (KHTML, like Gecko; compatible; Amazonbot/0.1; +https://developer.amazon.com/support/amazonbot) Chrome/119.0.6045.214 Safari/537.36" "-"
66.249.68.0 - - [21/Jun/2026:00:56:46 +0200] "GET /detail/001921113193 HTTP/1.1" 200 201065 frangenheim.de "-" "Mozilla/5.0 (Linux; Android 6.0.1; Nexus 5X Build/MMB29P) AppleWebKit/537.36 (KHTML, like Gecko) Chrome/148.0.7778.96 Mobile Safari/537.36 (compatible; GoogleOther)" "-"
3.94.156.0 - - [21/Jun/2026:00:56:47 +0200] "GET /page/2?loknya=/homepages/46/d170974531 HTTP/1.1" 200 24596 frangenheim.de "-" "Mozilla/5.0 AppleWebKit/537.36 (KHTML, like Gecko; compatible; Amazonbot/0.1; +https://developer.amazon.com/support/amazonbot) Chrome/119.0.6045.214 Safari/537.36" "-"
216.73.216.0 - - [21/Jun/2026:00:56:48 +0200] "GET /detail/01787041663?loknya=%2Fhomepages%2F46%2Fd94061663%2Fhtdocs%2Fclickandbuilds%2FAlexanderFrangenheim%2Fwp-includes%2Fstyle-engine HTTP/1.1" 200 16207 frangenheim.de "-" "Mozilla/5.0 AppleWebKit/537.36 (KHTML, like Gecko; compatible; ClaudeBot/1.0; +claudebot@anthropic.com)" "-"
54.144.185.0 - - [21/Jun/2026:00:56:50 +0200] "GET /?lokasie=/homepages/46/d94061663/htdocs/clickandbuilds/AlexanderFrangenheim/wp-includes/class-wp-customize-nav-menus.php&loknya=/homepages/46/d94061663/htdocs/clickandbuilds/AlexanderFrangenheim/wp-includes HTTP/1.1" 200 66332 www.frangenheim.de "-" "Mozilla/5.0 AppleWebKit/537.36 (KHTML, like Gecko; compatible; Amazonbot/0.1; +https://developer.amazon.com/support/amazonbot) Chrome/119.0.6045.214 Safari/537.36" "-"
216.73.216.0 - - [21/Jun/2026:00:56:51 +0200] "GET /goodscode/013310090313?loknya=%2Fhomepages%2F46%2Fd94061663%2Fhtdocs%2Fclickandbuilds%2FAlexanderFrangenheim%2Fwp-includes%2Frandom_compat HTTP/1.1" 200 26033 frangenheim.de "-" "Mozilla/5.0 AppleWebKit/537.36 (KHTML, like Gecko; compatible; ClaudeBot/1.0; +claudebot@anthropic.com)" "-"
52.3.127.0 - - [21/Jun/2026:00:56:51 +0200] "GET /feed?lokasie=/homepages/46/d94061663/htdocs/clickandbuilds/AlexanderFrangenheim/wp-includes/class-wp-theme-json-data.php&loknya=/homepages/46/d94061663/htdocs/clickandbuilds/AlexanderFrangenheim/wp-includes HTTP/1.1" 200 6089 frangenheim.de "-" "Mozilla/5.0 AppleWebKit/537.36 (KHTML, like Gecko; compatible; Amazonbot/0.1; +https://developer.amazon.com/support/amazonbot) Chrome/119.0.6045.214 Safari/537.36" "-"
66.249.68.0 - - [21/Jun/2026:00:56:52 +0200] "GET /detail/70340793281 HTTP/1.1" 200 199325 frangenheim.de "-" "Mozilla/5.0 (Linux; Android 6.0.1; Nexus 5X Build/MMB29P) AppleWebKit/537.36 (KHTML, like Gecko) Chrome/148.0.7778.96 Mobile Safari/537.36 (compatible; GoogleOther)" "-"
216.73.216.0 - - [21/Jun/2026:00:56:54 +0200] "GET /items/01166331065?loknya=%2Fhomepages%2F46%2Fd94061663%2Fhtdocs%2Fclickandbuilds%2FAlexanderFrangenheim%2Fwp-includes%2Fstyle-engine HTTP/1.1" 200 16207 frangenheim.de "-" "Mozilla/5.0 AppleWebKit/537.36 (KHTML, like Gecko; compatible; ClaudeBot/1.0; +claudebot@anthropic.com)" "-"
44.220.2.0 - - [21/Jun/2026:00:56:54 +0200] "GET /?lokasie=/homepages/46/d94061663/htdocs/clickandbuilds/AlexanderFrangenheim/wp-includes/feed-rss2.php&loknya=/homepages/46/d94061663/htdocs/clickandbuilds/AlexanderFrangenheim/wp-includes HTTP/1.1" 200 8958 www.frangenheim.de "-" "Mozilla/5.0 AppleWebKit/537.36 (KHTML, like Gecko; compatible; Amazonbot/0.1; +https://developer.amazon.com/support/amazonbot) Chrome/119.0.6045.214 Safari/537.36" "-"
216.73.216.0 - - [21/Jun/2026:00:56:57 +0200] "GET /goodscode/013991663839?loknya=%2Ftmp-private HTTP/1.1" 200 5040 frangenheim.de "-" "Mozilla/5.0 AppleWebKit/537.36 (KHTML, like Gecko; compatible; ClaudeBot/1.0; +claudebot@anthropic.com)" "-"
52.5.232.0 - - [21/Jun/2026:00:57:03 +0200] "GET /page/2?loknya=/homepages/46/d94061663/htdocs/clickandbuilds/AlexanderFrangenheim/wp-includes/IXR HTTP/1.1" 200 23939 frangenheim.de "-" "Mozilla/5.0 AppleWebKit/537.36 (KHTML, like Gecko; compatible; Amazonbot/0.1; +https://developer.amazon.com/support/amazonbot) Chrome/119.0.6045.214 Safari/537.36" "-"
216.73.216.0 - - [21/Jun/2026:00:57:06 +0200] "GET /entity/011172811778?lokasie=%2Fhomepages%2F46%2Fd94061663%2Fhtdocs%2Fclickandbuilds%2FAlexanderFrangenheim%2Fwp-includes%2Fclass-oembed.php&loknya=%2Fhomepages%2F46%2Fd94061663%2Fhtdocs%2Fclickandbuilds%2FAlexanderFrangenheim%2Fwp-includes HTTP/1.1" 200 4902 frangenheim.de "-" "Mozilla/5.0 AppleWebKit/537.36 (KHTML, like Gecko; compatible; ClaudeBot/1.0; +claudebot@anthropic.com)" "-"
216.73.216.0 - - [21/Jun/2026:00:57:08 +0200] "GET /special/011767328073?loknya=%2Fhomepages%2F46%2Fd94061663%2Fhtdocs HTTP/1.1" 200 31074 frangenheim.de "-" "Mozilla/5.0 AppleWebKit/537.36 (KHTML, like Gecko; compatible; ClaudeBot/1.0; +claudebot@anthropic.com)" "-"
216.73.216.0 - - [21/Jun/2026:00:57:11 +0200] "GET /entity/011176649043?loknya=%2Fhomepages%2F46%2Fd94061663%2Fhtdocs%2Fclickandbuilds HTTP/1.1" 200 9256 frangenheim.de "-" "Mozilla/5.0 AppleWebKit/537.36 (KHTML, like Gecko; compatible; ClaudeBot/1.0; +claudebot@anthropic.com)" "-"
216.73.216.0 - - [21/Jun/2026:00:57:14 +0200] "GET /entity/012684647203?loknya=%2Fhomepages%2F46%2Fd94061663%2Fhtdocs%2Fclickandbuilds%2F HTTP/1.1" 200 9266 frangenheim.de "-" "Mozilla/5.0 AppleWebKit/537.36 (KHTML, like Gecko; compatible; ClaudeBot/1.0; +claudebot@anthropic.com)" "-"
216.73.216.0 - - [21/Jun/2026:00:57:17 +0200] "GET /items/0168166702?loknya=%2Fhomepages%2F46%2Fd94061663%2Fhtdocs%2Fclickandbuilds%2F HTTP/1.1" 200 9266 frangenheim.de "-" "Mozilla/5.0 AppleWebKit/537.36 (KHTML, like Gecko; compatible; ClaudeBot/1.0; +claudebot@anthropic.com)" "-"
66.249.68.0 - - [21/Jun/2026:00:57:19 +0200] "GET /detail/894083313416 HTTP/1.1" 200 198930 frangenheim.de "-" "Mozilla/5.0 (Linux; Android 6.0.1; Nexus 5X Build/MMB29P) AppleWebKit/537.36 (KHTML, like Gecko) Chrome/148.0.7778.96 Mobile Safari/537.36 (compatible; GoogleOther)" "-"
216.73.216.0 - - [21/Jun/2026:00:57:20 +0200] "GET /special/011201312449?loknya=%2Fhomepages%2F46%2Fd94061663%2Fhtdocs HTTP/1.1" 200 31074 frangenheim.de "-" "Mozilla/5.0 AppleWebKit/537.36 (KHTML, like Gecko; compatible; ClaudeBot/1.0; +claudebot@anthropic.com)" "-"
216.73.216.0 - - [21/Jun/2026:00:57:23 +0200] "GET /entity/01468609347?lokasie=%2Fhomepages%2F46%2Fd94061663%2Fhtdocs%2Fclickandbuilds%2Fworksec.php&loknya=%2Fhomepages%2F46%2Fd94061663%2Fhtdocs%2Fclickandbuilds HTTP/1.1" 200 5677 frangenheim.de "-" "Mozilla/5.0 AppleWebKit/537.36 (KHTML, like Gecko; compatible; ClaudeBot/1.0; +claudebot@anthropic.com)" "-"
216.73.216.0 - - [21/Jun/2026:00:57:26 +0200] "GET /entity/01254666407?loknya=%2Fhomepages%2F46%2Fd94061663%2Fhtdocs%2Fclickandbuilds HTTP/1.1" 200 9256 frangenheim.de "-" "Mozilla/5.0 AppleWebKit/537.36 (KHTML, like Gecko; compatible; ClaudeBot/1.0; +claudebot@anthropic.com)" "-"
66.249.68.0 - - [21/Jun/2026:00:57:27 +0200] "GET /detail/812716865526 HTTP/1.1" 200 196382 frangenheim.de "-" "Mozilla/5.0 (Linux; Android 6.0.1; Nexus 5X Build/MMB29P) AppleWebKit/537.36 (KHTML, like Gecko) Chrome/148.0.7778.96 Mobile Safari/537.36 (compatible; Googlebot/2.1; +http://www.google.com/bot.html)" "-"
74.7.241.0 - - [21/Jun/2026:00:57:29 +0200] "GET /?loknya=/homepages/34/d94382050/htdocs HTTP/1.1" 200 5245 frangenheim.de "http://frangenheim.de/?loknya=/homepages/34/d94382050" "Mozilla/5.0 AppleWebKit/537.36 (KHTML, like Gecko; compatible; GPTBot/1.4; +https://openai.com/gptbot)" "-"
216.73.216.0 - - [21/Jun/2026:00:57:29 +0200] "GET /info/013488683092?lokasie=%2Fhomepages%2F46%2Fd94061663%2Fhtdocs%2Fclickandbuilds%2FAlexanderFrangenheim%2Fwp-admin%2Fedit-comments.php&loknya=%2Fhomepages%2F46%2Fd94061663%2Fhtdocs%2Fclickandbuilds%2FAlexanderFrangenheim%2Fwp-admin HTTP/1.1" 200 20193 frangenheim.de "-" "Mozilla/5.0 AppleWebKit/537.36 (KHTML, like Gecko; compatible; ClaudeBot/1.0; +claudebot@anthropic.com)" "-"
52.5.232.0 - - [21/Jun/2026:00:57:31 +0200] "GET /feed?lokasie=/homepages/46/d94061663/htdocs/clickandbuilds/AlexanderFrangenheim/wp-includes/rewrite.php&loknya=/homepages/46/d94061663/htdocs/clickandbuilds/AlexanderFrangenheim/wp-includes HTTP/1.1" 200 24388 frangenheim.de "-" "Mozilla/5.0 AppleWebKit/537.36 (KHTML, like Gecko; compatible; Amazonbot/0.1; +https://developer.amazon.com/support/amazonbot) Chrome/119.0.6045.214 Safari/537.36" "-"
216.73.216.0 - - [21/Jun/2026:00:57:32 +0200] "GET /entity/01657433681?loknya=%2Fvar%2F HTTP/1.1" 200 16912 frangenheim.de "-" "Mozilla/5.0 AppleWebKit/537.36 (KHTML, like Gecko; compatible; ClaudeBot/1.0; +claudebot@anthropic.com)" "-"
216.73.216.0 - - [21/Jun/2026:00:57:35 +0200] "GET /goodscode/013523497869?loknya=%2Fusr HTTP/1.1" 200 16877 frangenheim.de "-" "Mozilla/5.0 AppleWebKit/537.36 (KHTML, like Gecko; compatible; ClaudeBot/1.0; +claudebot@anthropic.com)" "-"
216.73.216.0 - - [21/Jun/2026:00:57:38 +0200] "GET /entity/013170987388?loknya=%2Fsys HTTP/1.1" 200 5008 frangenheim.de "-" "Mozilla/5.0 AppleWebKit/537.36 (KHTML, like Gecko; compatible; ClaudeBot/1.0; +claudebot@anthropic.com)" "-"
216.73.216.0 - - [21/Jun/2026:00:57:41 +0200] "GET /entity/014171734655?loknya=%2Fhomepages%2F46%2Fd94061663%2Fhtdocs%2Fclickandbuilds HTTP/1.1" 200 9256 frangenheim.de "-" "Mozilla/5.0 AppleWebKit/537.36 (KHTML, like Gecko; compatible; ClaudeBot/1.0; +claudebot@anthropic.com)" "-"
66.249.68.0 - - [21/Jun/2026:00:57:42 +0200] "GET /detail/061084803338 HTTP/1.1" 200 196463 frangenheim.de "-" "Mozilla/5.0 (Linux; Android 6.0.1; Nexus 5X Build/MMB29P) AppleWebKit/537.36 (KHTML, like Gecko) Chrome/148.0.7778.96 Mobile Safari/537.36 (compatible; GoogleOther)" "-"
216.73.216.0 - - [21/Jun/2026:00:57:44 +0200] "GET /goodscode/013310090313?loknya=%2Fhomepages%2F46%2Fd94061663%2Fhtdocs%2Fclickandbuilds%2FAlexanderFrangenheim%2Fwp-includes%2Ftheme-compat HTTP/1.1" 200 23982 frangenheim.de "-" "Mozilla/5.0 AppleWebKit/537.36 (KHTML, like Gecko; compatible; ClaudeBot/1.0; +claudebot@anthropic.com)" "-"
216.73.216.0 - - [21/Jun/2026:00:57:47 +0200] "GET /entity/01837215955?lokasie=%2Fhomepages%2F46%2Fd94061663%2Fhtdocs%2Fclickandbuilds%2FAlexanderFrangenheim%2Fwp-includes%2F%2Fembed-template.php&loknya=%2Fhomepages%2F46%2Fd94061663%2Fhtdocs%2Fclickandbuilds%2FAlexanderFrangenheim%2Fwp-includes%2F HTTP/1.1" 200 4842 frangenheim.de "-" "Mozilla/5.0 AppleWebKit/537.36 (KHTML, like Gecko; compatible; ClaudeBot/1.0; +claudebot@anthropic.com)" "-"
216.73.216.0 - - [21/Jun/2026:00:57:50 +0200] "GET /items/0155394876?loknya=%2Fhomepages%2F46%2Fd94061663%2Fhtdocs%2Fclickandbuilds HTTP/1.1" 200 9256 frangenheim.de "-" "Mozilla/5.0 AppleWebKit/537.36 (KHTML, like Gecko; compatible; ClaudeBot/1.0; +claudebot@anthropic.com)" "-"
216.73.216.0 - - [21/Jun/2026:00:57:53 +0200] "GET /items/014140299434?loknya=%2Fhomepages%2F46%2Fd94061663%2Fhtdocs%2Fclickandbuilds%2FAlexanderFrangenheim%2Fwp-includes%2Frandom_compat HTTP/1.1" 429 267 frangenheim.de "-" "Mozilla/5.0 AppleWebKit/537.36 (KHTML, like Gecko; compatible; ClaudeBot/1.0; +claudebot@anthropic.com)" "-"
18.205.127.0 - - [21/Jun/2026:00:57:55 +0200] "GET /page/2?lokasie=/homepages/46/d94061663/htdocs/clickandbuilds/AlexanderFrangenheim/wp-includes/class-wp-http-requests-hooks.php&loknya=/homepages/46/d94061663/htdocs/clickandbuilds/AlexanderFrangenheim/wp-includes HTTP/1.1" 200 6570 frangenheim.de "-" "Mozilla/5.0 AppleWebKit/537.36 (KHTML, like Gecko; compatible; Amazonbot/0.1; +https://developer.amazon.com/support/amazonbot) Chrome/119.0.6045.214 Safari/537.36" "-"
3.81.253.0 - - [21/Jun/2026:00:57:59 +0200] "GET /page/2?loknya=/homepages/46/d94061663/htdocs/clickandbuilds/AlexanderFrangenheim/wp-includes/widgets HTTP/1.1" 200 42908 frangenheim.de "-" "Mozilla/5.0 AppleWebKit/537.36 (KHTML, like Gecko; compatible; Amazonbot/0.1; +https://developer.amazon.com/support/amazonbot) Chrome/119.0.6045.214 Safari/537.36" "-"
216.73.216.0 - - [21/Jun/2026:00:58:02 +0200] "GET /entity/01546243731?lokasie=%2Fhomepages%2F46%2Fd94061663%2Fhtdocs%2Fclickandbuilds%2FAlexanderFrangenheim%2Fwp-includes%2Fcache.php&loknya=%2Fhomepages%2F46%2Fd94061663%2Fhtdocs%2Fclickandbuilds%2FAlexanderFrangenheim%2Fwp-includes HTTP/1.1" 429 267 frangenheim.de "-" "Mozilla/5.0 AppleWebKit/537.36 (KHTML, like Gecko; compatible; ClaudeBot/1.0; +claudebot@anthropic.com)" "-"
66.249.68.0 - - [21/Jun/2026:00:58:02 +0200] "GET /detail/853465138790 HTTP/1.1" 200 198503 frangenheim.de "-" "Mozilla/5.0 (Linux; Android 6.0.1; Nexus 5X Build/MMB29P) AppleWebKit/537.36 (KHTML, like Gecko) Chrome/148.0.7778.96 Mobile Safari/537.36 (compatible; GoogleOther)" "-"
44.196.118.0 - - [21/Jun/2026:00:58:03 +0200] "GET /feed?lokasie=/homepages/46/d94061663/htdocs/clickandbuilds/AlexanderFrangenheim/wp-includes/class-wp-block-patterns-registry.php&loknya=/homepages/46/d94061663/htdocs/clickandbuilds/AlexanderFrangenheim/wp-includes HTTP/1.1" 200 13305 frangenheim.de "-" "Mozilla/5.0 AppleWebKit/537.36 (KHTML, like Gecko; compatible; Amazonbot/0.1; +https://developer.amazon.com/support/amazonbot) Chrome/119.0.6045.214 Safari/537.36" "-"
216.73.216.0 - - [21/Jun/2026:00:58:05 +0200] "GET /entity/012084807982?lokasie=%2Fhomepages%2F46%2Fd94061663%2Fhtdocs%2Fclickandbuilds%2FAlexanderFrangenheim%2Fwp-includes%2Fclass-wp-term.php&loknya=%2Fhomepages%2F46%2Fd94061663%2Fhtdocs%2Fclickandbuilds%2FAlexanderFrangenheim%2Fwp-includes HTTP/1.1" 429 267 frangenheim.de "-" "Mozilla/5.0 AppleWebKit/537.36 (KHTML, like Gecko; compatible; ClaudeBot/1.0; +claudebot@anthropic.com)" "-"
216.73.216.0 - - [21/Jun/2026:00:58:06 +0200] "GET /info/013914929599?loknya=%2F HTTP/1.1" 429 267 frangenheim.de "-" "Mozilla/5.0 AppleWebKit/537.36 (KHTML, like Gecko; compatible; ClaudeBot/1.0; +claudebot@anthropic.com)" "-"
23.23.212.0 - - [21/Jun/2026:00:58:07 +0200] "GET /feed?lokasie=/homepages/46/d94061663/htdocs/clickandbuilds/AlexanderFrangenheim/wp-includes/class.wp-styles.php&loknya=/homepages/46/d94061663/htdocs/clickandbuilds/AlexanderFrangenheim/wp-includes HTTP/1.1" 200 4841 frangenheim.de "-" "Mozilla/5.0 AppleWebKit/537.36 (KHTML, like Gecko; compatible; Amazonbot/0.1; +https://developer.amazon.com/support/amazonbot) Chrome/119.0.6045.214 Safari/537.36" "-"
216.73.216.0 - - [21/Jun/2026:00:58:12 +0200] "GET /info/013841744567?loknya=%2Fhomepages%2F46%2Fd94061663%2Fhtdocs%2Fclickandbuilds%2F HTTP/1.1" 429 267 frangenheim.de "-" "Mozilla/5.0 AppleWebKit/537.36 (KHTML, like Gecko; compatible; ClaudeBot/1.0; +claudebot@anthropic.com)" "-"
216.73.216.0 - - [21/Jun/2026:00:58:17 +0200] "GET /entity/013846995384?lokasie=%2Fhomepages%2F46%2Fd94061663%2Fhtdocs%2Fclickandbuilds%2FAlexanderFrangenheim%2Fwp-includes%2Fshortcodes.php&loknya=%2Fhomepages%2F46%2Fd94061663%2Fhtdocs%2Fclickandbuilds%2FAlexanderFrangenheim%2Fwp-includes HTTP/1.1" 429 267 frangenheim.de "-" "Mozilla/5.0 AppleWebKit/537.36 (KHTML, like Gecko; compatible; ClaudeBot/1.0; +claudebot@anthropic.com)" "-"
216.73.216.0 - - [21/Jun/2026:00:58:18 +0200] "GET /entity/014125574892?lokasie=%2Fhomepages%2F46%2Fd94061663%2Fhtdocs%2Fclickandbuilds%2FAlexanderFrangenheim%2Fwp-includes%2Fclass-wp-term.php&loknya=%2Fhomepages%2F46%2Fd94061663%2Fhtdocs%2Fclickandbuilds%2FAlexanderFrangenheim%2Fwp-includes HTTP/1.1" 429 267 frangenheim.de "-" "Mozilla/5.0 AppleWebKit/537.36 (KHTML, like Gecko; compatible; ClaudeBot/1.0; +claudebot@anthropic.com)" "-"
216.73.216.0 - - [21/Jun/2026:00:58:21 +0200] "GET /entity/012825064689?loknya=%2F HTTP/1.1" 429 267 frangenheim.de "-" "Mozilla/5.0 AppleWebKit/537.36 (KHTML, like Gecko; compatible; ClaudeBot/1.0; +claudebot@anthropic.com)" "-"
74.7.241.0 - - [21/Jun/2026:00:58:34 +0200] "GET /?loknya=/homepages/34/d94382050/.config HTTP/1.1" 429 267 frangenheim.de "http://frangenheim.de/?loknya=/homepages/34/d94382050" "Mozilla/5.0 AppleWebKit/537.36 (KHTML, like Gecko; compatible; GPTBot/1.4; +https://openai.com/gptbot)" "-"
216.73.216.0 - - [21/Jun/2026:00:58:34 +0200] "GET /shopbrand/013322770321 HTTP/1.1" 429 267 frangenheim.de "-" "Mozilla/5.0 AppleWebKit/537.36 (KHTML, like Gecko; compatible; ClaudeBot/1.0; +claudebot@anthropic.com)" "-"
52.4.238.0 - - [21/Jun/2026:00:58:36 +0200] "GET /?loknya=/homepages/46/d94061663/ HTTP/1.1" 200 21755 www.frangenheim.de "-" "Mozilla/5.0 AppleWebKit/537.36 (KHTML, like Gecko; compatible; Amazonbot/0.1; +https://developer.amazon.com/support/amazonbot) Chrome/119.0.6045.214 Safari/537.36" "-"
216.73.216.0 - - [21/Jun/2026:00:58:40 +0200] "GET /entity/011172811778?lokasie=%2Fhomepages%2F46%2Fd94061663%2Fhtdocs%2Fclickandbuilds%2FAlexanderFrangenheim%2Fwp-includes%2Fclass-wp-roles.php&loknya=%2Fhomepages%2F46%2Fd94061663%2Fhtdocs%2Fclickandbuilds%2FAlexanderFrangenheim%2Fwp-includes HTTP/1.1" 429 267 frangenheim.de "-" "Mozilla/5.0 AppleWebKit/537.36 (KHTML, like Gecko; compatible; ClaudeBot/1.0; +claudebot@anthropic.com)" "-"
66.249.68.0 - - [21/Jun/2026:00:58:41 +0200] "GET /detail/723171865510 HTTP/1.1" 200 191601 frangenheim.de "-" "Mozilla/5.0 (Linux; Android 6.0.1; Nexus 5X Build/MMB29P) AppleWebKit/537.36 (KHTML, like Gecko) Chrome/148.0.7778.96 Mobile Safari/537.36 (compatible; GoogleOther)" "-"
18.214.238.0 - - [21/Jun/2026:00:58:47 +0200] "GET /feed?lokasie=/homepages/46/d94061663/htdocs/clickandbuilds/AlexanderFrangenheim/wp-includes/registration-functions.php&loknya=/homepages/46/d94061663/htdocs/clickandbuilds/AlexanderFrangenheim/wp-includes HTTP/1.1" 200 4711 frangenheim.de "-" "Mozilla/5.0 AppleWebKit/537.36 (KHTML, like Gecko; compatible; Amazonbot/0.1; +https://developer.amazon.com/support/amazonbot) Chrome/119.0.6045.214 Safari/537.36" "-"
216.73.216.0 - - [21/Jun/2026:00:58:48 +0200] "GET /info/013525192580?lokasie=%2Fhomepages%2F46%2Fd94061663%2Fhtdocs%2Fclickandbuilds%2FAlexanderFrangenheim%2Fwp-includes%2Fwidgets.php&loknya=%2Fhomepages%2F46%2Fd94061663%2Fhtdocs%2Fclickandbuilds%2FAlexanderFrangenheim%2Fwp-includes HTTP/1.1" 429 267 frangenheim.de "-" "Mozilla/5.0 AppleWebKit/537.36 (KHTML, like Gecko; compatible; ClaudeBot/1.0; +claudebot@anthropic.com)" "-"
216.73.216.0 - - [21/Jun/2026:00:58:55 +0200] "GET /entity/013846995384?loknya=%2Fhomepages%2F46%2Fd94061663%2Fhtdocs%2Fclickandbuilds%2FAlexanderFrangenheim%2Fwp-includes%2Fassets HTTP/1.1" 200 17769 frangenheim.de "-" "Mozilla/5.0 AppleWebKit/537.36 (KHTML, like Gecko; compatible; ClaudeBot/1.0; +claudebot@anthropic.com)" "-"
198.244.242.0 - - [21/Jun/2026:00:58:56 +0200] "GET /product/013462621421 HTTP/1.1" 200 42266 frangenheim.de "-" "Mozilla/5.0 (compatible; AhrefsBot/7.0; +http://ahrefs.com/robot/)" "-"
66.249.68.0 - - [21/Jun/2026:00:58:56 +0200] "GET /goodscode/752258945673 HTTP/1.1" 200 196057 frangenheim.de "-" "Mozilla/5.0 (Linux; Android 6.0.1; Nexus 5X Build/MMB29P) AppleWebKit/537.36 (KHTML, like Gecko) Chrome/148.0.7778.96 Mobile Safari/537.36 (compatible; GoogleOther)" "-"
216.73.216.0 - - [21/Jun/2026:00:58:58 +0200] "GET /items/011971642045?lokasie=%2Fhomepages%2F46%2Fd94061663%2Fhtdocs%2Fclickandbuilds%2FAlexanderFrangenheim%2Fwp-admin%2Fplugins.php&loknya=%2Fhomepages%2F46%2Fd94061663%2Fhtdocs%2Fclickandbuilds%2FAlexanderFrangenheim%2Fwp-admin HTTP/1.1" 200 36704 frangenheim.de "-" "Mozilla/5.0 AppleWebKit/537.36 (KHTML, like Gecko; compatible; ClaudeBot/1.0; +claudebot@anthropic.com)" "-"
216.73.216.0 - - [21/Jun/2026:00:59:01 +0200] "GET /goodscode/013553220274?lokasie=%2Fhomepages%2F46%2Fd94061663%2Fhtdocs%2Fclickandbuilds%2FAlexanderFrangenheim%2Fwp-includes%2Fclass-phpass.php&loknya=%2Fhomepages%2F46%2Fd94061663%2Fhtdocs%2Fclickandbuilds%2FAlexanderFrangenheim%2Fwp-includes HTTP/1.1" 200 11499 frangenheim.de "-" "Mozilla/5.0 AppleWebKit/537.36 (KHTML, like Gecko; compatible; ClaudeBot/1.0; +claudebot@anthropic.com)" "-"
216.73.216.0 - - [21/Jun/2026:00:59:04 +0200] "GET /info/01320184123?lokasie=%2Fhomepages%2F46%2Fd94061663%2Fhtdocs%2Fclickandbuilds%2FAlexanderFrangenheim%2Fwp-includes%2Fclass-oembed.php&loknya=%2Fhomepages%2F46%2Fd94061663%2Fhtdocs%2Fclickandbuilds%2FAlexanderFrangenheim%2Fwp-includes HTTP/1.1" 200 4902 frangenheim.de "-" "Mozilla/5.0 AppleWebKit/537.36 (KHTML, like Gecko; compatible; ClaudeBot/1.0; +claudebot@anthropic.com)" "-"
216.73.216.0 - - [21/Jun/2026:00:59:08 +0200] "GET /goodscode/013911809200?loknya=%2Fhomepages%2F46%2Fd94061663%2Fhtdocs%2Fclickandbuilds%2FAlexanderFrangenheim%2Fwp-includes HTTP/1.1" 200 406106 frangenheim.de "-" "Mozilla/5.0 AppleWebKit/537.36 (KHTML, like Gecko; compatible; ClaudeBot/1.0; +claudebot@anthropic.com)" "-"
66.249.68.0 - - [21/Jun/2026:00:59:08 +0200] "GET /detail/873274385684 HTTP/1.1" 200 201661 frangenheim.de "-" "Mozilla/5.0 (Linux; Android 6.0.1; Nexus 5X Build/MMB29P) AppleWebKit/537.36 (KHTML, like Gecko) Chrome/148.0.7778.96 Mobile Safari/537.36 (compatible; GoogleOther)" "-"
216.73.216.0 - - [21/Jun/2026:00:59:12 +0200] "GET /goodscode/011994979001?lokasie=%2Fhomepages%2F46%2Fd94061663%2Fhtdocs%2Fclickandbuilds%2FAlexanderFrangenheim%2Fwp-includes%2Fclass-wp-network.php&loknya=%2Fhomepages%2F46%2Fd94061663%2Fhtdocs%2Fclickandbuilds%2FAlexanderFrangenheim%2Fwp-includes HTTP/1.1" 200 16993 frangenheim.de "-" "Mozilla/5.0 AppleWebKit/537.36 (KHTML, like Gecko; compatible; ClaudeBot/1.0; +claudebot@anthropic.com)" "-"
66.249.68.0 - - [21/Jun/2026:00:59:15 +0200] "GET /detail/70340793281 HTTP/1.1" 200 199362 frangenheim.de "-" "Mozilla/5.0 (Linux; Android 6.0.1; Nexus 5X Build/MMB29P) AppleWebKit/537.36 (KHTML, like Gecko) Chrome/148.0.7778.96 Mobile Safari/537.36 (compatible; Googlebot/2.1; +http://www.google.com/bot.html)" "-"
216.73.216.0 - - [21/Jun/2026:00:59:16 +0200] "GET /goodscode/01275226431?loknya=%2Fhomepages%2F46%2Fd94061663%2Fhtdocs%2Fclickandbuilds%2F HTTP/1.1" 200 9266 frangenheim.de "-" "Mozilla/5.0 AppleWebKit/537.36 (KHTML, like Gecko; compatible; ClaudeBot/1.0; +claudebot@anthropic.com)" "-"
216.73.216.0 - - [21/Jun/2026:00:59:20 +0200] "GET /goodscode/013955423256?loknya=%2Fhomepages%2F46%2Fd94061663%2Fhtdocs%2Fclickandbuilds HTTP/1.1" 200 9256 frangenheim.de "-" "Mozilla/5.0 AppleWebKit/537.36 (KHTML, like Gecko; compatible; ClaudeBot/1.0; +claudebot@anthropic.com)" "-"
216.73.216.0 - - [21/Jun/2026:00:59:24 +0200] "GET /goodscode/011292027175?lokasie=%2Fhomepages%2F46%2Fd94061663%2Fhtdocs%2Fclickandbuilds%2FAlexanderFrangenheim%2Fwp-admin%2Fcss%2Ffarbtastic-rtl.css&loknya=%2Fhomepages%2F46%2Fd94061663%2Fhtdocs%2Fclickandbuilds%2FAlexanderFrangenheim%2Fwp-admin%2Fcss HTTP/1.1" 200 5248 frangenheim.de "-" "Mozilla/5.0 AppleWebKit/537.36 (KHTML, like Gecko; compatible; ClaudeBot/1.0; +claudebot@anthropic.com)" "-"
216.73.216.0 - - [21/Jun/2026:00:59:28 +0200] "GET /goodscode/011021448048?loknya=%2Fhomepages%2F46%2Fd94061663%2Fhtdocs%2Fclickandbuilds HTTP/1.1" 200 9256 frangenheim.de "-" "Mozilla/5.0 AppleWebKit/537.36 (KHTML, like Gecko; compatible; ClaudeBot/1.0; +claudebot@anthropic.com)" "-"
216.73.216.0 - - [21/Jun/2026:00:59:32 +0200] "GET /info/011628907651?loknya=%2Fhomepages%2F46%2Fd94061663%2Fhtdocs%2Fdeutsch HTTP/1.1" 200 24703 frangenheim.de "-" "Mozilla/5.0 AppleWebKit/537.36 (KHTML, like Gecko; compatible; ClaudeBot/1.0; +claudebot@anthropic.com)" "-"
74.7.241.0 - - [21/Jun/2026:00:59:32 +0200] "GET /?lokasie=/homepages/12/d94477861/metadata.json&loknya=/homepages/12/d94477861 HTTP/1.1" 200 4069 frangenheim.de "http://frangenheim.de/?loknya=/homepages/12/d94477861" "Mozilla/5.0 AppleWebKit/537.36 (KHTML, like Gecko; compatible; GPTBot/1.4; +https://openai.com/gptbot)" "-"
216.73.216.0 - - [21/Jun/2026:00:59:39 +0200] "GET /goodscode/013360648808?loknya=%2Fhomepages%2F46%2Fd94061663%2Fhtdocs%2Fclickandbuilds%2FAlexanderFrangenheim%2Fwp-includes HTTP/1.1" 200 406106 frangenheim.de "-" "Mozilla/5.0 AppleWebKit/537.36 (KHTML, like Gecko; compatible; ClaudeBot/1.0; +claudebot@anthropic.com)" "-"
216.73.216.0 - - [21/Jun/2026:00:59:43 +0200] "GET /info/014074511370?loknya=%2Fhomepages%2F46%2Fd94061663%2Fhtdocs%2Fclickandbuilds%2F HTTP/1.1" 200 9266 frangenheim.de "-" "Mozilla/5.0 AppleWebKit/537.36 (KHTML, like Gecko; compatible; ClaudeBot/1.0; +claudebot@anthropic.com)" "-"
216.73.216.0 - - [21/Jun/2026:00:59:47 +0200] "GET /entity/011172811778?lokasie=%2Fhomepages%2F46%2Fd94061663%2Fhtdocs%2Fclickandbuilds%2FAlexanderFrangenheim%2Fwp-includes%2Fclass-pop3.php&loknya=%2Fhomepages%2F46%2Fd94061663%2Fhtdocs%2Fclickandbuilds%2FAlexanderFrangenheim%2Fwp-includes HTTP/1.1" 200 27391 frangenheim.de "-" "Mozilla/5.0 AppleWebKit/537.36 (KHTML, like Gecko; compatible; ClaudeBot/1.0; +claudebot@anthropic.com)" "-"
66.249.68.0 - - [21/Jun/2026:00:59:47 +0200] "GET /goods/90206779636 HTTP/1.1" 200 195734 frangenheim.de "-" "Mozilla/5.0 (Linux; Android 6.0.1; Nexus 5X Build/MMB29P) AppleWebKit/537.36 (KHTML, like Gecko) Chrome/148.0.7778.96 Mobile Safari/537.36 (compatible; GoogleOther)" "-"
216.73.216.0 - - [21/Jun/2026:00:59:51 +0200] "GET /items/011426833890?loknya=%2Fhomepages%2F46%2Fd94061663%2Fhtdocs%2Fevents HTTP/1.1" 200 14219 frangenheim.de "-" "Mozilla/5.0 AppleWebKit/537.36 (KHTML, like Gecko; compatible; ClaudeBot/1.0; +claudebot@anthropic.com)" "-"
216.73.216.0 - - [21/Jun/2026:00:59:55 +0200] "GET /entity/013072588650?lokasie=%2Fhomepages%2F46%2Fd94061663%2Fhtdocs%2Fmenue.html&loknya=%2Fhomepages%2F46%2Fd94061663%2Fhtdocs HTTP/1.1" 200 6431 frangenheim.de "-" "Mozilla/5.0 AppleWebKit/537.36 (KHTML, like Gecko; compatible; ClaudeBot/1.0; +claudebot@anthropic.com)" "-"
216.73.216.0 - - [21/Jun/2026:00:59:59 +0200] "GET /info/014074511370?lokasie=%2Fhomepages%2F46%2Fd94061663%2Fhtdocs%2Fclickandbuilds%2FAlexanderFrangenheim%2Fwp-includes%2Fclass-wp-user.php&loknya=%2Fhomepages%2F46%2Fd94061663%2Fhtdocs%2Fclickandbuilds%2FAlexanderFrangenheim%2Fwp-includes HTTP/1.1" 200 27860 frangenheim.de "-" "Mozilla/5.0 AppleWebKit/537.36 (KHTML, like Gecko; compatible; ClaudeBot/1.0; +claudebot@anthropic.com)" "-"
216.73.216.0 - - [21/Jun/2026:01:00:03 +0200] "GET /entity/012844528156?loknya=%2Fhomepages%2F46%2Fd94061663%2Fhtdocs%2Fclickandbuilds%2FAlexanderFrangenheim%2Fwp-includes HTTP/1.1" 200 406106 frangenheim.de "-" "Mozilla/5.0 AppleWebKit/537.36 (KHTML, like Gecko; compatible; ClaudeBot/1.0; +claudebot@anthropic.com)" "-"
66.249.68.0 - - [21/Jun/2026:01:00:03 +0200] "GET /detail/068850021 HTTP/1.1" 200 193833 frangenheim.de "-" "Mozilla/5.0 (Linux; Android 6.0.1; Nexus 5X Build/MMB29P) AppleWebKit/537.36 (KHTML, like Gecko) Chrome/148.0.7778.96 Mobile Safari/537.36 (compatible; GoogleOther)" "-"
