81.167.26.0 - - [21/Jun/2026:02:48:31 +0200] "GET /index.php?lokasie=/homepages/46/d94061663/htdocs/clickandbuilds/AlexanderFrangenheim/wp-content/languages/plugins/wordpress-seo-de_DE-8c2f72a2c46baea606be9a7b0c1a23d8.json&loknya=/homepages/46/d94061663/htdocs/clickandbuilds/AlexanderFrangenheim/wp-content/languages/plugins HTTP/1.1" 429 267 frangenheim.de "-" "Mozilla/5.0 (compatible; MJ12bot/v1.4.8; http://mj12bot.com/)" "-"
66.249.68.0 - - [21/Jun/2026:02:48:32 +0200] "GET /detail/731227109506 HTTP/1.1" 200 201023 frangenheim.de "-" "Mozilla/5.0 (Linux; Android 6.0.1; Nexus 5X Build/MMB29P) AppleWebKit/537.36 (KHTML, like Gecko) Chrome/148.0.7778.96 Mobile Safari/537.36 (compatible; Googlebot/2.1; +http://www.google.com/bot.html)" "-"
74.7.241.0 - - [21/Jun/2026:02:48:34 +0200] "GET /?lokasie=/homepages/24/d171089612/DASTOOLSTART&loknya=/homepages/24/d171089612 HTTP/1.1" 429 267 frangenheim.de "http://frangenheim.de/?loknya=/homepages/24/d171089612" "Mozilla/5.0 AppleWebKit/537.36 (KHTML, like Gecko; compatible; GPTBot/1.4; +https://openai.com/gptbot)" "-"
81.167.26.0 - - [21/Jun/2026:02:48:34 +0200] "GET /index.php?lokasie=/homepages/46/d94061663/htdocs/clickandbuilds/AlexanderFrangenheim/wp-content/languages/plugins/wordpress-seo-de_DE-8d6ddb629914013ba22594dab46408c3.json&loknya=/homepages/46/d94061663/htdocs/clickandbuilds/AlexanderFrangenheim/wp-content/languages/plugins HTTP/1.1" 429 267 frangenheim.de "-" "Mozilla/5.0 (compatible; MJ12bot/v1.4.8; http://mj12bot.com/)" "-"
66.249.68.0 - - [21/Jun/2026:02:48:35 +0200] "GET /detail/8269509402 HTTP/1.1" 200 194389 frangenheim.de "-" "Mozilla/5.0 (Linux; Android 6.0.1; Nexus 5X Build/MMB29P) AppleWebKit/537.36 (KHTML, like Gecko) Chrome/148.0.7778.96 Mobile Safari/537.36 (compatible; GoogleOther)" "-"
216.73.216.0 - - [21/Jun/2026:02:48:36 +0200] "GET /info/01121107261?loknya=%2Fhomepages%2F46%2Fd94061663%2Fhtdocs%2Fclickandbuilds%2F HTTP/1.1" 429 267 frangenheim.de "-" "Mozilla/5.0 AppleWebKit/537.36 (KHTML, like Gecko; compatible; ClaudeBot/1.0; +claudebot@anthropic.com)" "-"
81.167.26.0 - - [21/Jun/2026:02:48:38 +0200] "GET /index.php?lokasie=/homepages/46/d94061663/htdocs/clickandbuilds/AlexanderFrangenheim/wp-content/languages/plugins/wordpress-seo-de_DE-9f6244fe05b49fabf96551959cf899a6.json&loknya=/homepages/46/d94061663/htdocs/clickandbuilds/AlexanderFrangenheim/wp-content/languages/plugins HTTP/1.1" 429 267 frangenheim.de "-" "Mozilla/5.0 (compatible; MJ12bot/v1.4.8; http://mj12bot.com/)" "-"
81.167.26.0 - - [21/Jun/2026:02:48:42 +0200] "GET /index.php?lokasie=/homepages/46/d94061663/htdocs/clickandbuilds/AlexanderFrangenheim/wp-content/languages/plugins/wordpress-seo-de_DE-9fc912fe9f73e39d5df0779b31bb1a6f.json&loknya=/homepages/46/d94061663/htdocs/clickandbuilds/AlexanderFrangenheim/wp-content/languages/plugins HTTP/1.1" 429 267 frangenheim.de "-" "Mozilla/5.0 (compatible; MJ12bot/v1.4.8; http://mj12bot.com/)" "-"
66.249.68.0 - - [21/Jun/2026:02:48:44 +0200] "GET /detail/78784487194 HTTP/1.1" 200 195417 frangenheim.de "-" "Mozilla/5.0 (Linux; Android 6.0.1; Nexus 5X Build/MMB29P) AppleWebKit/537.36 (KHTML, like Gecko) Chrome/148.0.7778.96 Mobile Safari/537.36 (compatible; GoogleOther)" "-"
81.167.26.0 - - [21/Jun/2026:02:48:45 +0200] "GET /index.php?lokasie=/homepages/46/d94061663/htdocs/clickandbuilds/AlexanderFrangenheim/wp-content/languages/plugins/wordpress-seo-de_DE-9ff580649b466f65633b98bb16c34525.json&loknya=/homepages/46/d94061663/htdocs/clickandbuilds/AlexanderFrangenheim/wp-content/languages/plugins HTTP/1.1" 429 267 frangenheim.de "-" "Mozilla/5.0 (compatible; MJ12bot/v1.4.8; http://mj12bot.com/)" "-"
81.167.26.0 - - [21/Jun/2026:02:48:49 +0200] "GET /index.php?lokasie=/homepages/46/d94061663/htdocs/clickandbuilds/AlexanderFrangenheim/wp-content/languages/plugins/wordpress-seo-de_DE-a35a702af4a7fbb6d2d4db8c193dd940.json&loknya=/homepages/46/d94061663/htdocs/clickandbuilds/AlexanderFrangenheim/wp-content/languages/plugins HTTP/1.1" 429 267 frangenheim.de "-" "Mozilla/5.0 (compatible; MJ12bot/v1.4.8; http://mj12bot.com/)" "-"
40.77.167.0 - - [21/Jun/2026:02:48:51 +0200] "GET /info/013694278116 HTTP/1.1" 200 201093 www.frangenheim.de "-" "Mozilla/5.0 AppleWebKit/537.36 (KHTML, like Gecko; compatible; bingbot/2.0; +http://www.bing.com/bingbot.htm) Chrome/116.0.1938.76 Safari/537.36" "-"
81.167.26.0 - - [21/Jun/2026:02:48:52 +0200] "GET /index.php?lokasie=/homepages/46/d94061663/htdocs/clickandbuilds/AlexanderFrangenheim/wp-content/languages/plugins/wordpress-seo-de_DE-a4e25a0fbd268367ae0af1e06b841f78.json&loknya=/homepages/46/d94061663/htdocs/clickandbuilds/AlexanderFrangenheim/wp-content/languages/plugins HTTP/1.1" 429 267 frangenheim.de "-" "Mozilla/5.0 (compatible; MJ12bot/v1.4.8; http://mj12bot.com/)" "-"
66.249.68.0 - - [21/Jun/2026:02:48:55 +0200] "GET /info/673417826642 HTTP/1.1" 200 198271 frangenheim.de "-" "Mozilla/5.0 (Linux; Android 6.0.1; Nexus 5X Build/MMB29P) AppleWebKit/537.36 (KHTML, like Gecko) Chrome/148.0.7778.96 Mobile Safari/537.36 (compatible; Googlebot/2.1; +http://www.google.com/bot.html)" "-"
81.167.26.0 - - [21/Jun/2026:02:48:56 +0200] "GET /index.php?lokasie=/homepages/46/d94061663/htdocs/clickandbuilds/AlexanderFrangenheim/wp-content/languages/plugins/wordpress-seo-de_DE-afe43fe171170bbc6083c10610a75434.json&loknya=/homepages/46/d94061663/htdocs/clickandbuilds/AlexanderFrangenheim/wp-content/languages/plugins HTTP/1.1" 429 267 frangenheim.de "-" "Mozilla/5.0 (compatible; MJ12bot/v1.4.8; http://mj12bot.com/)" "-"
66.249.68.0 - - [21/Jun/2026:02:48:58 +0200] "GET /detail/891820804528 HTTP/1.1" 200 195282 frangenheim.de "-" "Mozilla/5.0 (Linux; Android 6.0.1; Nexus 5X Build/MMB29P) AppleWebKit/537.36 (KHTML, like Gecko) Chrome/148.0.7778.96 Mobile Safari/537.36 (compatible; GoogleOther)" "-"
66.249.68.0 - - [21/Jun/2026:02:48:58 +0200] "GET /info/863739216688 HTTP/1.1" 200 201286 frangenheim.de "-" "Mozilla/5.0 (Linux; Android 6.0.1; Nexus 5X Build/MMB29P) AppleWebKit/537.36 (KHTML, like Gecko) Chrome/148.0.7778.96 Mobile Safari/537.36 (compatible; Googlebot/2.1; +http://www.google.com/bot.html)" "-"
81.167.26.0 - - [21/Jun/2026:02:48:59 +0200] "GET /index.php?lokasie=/homepages/46/d94061663/htdocs/clickandbuilds/AlexanderFrangenheim/wp-content/languages/plugins/wordpress-seo-de_DE-b1439a828d6d7684a875580ccba87936.json&loknya=/homepages/46/d94061663/htdocs/clickandbuilds/AlexanderFrangenheim/wp-content/languages/plugins HTTP/1.1" 429 267 frangenheim.de "-" "Mozilla/5.0 (compatible; MJ12bot/v1.4.8; http://mj12bot.com/)" "-"
74.7.241.0 - - [21/Jun/2026:02:49:00 +0200] "GET /?lokasie=/homepages/24/d171089612/httpd.conf&loknya=/homepages/24/d171089612 HTTP/1.1" 429 267 frangenheim.de "http://frangenheim.de/?loknya=/homepages/24/d171089612" "Mozilla/5.0 AppleWebKit/537.36 (KHTML, like Gecko; compatible; GPTBot/1.4; +https://openai.com/gptbot)" "-"
81.167.26.0 - - [21/Jun/2026:02:49:03 +0200] "GET /index.php?lokasie=/homepages/46/d94061663/htdocs/clickandbuilds/AlexanderFrangenheim/wp-content/languages/plugins/wordpress-seo-de_DE-b2bb3542a05d1a95a5866b83cc7b8a5f.json&loknya=/homepages/46/d94061663/htdocs/clickandbuilds/AlexanderFrangenheim/wp-content/languages/plugins HTTP/1.1" 429 267 frangenheim.de "-" "Mozilla/5.0 (compatible; MJ12bot/v1.4.8; http://mj12bot.com/)" "-"
81.167.26.0 - - [21/Jun/2026:02:49:06 +0200] "GET /index.php?lokasie=/homepages/46/d94061663/htdocs/clickandbuilds/AlexanderFrangenheim/wp-content/languages/plugins/wordpress-seo-de_DE-b7ad74768b6540fffc24bcde63413725.json&loknya=/homepages/46/d94061663/htdocs/clickandbuilds/AlexanderFrangenheim/wp-content/languages/plugins HTTP/1.1" 429 267 frangenheim.de "-" "Mozilla/5.0 (compatible; MJ12bot/v1.4.8; http://mj12bot.com/)" "-"
66.249.68.0 - - [21/Jun/2026:02:49:07 +0200] "GET /detail/684178265477 HTTP/1.1" 200 198363 frangenheim.de "-" "Mozilla/5.0 (Linux; Android 6.0.1; Nexus 5X Build/MMB29P) AppleWebKit/537.36 (KHTML, like Gecko) Chrome/148.0.7778.96 Mobile Safari/537.36 (compatible; GoogleOther)" "-"
216.73.216.0 - - [21/Jun/2026:02:49:08 +0200] "GET /goodscode/011656985495?loknya=%2Fhomepages%2F46%2Fd94061663%2Fhtdocs%2Fclickandbuilds%2F HTTP/1.1" 429 267 frangenheim.de "-" "Mozilla/5.0 AppleWebKit/537.36 (KHTML, like Gecko; compatible; ClaudeBot/1.0; +claudebot@anthropic.com)" "-"
81.167.26.0 - - [21/Jun/2026:02:49:10 +0200] "GET /index.php?lokasie=/homepages/46/d94061663/htdocs/clickandbuilds/AlexanderFrangenheim/wp-content/languages/plugins/wordpress-seo-de_DE-c1a0e4b150b113a514f162d42c0c8ab5.json&loknya=/homepages/46/d94061663/htdocs/clickandbuilds/AlexanderFrangenheim/wp-content/languages/plugins HTTP/1.1" 429 267 frangenheim.de "-" "Mozilla/5.0 (compatible; MJ12bot/v1.4.8; http://mj12bot.com/)" "-"
66.249.68.0 - - [21/Jun/2026:02:49:12 +0200] "GET /detail/09818591886 HTTP/1.1" 200 193004 frangenheim.de "-" "Mozilla/5.0 (Linux; Android 6.0.1; Nexus 5X Build/MMB29P) AppleWebKit/537.36 (KHTML, like Gecko) Chrome/148.0.7778.96 Mobile Safari/537.36 (compatible; GoogleOther)" "-"
81.167.26.0 - - [21/Jun/2026:02:49:13 +0200] "GET /index.php?lokasie=/homepages/46/d94061663/htdocs/clickandbuilds/AlexanderFrangenheim/wp-content/languages/plugins/wordpress-seo-de_DE-c1b15194a6181a17d3344302011bddf5.json&loknya=/homepages/46/d94061663/htdocs/clickandbuilds/AlexanderFrangenheim/wp-content/languages/plugins HTTP/1.1" 429 267 frangenheim.de "-" "Mozilla/5.0 (compatible; MJ12bot/v1.4.8; http://mj12bot.com/)" "-"
81.167.26.0 - - [21/Jun/2026:02:49:17 +0200] "GET /index.php?lokasie=/homepages/46/d94061663/htdocs/clickandbuilds/AlexanderFrangenheim/wp-content/languages/plugins/wordpress-seo-de_DE-cab448a7f08880f4d86d9bdf409b7cb7.json&loknya=/homepages/46/d94061663/htdocs/clickandbuilds/AlexanderFrangenheim/wp-content/languages/plugins HTTP/1.1" 429 267 frangenheim.de "-" "Mozilla/5.0 (compatible; MJ12bot/v1.4.8; http://mj12bot.com/)" "-"
81.167.26.0 - - [21/Jun/2026:02:49:20 +0200] "GET /index.php?lokasie=/homepages/46/d94061663/htdocs/clickandbuilds/AlexanderFrangenheim/wp-content/languages/plugins/wordpress-seo-de_DE-d084ad2ca2d23f1331bbd1040999834e.json&loknya=/homepages/46/d94061663/htdocs/clickandbuilds/AlexanderFrangenheim/wp-content/languages/plugins HTTP/1.1" 200 6130 frangenheim.de "-" "Mozilla/5.0 (compatible; MJ12bot/v1.4.8; http://mj12bot.com/)" "-"
216.73.216.0 - - [21/Jun/2026:02:49:21 +0200] "GET /entity/014125574892?loknya=%2Fhomepages%2F46%2Fd94061663%2Fhtdocs%2Fclickandbuilds%2FAlexanderFrangenheim%2Fwp-includes%2Fhtml-api HTTP/1.1" 429 267 frangenheim.de "-" "Mozilla/5.0 AppleWebKit/537.36 (KHTML, like Gecko; compatible; ClaudeBot/1.0; +claudebot@anthropic.com)" "-"
66.249.68.0 - - [21/Jun/2026:02:49:24 +0200] "GET /detail/841833769203 HTTP/1.1" 200 192385 frangenheim.de "-" "Mozilla/5.0 (Linux; Android 6.0.1; Nexus 5X Build/MMB29P) AppleWebKit/537.36 (KHTML, like Gecko) Chrome/148.0.7778.96 Mobile Safari/537.36 (compatible; GoogleOther)" "-"
81.167.26.0 - - [21/Jun/2026:02:49:25 +0200] "GET /index.php?lokasie=/homepages/46/d94061663/htdocs/clickandbuilds/AlexanderFrangenheim/wp-content/languages/plugins/wordpress-seo-de_DE-d6bf43f32d0c3331e709fa67e6be35a2.json&loknya=/homepages/46/d94061663/htdocs/clickandbuilds/AlexanderFrangenheim/wp-content/languages/plugins HTTP/1.1" 200 11714 frangenheim.de "-" "Mozilla/5.0 (compatible; MJ12bot/v1.4.8; http://mj12bot.com/)" "-"
66.249.68.0 - - [21/Jun/2026:02:49:25 +0200] "GET /detail/8057018229 HTTP/1.1" 200 196064 frangenheim.de "-" "Mozilla/5.0 (Linux; Android 6.0.1; Nexus 5X Build/MMB29P) AppleWebKit/537.36 (KHTML, like Gecko) Chrome/148.0.7778.96 Mobile Safari/537.36 (compatible; Googlebot/2.1; +http://www.google.com/bot.html)" "-"
81.167.26.0 - - [21/Jun/2026:02:49:30 +0200] "GET /index.php?lokasie=/homepages/46/d94061663/htdocs/clickandbuilds/AlexanderFrangenheim/wp-content/languages/plugins/wordpress-seo-de_DE-e422758335e56c41009e56217163c93a.json&loknya=/homepages/46/d94061663/htdocs/clickandbuilds/AlexanderFrangenheim/wp-content/languages/plugins HTTP/1.1" 200 5417 frangenheim.de "-" "Mozilla/5.0 (compatible; MJ12bot/v1.4.8; http://mj12bot.com/)" "-"
81.167.26.0 - - [21/Jun/2026:02:49:34 +0200] "GET /index.php?lokasie=/homepages/46/d94061663/htdocs/clickandbuilds/AlexanderFrangenheim/wp-content/languages/plugins/wordpress-seo-de_DE-fb9a41ab0ae57dcb4b10ea3343658bcc.json&loknya=/homepages/46/d94061663/htdocs/clickandbuilds/AlexanderFrangenheim/wp-content/languages/plugins HTTP/1.1" 200 6547 frangenheim.de "-" "Mozilla/5.0 (compatible; MJ12bot/v1.4.8; http://mj12bot.com/)" "-"
66.249.68.0 - - [21/Jun/2026:02:49:34 +0200] "GET /detail/001065913347 HTTP/1.1" 200 200381 frangenheim.de "-" "Mozilla/5.0 (Linux; Android 6.0.1; Nexus 5X Build/MMB29P) AppleWebKit/537.36 (KHTML, like Gecko) Chrome/148.0.7778.96 Mobile Safari/537.36 (compatible; GoogleOther)" "-"
66.249.68.0 - - [21/Jun/2026:02:49:35 +0200] "GET /detail/75134614566 HTTP/1.1" 200 200730 frangenheim.de "-" "Mozilla/5.0 (Linux; Android 6.0.1; Nexus 5X Build/MMB29P) AppleWebKit/537.36 (KHTML, like Gecko) Chrome/148.0.7778.96 Mobile Safari/537.36 (compatible; Googlebot/2.1; +http://www.google.com/bot.html)" "-"
81.167.26.0 - - [21/Jun/2026:02:49:39 +0200] "GET /index.php?lokasie=/homepages/46/d94061663/htdocs/clickandbuilds/AlexanderFrangenheim/wp-content/languages/plugins/wordpress-seo-de_DE.mo&loknya=/homepages/46/d94061663/htdocs/clickandbuilds/AlexanderFrangenheim/wp-content/languages/plugins HTTP/1.1" 200 4763 frangenheim.de "-" "Mozilla/5.0 (compatible; MJ12bot/v1.4.8; http://mj12bot.com/)" "-"
81.167.26.0 - - [21/Jun/2026:02:49:44 +0200] "GET /index.php?lokasie=/homepages/46/d94061663/htdocs/clickandbuilds/AlexanderFrangenheim/wp-content/languages/plugins/wordpress-seo-de_DE.po&loknya=/homepages/46/d94061663/htdocs/clickandbuilds/AlexanderFrangenheim/wp-content/languages/plugins HTTP/1.1" 200 210681 frangenheim.de "-" "Mozilla/5.0 (compatible; MJ12bot/v1.4.8; http://mj12bot.com/)" "-"
66.249.68.0 - - [21/Jun/2026:02:49:47 +0200] "GET /detail/001921113193 HTTP/1.1" 200 201065 frangenheim.de "-" "Mozilla/5.0 (Linux; Android 6.0.1; Nexus 5X Build/MMB29P) AppleWebKit/537.36 (KHTML, like Gecko) Chrome/148.0.7778.96 Mobile Safari/537.36 (compatible; Googlebot/2.1; +http://www.google.com/bot.html)" "-"
81.167.26.0 - - [21/Jun/2026:02:49:50 +0200] "GET /index.php?lokasie=/homepages/46/d94061663/htdocs/clickandbuilds/AlexanderFrangenheim/wp-content/languages/plugins/worker-de_DE.l10n.php&loknya=/homepages/46/d94061663/htdocs/clickandbuilds/AlexanderFrangenheim/wp-content/languages/plugins HTTP/1.1" 200 9615 frangenheim.de "-" "Mozilla/5.0 (compatible; MJ12bot/v1.4.8; http://mj12bot.com/)" "-"
207.46.13.0 - - [21/Jun/2026:02:49:52 +0200] "GET /info/011849081319 HTTP/1.1" 200 200073 www.frangenheim.de "-" "Mozilla/5.0 AppleWebKit/537.36 (KHTML, like Gecko; compatible; bingbot/2.0; +http://www.bing.com/bingbot.htm) Chrome/116.0.1938.76 Safari/537.36" "-"
81.167.26.0 - - [21/Jun/2026:02:49:54 +0200] "GET /index.php?lokasie=/homepages/46/d94061663/htdocs/clickandbuilds/AlexanderFrangenheim/wp-content/languages/plugins/worker-de_DE.mo&loknya=/homepages/46/d94061663/htdocs/clickandbuilds/AlexanderFrangenheim/wp-content/languages/plugins HTTP/1.1" 200 4756 frangenheim.de "-" "Mozilla/5.0 (compatible; MJ12bot/v1.4.8; http://mj12bot.com/)" "-"
216.73.216.0 - - [21/Jun/2026:02:49:57 +0200] "GET /entity/012452290838?loknya=%2Fhomepages%2F46%2Fd94061663%2Fhtdocs%2Fdeutsch%2Fcss HTTP/1.1" 200 6903 frangenheim.de "-" "Mozilla/5.0 AppleWebKit/537.36 (KHTML, like Gecko; compatible; ClaudeBot/1.0; +claudebot@anthropic.com)" "-"
81.167.26.0 - - [21/Jun/2026:02:49:59 +0200] "GET /index.php?lokasie=/homepages/46/d94061663/htdocs/clickandbuilds/AlexanderFrangenheim/wp-content/languages/plugins/worker-de_DE.po&loknya=/homepages/46/d94061663/htdocs/clickandbuilds/AlexanderFrangenheim/wp-content/languages/plugins HTTP/1.1" 200 13669 frangenheim.de "-" "Mozilla/5.0 (compatible; MJ12bot/v1.4.8; http://mj12bot.com/)" "-"
66.249.68.0 - - [21/Jun/2026:02:49:59 +0200] "GET /detail/804207467880 HTTP/1.1" 200 198673 frangenheim.de "-" "Mozilla/5.0 (Linux; Android 6.0.1; Nexus 5X Build/MMB29P) AppleWebKit/537.36 (KHTML, like Gecko) Chrome/148.0.7778.96 Mobile Safari/537.36 (compatible; Googlebot/2.1; +http://www.google.com/bot.html)" "-"
66.249.68.0 - - [21/Jun/2026:02:50:02 +0200] "GET /detail/783440204880 HTTP/1.1" 200 197847 frangenheim.de "-" "Mozilla/5.0 (Linux; Android 6.0.1; Nexus 5X Build/MMB29P) AppleWebKit/537.36 (KHTML, like Gecko) Chrome/148.0.7778.96 Mobile Safari/537.36 (compatible; GoogleOther)" "-"
81.167.26.0 - - [21/Jun/2026:02:50:04 +0200] "GET /index.php?lokasie=/homepages/46/d94061663/htdocs/clickandbuilds/AlexanderFrangenheim/wp-content/languages/plugins/wp-piwik-de_DE.mo&loknya=/homepages/46/d94061663/htdocs/clickandbuilds/AlexanderFrangenheim/wp-content/languages/plugins HTTP/1.1" 200 4758 frangenheim.de "-" "Mozilla/5.0 (compatible; MJ12bot/v1.4.8; http://mj12bot.com/)" "-"
74.7.241.0 - - [21/Jun/2026:02:50:05 +0200] "GET /?loknya=/homepages/34/d171253699 HTTP/1.1" 200 21731 frangenheim.de "http://frangenheim.de/?loknya=/homepages/34" "Mozilla/5.0 AppleWebKit/537.36 (KHTML, like Gecko; compatible; GPTBot/1.4; +https://openai.com/gptbot)" "-"
81.167.26.0 - - [21/Jun/2026:02:50:09 +0200] "GET /index.php?lokasie=/homepages/46/d94061663/htdocs/clickandbuilds/AlexanderFrangenheim/wp-content/languages/plugins/wp-piwik-de_DE.po&loknya=/homepages/46/d94061663/htdocs/clickandbuilds/AlexanderFrangenheim/wp-content/languages/plugins HTTP/1.1" 200 53442 frangenheim.de "-" "Mozilla/5.0 (compatible; MJ12bot/v1.4.8; http://mj12bot.com/)" "-"
66.249.68.0 - - [21/Jun/2026:02:50:11 +0200] "GET /entity/6525804240 HTTP/1.1" 200 197099 frangenheim.de "-" "Mozilla/5.0 (Linux; Android 6.0.1; Nexus 5X Build/MMB29P) AppleWebKit/537.36 (KHTML, like Gecko) Chrome/148.0.7778.96 Mobile Safari/537.36 (compatible; Googlebot/2.1; +http://www.google.com/bot.html)" "-"
43.166.246.0 - - [21/Jun/2026:02:50:12 +0200] "GET / HTTP/1.1" 200 1516 concepts-of-doing.de "-" "Mozilla/5.0 (iPhone; CPU iPhone OS 13_2_3 like Mac OS X) AppleWebKit/605.1.15 (KHTML, like Gecko) Version/13.0.3 Mobile/15E148 Safari/604.1" "-"
81.167.26.0 - - [21/Jun/2026:02:50:14 +0200] "GET /index.php?lokasie=/homepages/46/d94061663/htdocs/clickandbuilds/AlexanderFrangenheim/wp-content/languages/plugins/wp-reset-de_DE.l10n.php&loknya=/homepages/46/d94061663/htdocs/clickandbuilds/AlexanderFrangenheim/wp-content/languages/plugins HTTP/1.1" 200 20469 frangenheim.de "-" "Mozilla/5.0 (compatible; MJ12bot/v1.4.8; http://mj12bot.com/)" "-"
81.167.26.0 - - [21/Jun/2026:02:50:18 +0200] "GET /index.php?lokasie=/homepages/46/d94061663/htdocs/clickandbuilds/AlexanderFrangenheim/wp-content/languages/plugins/wp-reset-de_DE.mo&loknya=/homepages/46/d94061663/htdocs/clickandbuilds/AlexanderFrangenheim/wp-content/languages/plugins HTTP/1.1" 200 4758 frangenheim.de "-" "Mozilla/5.0 (compatible; MJ12bot/v1.4.8; http://mj12bot.com/)" "-"
66.249.68.0 - - [21/Jun/2026:02:50:20 +0200] "GET /detail/731169004623 HTTP/1.1" 200 198115 frangenheim.de "-" "Mozilla/5.0 (Linux; Android 6.0.1; Nexus 5X Build/MMB29P) AppleWebKit/537.36 (KHTML, like Gecko) Chrome/148.0.7778.96 Mobile Safari/537.36 (compatible; GoogleOther)" "-"
81.167.26.0 - - [21/Jun/2026:02:50:23 +0200] "GET /index.php?lokasie=/homepages/46/d94061663/htdocs/clickandbuilds/AlexanderFrangenheim/wp-content/languages/plugins/wp-reset-de_DE.po&loknya=/homepages/46/d94061663/htdocs/clickandbuilds/AlexanderFrangenheim/wp-content/languages/plugins HTTP/1.1" 200 27091 frangenheim.de "-" "Mozilla/5.0 (compatible; MJ12bot/v1.4.8; http://mj12bot.com/)" "-"
81.167.26.0 - - [21/Jun/2026:02:50:28 +0200] "GET /index.php?lokasie=/homepages/46/d94061663/htdocs/clickandbuilds/AlexanderFrangenheim/wp-content/languages/plugins/wp-show-posts-de_DE.l10n.php&loknya=/homepages/46/d94061663/htdocs/clickandbuilds/AlexanderFrangenheim/wp-content/languages/plugins HTTP/1.1" 200 10337 frangenheim.de "-" "Mozilla/5.0 (compatible; MJ12bot/v1.4.8; http://mj12bot.com/)" "-"
81.167.26.0 - - [21/Jun/2026:02:50:33 +0200] "GET /index.php?lokasie=/homepages/46/d94061663/htdocs/clickandbuilds/AlexanderFrangenheim/wp-content/languages/plugins/wp-show-posts-de_DE.mo&loknya=/homepages/46/d94061663/htdocs/clickandbuilds/AlexanderFrangenheim/wp-content/languages/plugins HTTP/1.1" 200 4763 frangenheim.de "-" "Mozilla/5.0 (compatible; MJ12bot/v1.4.8; http://mj12bot.com/)" "-"
66.249.68.0 - - [21/Jun/2026:02:50:34 +0200] "GET /detail/791623449344 HTTP/1.1" 200 196772 frangenheim.de "-" "Mozilla/5.0 (Linux; Android 6.0.1; Nexus 5X Build/MMB29P) AppleWebKit/537.36 (KHTML, like Gecko) Chrome/148.0.7778.96 Mobile Safari/537.36 (compatible; GoogleOther)" "-"
81.167.26.0 - - [21/Jun/2026:02:50:38 +0200] "GET /index.php?lokasie=/homepages/46/d94061663/htdocs/clickandbuilds/AlexanderFrangenheim/wp-content/languages/plugins/wp-show-posts-de_DE.po&loknya=/homepages/46/d94061663/htdocs/clickandbuilds/AlexanderFrangenheim/wp-content/languages/plugins HTTP/1.1" 200 19239 frangenheim.de "-" "Mozilla/5.0 (compatible; MJ12bot/v1.4.8; http://mj12bot.com/)" "-"
81.167.26.0 - - [21/Jun/2026:02:50:42 +0200] "GET /index.php?lokasie=/homepages/46/d94061663/htdocs/clickandbuilds/AlexanderFrangenheim/wp-content/languages/themes/.htaccess&loknya=/homepages/46/d94061663/htdocs/clickandbuilds/AlexanderFrangenheim/wp-content/languages/themes HTTP/1.1" 200 4886 frangenheim.de "-" "Mozilla/5.0 (compatible; MJ12bot/v1.4.8; http://mj12bot.com/)" "-"
81.167.26.0 - - [21/Jun/2026:02:50:47 +0200] "GET /index.php?lokasie=/homepages/46/d94061663/htdocs/clickandbuilds/AlexanderFrangenheim/wp-content/languages/themes/twentyfifteen-de_DE.mo&loknya=/homepages/46/d94061663/htdocs/clickandbuilds/AlexanderFrangenheim/wp-content/languages/themes HTTP/1.1" 200 4760 frangenheim.de "-" "Mozilla/5.0 (compatible; MJ12bot/v1.4.8; http://mj12bot.com/)" "-"
81.167.26.0 - - [21/Jun/2026:02:50:52 +0200] "GET /index.php?lokasie=/homepages/46/d94061663/htdocs/clickandbuilds/AlexanderFrangenheim/wp-content/languages/themes/twentyfifteen-de_DE.po&loknya=/homepages/46/d94061663/htdocs/clickandbuilds/AlexanderFrangenheim/wp-content/languages/themes HTTP/1.1" 200 15833 frangenheim.de "-" "Mozilla/5.0 (compatible; MJ12bot/v1.4.8; http://mj12bot.com/)" "-"
66.249.68.0 - - [21/Jun/2026:02:50:54 +0200] "GET /detail/102034661616 HTTP/1.1" 200 199857 frangenheim.de "-" "Mozilla/5.0 (Linux; Android 6.0.1; Nexus 5X Build/MMB29P) AppleWebKit/537.36 (KHTML, like Gecko) Chrome/148.0.7778.96 Mobile Safari/537.36 (compatible; GoogleOther)" "-"
81.167.26.0 - - [21/Jun/2026:02:50:57 +0200] "GET /index.php?lokasie=/homepages/46/d94061663/htdocs/clickandbuilds/AlexanderFrangenheim/wp-content/languages/themes/twentyfourteen-de_DE.mo&loknya=/homepages/46/d94061663/htdocs/clickandbuilds/AlexanderFrangenheim/wp-content/languages/themes HTTP/1.1" 429 267 frangenheim.de "-" "Mozilla/5.0 (compatible; MJ12bot/v1.4.8; http://mj12bot.com/)" "-"
216.73.216.0 - - [21/Jun/2026:02:50:59 +0200] "GET /goodscode/012414869598?loknya=%2Fdev HTTP/1.1" 200 9023 frangenheim.de "-" "Mozilla/5.0 AppleWebKit/537.36 (KHTML, like Gecko; compatible; ClaudeBot/1.0; +claudebot@anthropic.com)" "-"
81.167.26.0 - - [21/Jun/2026:02:51:01 +0200] "GET /index.php?lokasie=/homepages/46/d94061663/htdocs/clickandbuilds/AlexanderFrangenheim/wp-content/languages/themes/twentyfourteen-de_DE.po&loknya=/homepages/46/d94061663/htdocs/clickandbuilds/AlexanderFrangenheim/wp-content/languages/themes HTTP/1.1" 429 267 frangenheim.de "-" "Mozilla/5.0 (compatible; MJ12bot/v1.4.8; http://mj12bot.com/)" "-"
207.46.13.0 - - [21/Jun/2026:02:51:02 +0200] "GET /info/011903801294 HTTP/1.1" 200 199282 www.frangenheim.de "-" "Mozilla/5.0 AppleWebKit/537.36 (KHTML, like Gecko; compatible; bingbot/2.0; +http://www.bing.com/bingbot.htm) Chrome/116.0.1938.76 Safari/537.36" "-"
81.167.26.0 - - [21/Jun/2026:02:51:04 +0200] "GET /index.php?lokasie=/homepages/46/d94061663/htdocs/clickandbuilds/AlexanderFrangenheim/wp-content/languages/themes/twentyseventeen-de_DE.mo&loknya=/homepages/46/d94061663/htdocs/clickandbuilds/AlexanderFrangenheim/wp-content/languages/themes HTTP/1.1" 429 267 frangenheim.de "-" "Mozilla/5.0 (compatible; MJ12bot/v1.4.8; http://mj12bot.com/)" "-"
116.132.216.0 - - [21/Jun/2026:02:51:05 +0200] "GET / HTTP/1.1" 200 12396 studioboerne45.de "-" "YisouSpider" "-"
66.249.68.0 - - [21/Jun/2026:02:51:05 +0200] "GET /detail/01418074152 HTTP/1.1" 200 197095 frangenheim.de "-" "Mozilla/5.0 (Linux; Android 6.0.1; Nexus 5X Build/MMB29P) AppleWebKit/537.36 (KHTML, like Gecko) Chrome/148.0.7778.96 Mobile Safari/537.36 (compatible; GoogleOther)" "-"
124.239.12.0 - - [21/Jun/2026:02:51:06 +0200] "GET /wp-content/themes/lensa/includes/js/scripts.js?ver=4.6.30 HTTP/1.1" 200 8271 studioboerne45.de "http://studioboerne45.de/" "YisouSpider" "-"
106.8.138.0 - - [21/Jun/2026:02:51:06 +0200] "GET /wp-includes/js/jquery/jquery-migrate.min.js?ver=1.4.1 HTTP/1.1" 200 10056 studioboerne45.de "http://studioboerne45.de/" "YisouSpider" "-"
116.132.236.0 - - [21/Jun/2026:02:51:06 +0200] "GET /wp-content/themes/lensa/includes/css/framework.css HTTP/1.1" 200 47563 studioboerne45.de "http://studioboerne45.de/" "YisouSpider" "-"
106.8.137.0 - - [21/Jun/2026:02:51:06 +0200] "GET /wp-includes/js/jquery/jquery.js?ver=1.12.4 HTTP/1.1" 200 96874 studioboerne45.de "http://studioboerne45.de/" "YisouSpider" "-"
106.8.130.0 - - [21/Jun/2026:02:51:06 +0200] "GET /wp-content/uploads/lensa-custom/custom.css HTTP/1.1" 200 292 studioboerne45.de "http://studioboerne45.de/" "YisouSpider" "-"
106.8.139.0 - - [21/Jun/2026:02:51:06 +0200] "GET /wp-content/themes/lensa/includes/js/plugins.js?ver=4.6.30 HTTP/1.1" 200 112822 studioboerne45.de "http://studioboerne45.de/" "YisouSpider" "-"
106.8.138.0 - - [21/Jun/2026:02:51:06 +0200] "GET /wp-content/themes/lensa/includes/css/fancybox/jquery.fancybox-1.3.4.css HTTP/1.1" 200 9131 studioboerne45.de "http://studioboerne45.de/" "YisouSpider" "-"
106.8.136.0 - - [21/Jun/2026:02:51:06 +0200] "GET /wp-includes/js/wp-embed.min.js?ver=4.6.30 HTTP/1.1" 200 1436 studioboerne45.de "http://studioboerne45.de/" "YisouSpider" "-"
116.132.254.0 - - [21/Jun/2026:02:51:06 +0200] "GET /wp-content/themes/lensa/style.css HTTP/1.1" 200 46720 studioboerne45.de "http://studioboerne45.de/" "YisouSpider" "-"
116.132.136.0 - - [21/Jun/2026:02:51:06 +0200] "GET /wp-content/themes/lensa/functions/css/shortcodes.css HTTP/1.1" 200 29202 studioboerne45.de "http://studioboerne45.de/" "YisouSpider" "-"
116.132.223.0 - - [21/Jun/2026:02:51:06 +0200] "GET /wp-content/plugins/imagelightbox/css/styles.css?ver=0.1.1 HTTP/1.1" 200 44 studioboerne45.de "http://studioboerne45.de/" "YisouSpider" "-"
106.8.131.0 - - [21/Jun/2026:02:51:06 +0200] "GET /wp-content/plugins/imagelightbox/js/combined.min.js?ver=0.1.1 HTTP/1.1" 200 7063 studioboerne45.de "http://studioboerne45.de/" "YisouSpider" "-"
124.239.12.0 - - [21/Jun/2026:02:51:06 +0200] "GET /wp-content/plugins/contact-form-7/includes/css/styles.css?ver=4.5 HTTP/1.1" 200 1147 studioboerne45.de "http://studioboerne45.de/" "YisouSpider" "-"
116.132.255.0 - - [21/Jun/2026:02:51:06 +0200] "GET /wp-content/plugins/contact-form-7/includes/js/scripts.js?ver=4.5 HTTP/1.1" 200 12244 studioboerne45.de "http://studioboerne45.de/" "YisouSpider" "-"
106.8.138.0 - - [21/Jun/2026:02:51:06 +0200] "GET /wp-content/plugins/contact-form-7/includes/js/jquery.form.min.js?ver=3.51.0-2014.06.20 HTTP/1.1" 200 15248 studioboerne45.de "http://studioboerne45.de/" "YisouSpider" "-"
81.167.26.0 - - [21/Jun/2026:02:51:08 +0200] "GET /index.php?lokasie=/homepages/46/d94061663/htdocs/clickandbuilds/AlexanderFrangenheim/wp-content/languages/themes/twentyseventeen-de_DE.po&loknya=/homepages/46/d94061663/htdocs/clickandbuilds/AlexanderFrangenheim/wp-content/languages/themes HTTP/1.1" 429 267 frangenheim.de "-" "Mozilla/5.0 (compatible; MJ12bot/v1.4.8; http://mj12bot.com/)" "-"
74.7.241.0 - - [21/Jun/2026:02:51:09 +0200] "GET /?lokasie=/homepages/46/d171071539/htaccesslist&loknya=/homepages/46/d171071539 HTTP/1.1" 200 4071 frangenheim.de "http://frangenheim.de/?loknya=/homepages/46/d171071539" "Mozilla/5.0 AppleWebKit/537.36 (KHTML, like Gecko; compatible; GPTBot/1.4; +https://openai.com/gptbot)" "-"
81.167.26.0 - - [21/Jun/2026:02:51:11 +0200] "GET /index.php?lokasie=/homepages/46/d94061663/htdocs/clickandbuilds/AlexanderFrangenheim/wp-content/languages/themes/twentysixteen-de_DE.mo&loknya=/homepages/46/d94061663/htdocs/clickandbuilds/AlexanderFrangenheim/wp-content/languages/themes HTTP/1.1" 429 267 frangenheim.de "-" "Mozilla/5.0 (compatible; MJ12bot/v1.4.8; http://mj12bot.com/)" "-"
81.167.26.0 - - [21/Jun/2026:02:51:15 +0200] "GET /index.php?lokasie=/homepages/46/d94061663/htdocs/clickandbuilds/AlexanderFrangenheim/wp-content/languages/themes/twentysixteen-de_DE.po&loknya=/homepages/46/d94061663/htdocs/clickandbuilds/AlexanderFrangenheim/wp-content/languages/themes HTTP/1.1" 429 267 frangenheim.de "-" "Mozilla/5.0 (compatible; MJ12bot/v1.4.8; http://mj12bot.com/)" "-"
66.249.68.0 - - [21/Jun/2026:02:51:15 +0200] "GET /detail/652515229914 HTTP/1.1" 200 200581 frangenheim.de "-" "Mozilla/5.0 (Linux; Android 6.0.1; Nexus 5X Build/MMB29P) AppleWebKit/537.36 (KHTML, like Gecko) Chrome/148.0.7778.96 Mobile Safari/537.36 (compatible; GoogleOther)" "-"
66.249.68.0 - - [21/Jun/2026:02:51:15 +0200] "GET /detail/751743442634 HTTP/1.1" 200 196664 frangenheim.de "-" "Mozilla/5.0 (Linux; Android 6.0.1; Nexus 5X Build/MMB29P) AppleWebKit/537.36 (KHTML, like Gecko) Chrome/148.0.7778.96 Mobile Safari/537.36 (compatible; Googlebot/2.1; +http://www.google.com/bot.html)" "-"
198.244.242.0 - - [21/Jun/2026:02:51:16 +0200] "GET /market/014253118310 HTTP/1.1" 429 267 frangenheim.de "-" "Mozilla/5.0 (compatible; AhrefsBot/7.0; +http://ahrefs.com/robot/)" "-"
81.167.26.0 - - [21/Jun/2026:02:51:18 +0200] "GET /index.php?lokasie=/homepages/46/d94061663/htdocs/clickandbuilds/AlexanderFrangenheim/wp-content/languages/themes/twentytwentyone-de_DE.l10n.php&loknya=/homepages/46/d94061663/htdocs/clickandbuilds/AlexanderFrangenheim/wp-content/languages/themes HTTP/1.1" 429 267 frangenheim.de "-" "Mozilla/5.0 (compatible; MJ12bot/v1.4.8; http://mj12bot.com/)" "-"
106.8.139.0 - - [21/Jun/2026:02:51:21 +0200] "GET /wp-content/themes/lensa/fonts/bebas-neue/BebasNeue-webfont.woff HTTP/1.1" 200 11632 studioboerne45.de "http://studioboerne45.de/wp-content/themes/lensa/style.css" "YisouSpider" "-"
116.132.136.0 - - [21/Jun/2026:02:51:22 +0200] "GET /wp-includes/js/wp-emoji-release.min.js?ver=4.6.30 HTTP/1.1" 200 10331 studioboerne45.de "http://studioboerne45.de/" "YisouSpider" "-"
81.167.26.0 - - [21/Jun/2026:02:51:22 +0200] "GET /index.php?lokasie=/homepages/46/d94061663/htdocs/clickandbuilds/AlexanderFrangenheim/wp-content/languages/themes/twentytwentyone-de_DE.mo&loknya=/homepages/46/d94061663/htdocs/clickandbuilds/AlexanderFrangenheim/wp-content/languages/themes HTTP/1.1" 429 267 frangenheim.de "-" "Mozilla/5.0 (compatible; MJ12bot/v1.4.8; http://mj12bot.com/)" "-"
66.249.68.0 - - [21/Jun/2026:02:51:22 +0200] "GET /detail/022286063852 HTTP/1.1" 200 195945 frangenheim.de "-" "Mozilla/5.0 (Linux; Android 6.0.1; Nexus 5X Build/MMB29P) AppleWebKit/537.36 (KHTML, like Gecko) Chrome/148.0.7778.96 Mobile Safari/537.36 (compatible; GoogleOther)" "-"
66.249.68.0 - - [21/Jun/2026:02:51:23 +0200] "GET /goods/90206779636 HTTP/1.1" 200 195969 frangenheim.de "-" "Mozilla/5.0 (Linux; Android 6.0.1; Nexus 5X Build/MMB29P) AppleWebKit/537.36 (KHTML, like Gecko) Chrome/148.0.7778.96 Mobile Safari/537.36 (compatible; Googlebot/2.1; +http://www.google.com/bot.html)" "-"
81.167.26.0 - - [21/Jun/2026:02:51:26 +0200] "GET /index.php?lokasie=/homepages/46/d94061663/htdocs/clickandbuilds/AlexanderFrangenheim/wp-content/languages/themes/twentytwentyone-de_DE.po&loknya=/homepages/46/d94061663/htdocs/clickandbuilds/AlexanderFrangenheim/wp-content/languages/themes HTTP/1.1" 429 267 frangenheim.de "-" "Mozilla/5.0 (compatible; MJ12bot/v1.4.8; http://mj12bot.com/)" "-"
81.167.26.0 - - [21/Jun/2026:02:51:29 +0200] "GET /index.php?lokasie=/homepages/46/d94061663/htdocs/clickandbuilds/AlexanderFrangenheim/wp-content/languages/themes/twentytwentythree-de_DE.mo&loknya=/homepages/46/d94061663/htdocs/clickandbuilds/AlexanderFrangenheim/wp-content/languages/themes HTTP/1.1" 429 267 frangenheim.de "-" "Mozilla/5.0 (compatible; MJ12bot/v1.4.8; http://mj12bot.com/)" "-"
52.167.144.0 - - [21/Jun/2026:02:51:31 +0200] "GET /info/792371100890 HTTP/1.1" 200 193811 www.frangenheim.de "-" "Mozilla/5.0 AppleWebKit/537.36 (KHTML, like Gecko; compatible; bingbot/2.0; +http://www.bing.com/bingbot.htm) Chrome/116.0.1938.76 Safari/537.36" "-"
216.73.216.0 - - [21/Jun/2026:02:51:32 +0200] "GET /goodscode/0184253420?loknya=%2Fproc%2Fsys HTTP/1.1" 200 13039 frangenheim.de "-" "Mozilla/5.0 AppleWebKit/537.36 (KHTML, like Gecko; compatible; ClaudeBot/1.0; +claudebot@anthropic.com)" "-"
81.167.26.0 - - [21/Jun/2026:02:51:33 +0200] "GET /index.php?lokasie=/homepages/46/d94061663/htdocs/clickandbuilds/AlexanderFrangenheim/wp-content/languages/themes/twentytwentythree-de_DE.po&loknya=/homepages/46/d94061663/htdocs/clickandbuilds/AlexanderFrangenheim/wp-content/languages/themes HTTP/1.1" 429 267 frangenheim.de "-" "Mozilla/5.0 (compatible; MJ12bot/v1.4.8; http://mj12bot.com/)" "-"
66.249.68.0 - - [21/Jun/2026:02:51:34 +0200] "GET /detail/771187406925 HTTP/1.1" 200 193706 frangenheim.de "-" "Mozilla/5.0 (Linux; Android 6.0.1; Nexus 5X Build/MMB29P) AppleWebKit/537.36 (KHTML, like Gecko) Chrome/148.0.7778.96 Mobile Safari/537.36 (compatible; GoogleOther)" "-"
81.167.26.0 - - [21/Jun/2026:02:51:36 +0200] "GET /index.php?lokasie=/homepages/46/d94061663/htdocs/clickandbuilds/AlexanderFrangenheim/wp-content/languages/themes/twentytwentytwo-de_DE.mo&loknya=/homepages/46/d94061663/htdocs/clickandbuilds/AlexanderFrangenheim/wp-content/languages/themes HTTP/1.1" 429 267 frangenheim.de "-" "Mozilla/5.0 (compatible; MJ12bot/v1.4.8; http://mj12bot.com/)" "-"
81.167.26.0 - - [21/Jun/2026:02:51:40 +0200] "GET /index.php?lokasie=/homepages/46/d94061663/htdocs/clickandbuilds/AlexanderFrangenheim/wp-content/languages/themes/twentytwentytwo-de_DE.po&loknya=/homepages/46/d94061663/htdocs/clickandbuilds/AlexanderFrangenheim/wp-content/languages/themes HTTP/1.1" 429 267 frangenheim.de "-" "Mozilla/5.0 (compatible; MJ12bot/v1.4.8; http://mj12bot.com/)" "-"
81.167.26.0 - - [21/Jun/2026:02:51:43 +0200] "GET /index.php?lokasie=/homepages/46/d94061663/htdocs/clickandbuilds/AlexanderFrangenheim/wp-content/plugins/optimizer-toolkit-726/.htaccess&loknya=/homepages/46/d94061663/htdocs/clickandbuilds/AlexanderFrangenheim/wp-content/plugins/optimizer-toolkit-726 HTTP/1.1" 429 267 frangenheim.de "-" "Mozilla/5.0 (compatible; MJ12bot/v1.4.8; http://mj12bot.com/)" "-"
81.167.26.0 - - [21/Jun/2026:02:51:47 +0200] "GET /index.php?lokasie=/homepages/46/d94061663/htdocs/clickandbuilds/AlexanderFrangenheim/wp-content/plugins/optimizer-toolkit-726/optimizer-toolkit-726.php&loknya=/homepages/46/d94061663/htdocs/clickandbuilds/AlexanderFrangenheim/wp-content/plugins/optimizer-toolkit-726 HTTP/1.1" 429 267 frangenheim.de "-" "Mozilla/5.0 (compatible; MJ12bot/v1.4.8; http://mj12bot.com/)" "-"
81.167.26.0 - - [21/Jun/2026:02:51:50 +0200] "GET /index.php?lokasie=/homepages/46/d94061663/htdocs/clickandbuilds/AlexanderFrangenheim/wp-content/plugins/post-views-counter/index.php&loknya=/homepages/46/d94061663/htdocs/clickandbuilds/AlexanderFrangenheim/wp-content/plugins/post-views-counter HTTP/1.1" 429 267 frangenheim.de "-" "Mozilla/5.0 (compatible; MJ12bot/v1.4.8; http://mj12bot.com/)" "-"
81.167.26.0 - - [21/Jun/2026:02:51:54 +0200] "GET /index.php?lokasie=/homepages/46/d94061663/htdocs/clickandbuilds/AlexanderFrangenheim/wp-content/plugins/post-views-counter/post-views-counter.php&loknya=/homepages/46/d94061663/htdocs/clickandbuilds/AlexanderFrangenheim/wp-content/plugins/post-views-counter HTTP/1.1" 429 267 frangenheim.de "-" "Mozilla/5.0 (compatible; MJ12bot/v1.4.8; http://mj12bot.com/)" "-"
66.249.68.0 - - [21/Jun/2026:02:51:54 +0200] "GET /info/85718365547 HTTP/1.1" 200 201944 frangenheim.de "-" "Mozilla/5.0 (Linux; Android 6.0.1; Nexus 5X Build/MMB29P) AppleWebKit/537.36 (KHTML, like Gecko) Chrome/148.0.7778.96 Mobile Safari/537.36 (compatible; GoogleOther)" "-"
81.167.26.0 - - [21/Jun/2026:02:51:57 +0200] "GET /index.php?lokasie=/homepages/46/d94061663/htdocs/clickandbuilds/AlexanderFrangenheim/wp-content/plugins/post-views-counter/readme.txt&loknya=/homepages/46/d94061663/htdocs/clickandbuilds/AlexanderFrangenheim/wp-content/plugins/post-views-counter HTTP/1.1" 200 23094 frangenheim.de "-" "Mozilla/5.0 (compatible; MJ12bot/v1.4.8; http://mj12bot.com/)" "-"
66.249.68.0 - - [21/Jun/2026:02:52:00 +0200] "GET /detail/731169004623 HTTP/1.1" 200 198115 frangenheim.de "-" "Mozilla/5.0 (Linux; Android 6.0.1; Nexus 5X Build/MMB29P) AppleWebKit/537.36 (KHTML, like Gecko) Chrome/148.0.7778.96 Mobile Safari/537.36 (compatible; Googlebot/2.1; +http://www.google.com/bot.html)" "-"
81.167.26.0 - - [21/Jun/2026:02:52:03 +0200] "GET /index.php?lokasie=/homepages/46/d94061663/htdocs/clickandbuilds/AlexanderFrangenheim/wp-content/plugins/premium-dashboard/premium-dashboard.php&loknya=/homepages/46/d94061663/htdocs/clickandbuilds/AlexanderFrangenheim/wp-content/plugins/premium-dashboard HTTP/1.1" 200 17316 frangenheim.de "-" "Mozilla/5.0 (compatible; MJ12bot/v1.4.8; http://mj12bot.com/)" "-"
216.73.216.0 - - [21/Jun/2026:02:52:05 +0200] "GET /items/012992854035?loknya=%2Fhomepages%2F46%2Fd94061663%2Fhtdocs%2F HTTP/1.1" 200 31130 frangenheim.de "-" "Mozilla/5.0 AppleWebKit/537.36 (KHTML, like Gecko; compatible; ClaudeBot/1.0; +claudebot@anthropic.com)" "-"
74.7.241.0 - - [21/Jun/2026:02:52:07 +0200] "GET /?lokasie=/homepages/43/d171254648/htaccesslist&loknya=/homepages/43/d171254648 HTTP/1.1" 200 4071 frangenheim.de "http://frangenheim.de/?loknya=/homepages/43/d171254648" "Mozilla/5.0 AppleWebKit/537.36 (KHTML, like Gecko; compatible; GPTBot/1.4; +https://openai.com/gptbot)" "-"
81.167.26.0 - - [21/Jun/2026:02:52:09 +0200] "GET /index.php?lokasie=/homepages/46/d94061663/htdocs/clickandbuilds/AlexanderFrangenheim/wp-content/plugins/query-monitor/.htaccess&loknya=/homepages/46/d94061663/htdocs/clickandbuilds/AlexanderFrangenheim/wp-content/plugins/query-monitor HTTP/1.1" 200 4899 frangenheim.de "-" "Mozilla/5.0 (compatible; MJ12bot/v1.4.8; http://mj12bot.com/)" "-"
81.167.26.0 - - [21/Jun/2026:02:52:15 +0200] "GET /index.php?lokasie=/homepages/46/d94061663/htdocs/clickandbuilds/AlexanderFrangenheim/wp-content/plugins/query-monitor/LICENSE&loknya=/homepages/46/d94061663/htdocs/clickandbuilds/AlexanderFrangenheim/wp-content/plugins/query-monitor HTTP/1.1" 200 22852 frangenheim.de "-" "Mozilla/5.0 (compatible; MJ12bot/v1.4.8; http://mj12bot.com/)" "-"
66.249.68.0 - - [21/Jun/2026:02:52:17 +0200] "GET /shopbrand/86404971929 HTTP/1.1" 200 198777 frangenheim.de "-" "Mozilla/5.0 (Linux; Android 6.0.1; Nexus 5X Build/MMB29P) AppleWebKit/537.36 (KHTML, like Gecko) Chrome/148.0.7778.96 Mobile Safari/537.36 (compatible; Googlebot/2.1; +http://www.google.com/bot.html)" "-"
81.167.26.0 - - [21/Jun/2026:02:52:20 +0200] "GET /index.php?lokasie=/homepages/46/d94061663/htdocs/clickandbuilds/AlexanderFrangenheim/wp-content/plugins/query-monitor/SECURITY.md&loknya=/homepages/46/d94061663/htdocs/clickandbuilds/AlexanderFrangenheim/wp-content/plugins/query-monitor HTTP/1.1" 200 5250 frangenheim.de "-" "Mozilla/5.0 (compatible; MJ12bot/v1.4.8; http://mj12bot.com/)" "-"
81.167.26.0 - - [21/Jun/2026:02:52:26 +0200] "GET /index.php?lokasie=/homepages/46/d94061663/htdocs/clickandbuilds/AlexanderFrangenheim/wp-content/plugins/query-monitor/composer.json&loknya=/homepages/46/d94061663/htdocs/clickandbuilds/AlexanderFrangenheim/wp-content/plugins/query-monitor HTTP/1.1" 200 8468 frangenheim.de "-" "Mozilla/5.0 (compatible; MJ12bot/v1.4.8; http://mj12bot.com/)" "-"
66.249.68.0 - - [21/Jun/2026:02:52:29 +0200] "GET /goodscode/762275450592 HTTP/1.1" 200 199018 frangenheim.de "-" "Mozilla/5.0 (Linux; Android 6.0.1; Nexus 5X Build/MMB29P) AppleWebKit/537.36 (KHTML, like Gecko) Chrome/148.0.7778.96 Mobile Safari/537.36 (compatible; GoogleOther)" "-"
81.167.26.0 - - [21/Jun/2026:02:52:32 +0200] "GET /index.php?lokasie=/homepages/46/d94061663/htdocs/clickandbuilds/AlexanderFrangenheim/wp-content/plugins/query-monitor/query-monitor.php&loknya=/homepages/46/d94061663/htdocs/clickandbuilds/AlexanderFrangenheim/wp-content/plugins/query-monitor HTTP/1.1" 200 7658 frangenheim.de "-" "Mozilla/5.0 (compatible; MJ12bot/v1.4.8; http://mj12bot.com/)" "-"
81.167.26.0 - - [21/Jun/2026:02:52:37 +0200] "GET /index.php?lokasie=/homepages/46/d94061663/htdocs/clickandbuilds/AlexanderFrangenheim/wp-content/plugins/query-monitor/readme.txt&loknya=/homepages/46/d94061663/htdocs/clickandbuilds/AlexanderFrangenheim/wp-content/plugins/query-monitor HTTP/1.1" 200 18971 frangenheim.de "-" "Mozilla/5.0 (compatible; MJ12bot/v1.4.8; http://mj12bot.com/)" "-"
216.73.216.0 - - [21/Jun/2026:02:52:39 +0200] "GET /entity/013529867598?loknya=%2Ftmp-private HTTP/1.1" 200 5040 frangenheim.de "-" "Mozilla/5.0 AppleWebKit/537.36 (KHTML, like Gecko; compatible; ClaudeBot/1.0; +claudebot@anthropic.com)" "-"
177.32.133.0 - - [21/Jun/2026:02:52:39 +0200] "GET /?loknya=%2Fmnt HTTP/1.1" 200 6987 frangenheim.de "-" "Opera/9.64.(Windows NT 11.0; mt-MT) Presto/2.9.189 Version/12.00" "-"
81.167.26.0 - - [21/Jun/2026:02:52:43 +0200] "GET /index.php?lokasie=/homepages/46/d94061663/htdocs/clickandbuilds/AlexanderFrangenheim/wp-content/plugins/regenerate-thumbnails/readme.txt&loknya=/homepages/46/d94061663/htdocs/clickandbuilds/AlexanderFrangenheim/wp-content/plugins/regenerate-thumbnails HTTP/1.1" 200 14567 frangenheim.de "-" "Mozilla/5.0 (compatible; MJ12bot/v1.4.8; http://mj12bot.com/)" "-"
81.167.26.0 - - [21/Jun/2026:02:52:49 +0200] "GET /index.php?lokasie=/homepages/46/d94061663/htdocs/clickandbuilds/AlexanderFrangenheim/wp-content/plugins/regenerate-thumbnails/regenerate-thumbnails.php&loknya=/homepages/46/d94061663/htdocs/clickandbuilds/AlexanderFrangenheim/wp-content/plugins/regenerate-thumbnails HTTP/1.1" 200 30664 frangenheim.de "-" "Mozilla/5.0 (compatible; MJ12bot/v1.4.8; http://mj12bot.com/)" "-"
81.167.26.0 - - [21/Jun/2026:02:52:55 +0200] "GET /index.php?lokasie=/homepages/46/d94061663/htdocs/clickandbuilds/AlexanderFrangenheim/wp-content/plugins/shadowbox-js/.htaccess&loknya=/homepages/46/d94061663/htdocs/clickandbuilds/AlexanderFrangenheim/wp-content/plugins/shadowbox-js HTTP/1.1" 200 4896 frangenheim.de "-" "Mozilla/5.0 (compatible; MJ12bot/v1.4.8; http://mj12bot.com/)" "-"
74.7.241.0 - - [21/Jun/2026:02:52:58 +0200] "GET /?lokasie=/homepages/43/d171254648/phpinilist&loknya=/homepages/43/d171254648 HTTP/1.1" 200 4069 frangenheim.de "http://frangenheim.de/?loknya=/homepages/43/d171254648" "Mozilla/5.0 AppleWebKit/537.36 (KHTML, like Gecko; compatible; GPTBot/1.4; +https://openai.com/gptbot)" "-"
66.249.68.0 - - [21/Jun/2026:02:53:00 +0200] "GET /entity/804241218437 HTTP/1.1" 200 195861 frangenheim.de "-" "Mozilla/5.0 (Linux; Android 6.0.1; Nexus 5X Build/MMB29P) AppleWebKit/537.36 (KHTML, like Gecko) Chrome/148.0.7778.96 Mobile Safari/537.36 (compatible; GoogleOther)" "-"
81.167.26.0 - - [21/Jun/2026:02:53:01 +0200] "GET /index.php?lokasie=/homepages/46/d94061663/htdocs/clickandbuilds/AlexanderFrangenheim/wp-content/plugins/shadowbox-js/readme.txt&loknya=/homepages/46/d94061663/htdocs/clickandbuilds/AlexanderFrangenheim/wp-content/plugins/shadowbox-js HTTP/1.1" 200 24901 frangenheim.de "-" "Mozilla/5.0 (compatible; MJ12bot/v1.4.8; http://mj12bot.com/)" "-"
51.195.215.0 - - [21/Jun/2026:02:53:08 +0200] "GET /market/013483579674 HTTP/1.1" 200 42263 frangenheim.de "-" "Mozilla/5.0 (compatible; AhrefsBot/7.0; +http://ahrefs.com/robot/)" "-"
81.167.26.0 - - [21/Jun/2026:02:53:08 +0200] "GET /index.php?lokasie=/homepages/46/d94061663/htdocs/clickandbuilds/AlexanderFrangenheim/wp-content/plugins/shadowbox-js/screenshot-1.png&loknya=/homepages/46/d94061663/htdocs/clickandbuilds/AlexanderFrangenheim/wp-content/plugins/shadowbox-js HTTP/1.1" 200 4764 frangenheim.de "-" "Mozilla/5.0 (compatible; MJ12bot/v1.4.8; http://mj12bot.com/)" "-"
216.73.216.0 - - [21/Jun/2026:02:53:10 +0200] "GET /items/01269134282?loknya=%2Fhomepages%2F46%2Fd94061663%2Fhtdocs HTTP/1.1" 200 31074 frangenheim.de "-" "Mozilla/5.0 AppleWebKit/537.36 (KHTML, like Gecko; compatible; ClaudeBot/1.0; +claudebot@anthropic.com)" "-"
81.167.26.0 - - [21/Jun/2026:02:53:13 +0200] "GET /index.php?lokasie=/homepages/46/d94061663/htdocs/clickandbuilds/AlexanderFrangenheim/wp-content/plugins/shadowbox-js/screenshot-2.png&loknya=/homepages/46/d94061663/htdocs/clickandbuilds/AlexanderFrangenheim/wp-content/plugins/shadowbox-js HTTP/1.1" 200 4764 frangenheim.de "-" "Mozilla/5.0 (compatible; MJ12bot/v1.4.8; http://mj12bot.com/)" "-"
81.167.26.0 - - [21/Jun/2026:02:53:19 +0200] "GET /index.php?lokasie=/homepages/46/d94061663/htdocs/clickandbuilds/AlexanderFrangenheim/wp-content/plugins/shadowbox-js/screenshot-3.png&loknya=/homepages/46/d94061663/htdocs/clickandbuilds/AlexanderFrangenheim/wp-content/plugins/shadowbox-js HTTP/1.1" 200 4764 frangenheim.de "-" "Mozilla/5.0 (compatible; MJ12bot/v1.4.8; http://mj12bot.com/)" "-"
81.167.26.0 - - [21/Jun/2026:02:53:24 +0200] "GET /index.php?lokasie=/homepages/46/d94061663/htdocs/clickandbuilds/AlexanderFrangenheim/wp-content/plugins/shadowbox-js/shadowbox-js.php&loknya=/homepages/46/d94061663/htdocs/clickandbuilds/AlexanderFrangenheim/wp-content/plugins/shadowbox-js HTTP/1.1" 200 12164 frangenheim.de "-" "Mozilla/5.0 (compatible; MJ12bot/v1.4.8; http://mj12bot.com/)" "-"
81.167.26.0 - - [21/Jun/2026:02:53:29 +0200] "GET /index.php?lokasie=/homepages/46/d94061663/htdocs/clickandbuilds/AlexanderFrangenheim/wp-content/plugins/shadowbox-js/shadowbox-title-push.php&loknya=/homepages/46/d94061663/htdocs/clickandbuilds/AlexanderFrangenheim/wp-content/plugins/shadowbox-js HTTP/1.1" 200 96217 frangenheim.de "-" "Mozilla/5.0 (compatible; MJ12bot/v1.4.8; http://mj12bot.com/)" "-"
66.249.68.0 - - [21/Jun/2026:02:53:33 +0200] "GET /info/772247812645 HTTP/1.1" 200 199077 frangenheim.de "-" "Mozilla/5.0 (Linux; Android 6.0.1; Nexus 5X Build/MMB29P) AppleWebKit/537.36 (KHTML, like Gecko) Chrome/148.0.7778.96 Mobile Safari/537.36 (compatible; GoogleOther)" "-"
81.167.26.0 - - [21/Jun/2026:02:53:35 +0200] "GET /index.php?lokasie=/homepages/46/d94061663/htdocs/clickandbuilds/AlexanderFrangenheim/wp-content/plugins/shadowbox-js/uninstall.php&loknya=/homepages/46/d94061663/htdocs/clickandbuilds/AlexanderFrangenheim/wp-content/plugins/shadowbox-js HTTP/1.1" 200 5178 frangenheim.de "-" "Mozilla/5.0 (compatible; MJ12bot/v1.4.8; http://mj12bot.com/)" "-"
103.185.43.0 - - [21/Jun/2026:02:53:35 +0200] "GET /wp-json/wp/v2/posts HTTP/1.1" 404 112 studioboerne45.de "-" "Mozilla/5.0 (Windows NT 10.0; Win64; x64) AppleWebKit/537.36 (KHTML, like Gecko) Chrome/120.0.0.0 Safari/537.36" "-"
216.73.216.0 - - [21/Jun/2026:02:53:39 +0200] "GET /entity/014108801764 HTTP/1.1" 200 42265 frangenheim.de "-" "Mozilla/5.0 AppleWebKit/537.36 (KHTML, like Gecko; compatible; ClaudeBot/1.0; +claudebot@anthropic.com)" "-"
81.167.26.0 - - [21/Jun/2026:02:53:41 +0200] "GET /index.php?lokasie=/homepages/46/d94061663/htdocs/clickandbuilds/AlexanderFrangenheim/wp-content/plugins/simple-audio-player/.htaccess&loknya=/homepages/46/d94061663/htdocs/clickandbuilds/AlexanderFrangenheim/wp-content/plugins/simple-audio-player HTTP/1.1" 200 4917 frangenheim.de "-" "Mozilla/5.0 (compatible; MJ12bot/v1.4.8; http://mj12bot.com/)" "-"
74.7.241.0 - - [21/Jun/2026:02:53:44 +0200] "GET /?lokasie=/homepages/26/d171214305/phpinilist&loknya=/homepages/26/d171214305 HTTP/1.1" 200 4069 frangenheim.de "http://frangenheim.de/?loknya=/homepages/26/d171214305" "Mozilla/5.0 AppleWebKit/537.36 (KHTML, like Gecko; compatible; GPTBot/1.4; +https://openai.com/gptbot)" "-"
81.167.26.0 - - [21/Jun/2026:02:53:47 +0200] "GET /index.php?lokasie=/homepages/46/d94061663/htdocs/clickandbuilds/AlexanderFrangenheim/wp-content/plugins/simple-audio-player/readme.txt&loknya=/homepages/46/d94061663/htdocs/clickandbuilds/AlexanderFrangenheim/wp-content/plugins/simple-audio-player HTTP/1.1" 200 8833 frangenheim.de "-" "Mozilla/5.0 (compatible; MJ12bot/v1.4.8; http://mj12bot.com/)" "-"
81.167.26.0 - - [21/Jun/2026:02:53:53 +0200] "GET /index.php?lokasie=/homepages/46/d94061663/htdocs/clickandbuilds/AlexanderFrangenheim/wp-content/plugins/simple-audio-player/simple-audio-player.php&loknya=/homepages/46/d94061663/htdocs/clickandbuilds/AlexanderFrangenheim/wp-content/plugins/simple-audio-player HTTP/1.1" 429 267 frangenheim.de "-" "Mozilla/5.0 (compatible; MJ12bot/v1.4.8; http://mj12bot.com/)" "-"
81.167.26.0 - - [21/Jun/2026:02:53:57 +0200] "GET /index.php?lokasie=/homepages/46/d94061663/htdocs/clickandbuilds/AlexanderFrangenheim/wp-content/plugins/simple-lightbox/.gitignore&loknya=/homepages/46/d94061663/htdocs/clickandbuilds/AlexanderFrangenheim/wp-content/plugins/simple-lightbox HTTP/1.1" 429 267 frangenheim.de "-" "Mozilla/5.0 (compatible; MJ12bot/v1.4.8; http://mj12bot.com/)" "-"
216.73.216.0 - - [21/Jun/2026:02:53:57 +0200] "GET /entity/01703546216 HTTP/1.1" 200 42265 frangenheim.de "-" "Mozilla/5.0 AppleWebKit/537.36 (KHTML, like Gecko; compatible; ClaudeBot/1.0; +claudebot@anthropic.com)" "-"
81.167.26.0 - - [21/Jun/2026:02:54:00 +0200] "GET /index.php?lokasie=/homepages/46/d94061663/htdocs/clickandbuilds/AlexanderFrangenheim/wp-content/plugins/simple-lightbox/.htaccess&loknya=/homepages/46/d94061663/htdocs/clickandbuilds/AlexanderFrangenheim/wp-content/plugins/simple-lightbox HTTP/1.1" 429 267 frangenheim.de "-" "Mozilla/5.0 (compatible; MJ12bot/v1.4.8; http://mj12bot.com/)" "-"
