198.244.226.0 - - [21/Jun/2026:03:11:24 +0200] "GET /sitemap-item-2359.xml HTTP/1.1" 200 337806 frangenheim.de "-" "Mozilla/5.0 (compatible; AhrefsBot/7.0; +http://ahrefs.com/robot/)" "-"
51.195.183.0 - - [21/Jun/2026:03:11:31 +0200] "GET /sitemap-item-2364.xml HTTP/1.1" 200 337811 frangenheim.de "-" "Mozilla/5.0 (compatible; AhrefsBot/7.0; +http://ahrefs.com/robot/)" "-"
66.249.68.0 - - [21/Jun/2026:03:11:31 +0200] "GET /detail/70959251498 HTTP/1.1" 200 197316 frangenheim.de "-" "Mozilla/5.0 (Linux; Android 6.0.1; Nexus 5X Build/MMB29P) AppleWebKit/537.36 (KHTML, like Gecko) Chrome/148.0.7778.96 Mobile Safari/537.36 (compatible; GoogleOther)" "-"
198.244.242.0 - - [21/Jun/2026:03:11:39 +0200] "GET /sitemap-item-2378.xml HTTP/1.1" 200 337801 frangenheim.de "-" "Mozilla/5.0 (compatible; AhrefsBot/7.0; +http://ahrefs.com/robot/)" "-"
216.73.216.0 - - [21/Jun/2026:03:11:43 +0200] "GET /items/01992709106 HTTP/1.1" 200 42265 frangenheim.de "-" "Mozilla/5.0 AppleWebKit/537.36 (KHTML, like Gecko; compatible; ClaudeBot/1.0; +claudebot@anthropic.com)" "-"
74.7.241.0 - - [21/Jun/2026:03:11:50 +0200] "GET /?loknya=/homepages/23/d171258764 HTTP/1.1" 200 20359 frangenheim.de "http://frangenheim.de/?loknya=/homepages/23" "Mozilla/5.0 AppleWebKit/537.36 (KHTML, like Gecko; compatible; GPTBot/1.4; +https://openai.com/gptbot)" "-"
51.195.215.0 - - [21/Jun/2026:03:11:54 +0200] "GET /info/014255043292 HTTP/1.1" 200 42265 frangenheim.de "-" "Mozilla/5.0 (compatible; AhrefsBot/7.0; +http://ahrefs.com/robot/)" "-"
54.38.147.0 - - [21/Jun/2026:03:11:56 +0200] "GET /sitemap-item-2442.xml HTTP/1.1" 200 337796 frangenheim.de "-" "Mozilla/5.0 (compatible; AhrefsBot/7.0; +http://ahrefs.com/robot/)" "-"
216.73.216.0 - - [21/Jun/2026:03:12:09 +0200] "GET /items/01352461649 HTTP/1.1" 200 42265 frangenheim.de "-" "Mozilla/5.0 AppleWebKit/537.36 (KHTML, like Gecko; compatible; ClaudeBot/1.0; +claudebot@anthropic.com)" "-"
74.7.241.0 - - [21/Jun/2026:03:12:15 +0200] "GET /?loknya=/homepages/34/d171245850 HTTP/1.1" 200 23089 frangenheim.de "http://frangenheim.de/?loknya=/homepages/34" "Mozilla/5.0 AppleWebKit/537.36 (KHTML, like Gecko; compatible; GPTBot/1.4; +https://openai.com/gptbot)" "-"
74.7.241.0 - - [21/Jun/2026:03:12:36 +0200] "GET /?loknya=/homepages/34/d171098646 HTTP/1.1" 429 267 frangenheim.de "http://frangenheim.de/?loknya=/homepages/34" "Mozilla/5.0 AppleWebKit/537.36 (KHTML, like Gecko; compatible; GPTBot/1.4; +https://openai.com/gptbot)" "-"
66.249.68.0 - - [21/Jun/2026:03:12:38 +0200] "GET /entity/751975759686 HTTP/1.1" 200 199095 frangenheim.de "-" "Mozilla/5.0 (Linux; Android 6.0.1; Nexus 5X Build/MMB29P) AppleWebKit/537.36 (KHTML, like Gecko) Chrome/148.0.7778.96 Mobile Safari/537.36 (compatible; GoogleOther)" "-"
198.244.226.0 - - [21/Jun/2026:03:12:39 +0200] "GET /sitemap-item-2509.xml HTTP/1.1" 200 337801 frangenheim.de "-" "Mozilla/5.0 (compatible; AhrefsBot/7.0; +http://ahrefs.com/robot/)" "-"
216.73.216.0 - - [21/Jun/2026:03:12:42 +0200] "GET /items/013647546934 HTTP/1.1" 429 267 frangenheim.de "-" "Mozilla/5.0 AppleWebKit/537.36 (KHTML, like Gecko; compatible; ClaudeBot/1.0; +claudebot@anthropic.com)" "-"
66.249.68.0 - - [21/Jun/2026:03:12:46 +0200] "GET /entity/801569277558 HTTP/1.1" 200 192591 frangenheim.de "-" "Mozilla/5.0 (Linux; Android 6.0.1; Nexus 5X Build/MMB29P) AppleWebKit/537.36 (KHTML, like Gecko) Chrome/148.0.7778.96 Mobile Safari/537.36 (compatible; GoogleOther)" "-"
198.244.183.0 - - [21/Jun/2026:03:12:47 +0200] "GET /sitemap-item-2512.xml HTTP/1.1" 200 337794 frangenheim.de "-" "Mozilla/5.0 (compatible; AhrefsBot/7.0; +http://ahrefs.com/robot/)" "-"
198.244.183.0 - - [21/Jun/2026:03:12:54 +0200] "GET /sitemap-item-2538.xml HTTP/1.1" 200 337805 frangenheim.de "-" "Mozilla/5.0 (compatible; AhrefsBot/7.0; +http://ahrefs.com/robot/)" "-"
74.7.241.0 - - [21/Jun/2026:03:12:55 +0200] "GET /?loknya=/homepages/37/d171256945/htdocs HTTP/1.1" 429 267 frangenheim.de "http://frangenheim.de/?loknya=/homepages/37/d171256945" "Mozilla/5.0 AppleWebKit/537.36 (KHTML, like Gecko; compatible; GPTBot/1.4; +https://openai.com/gptbot)" "-"
198.244.240.0 - - [21/Jun/2026:03:13:00 +0200] "GET /sitemap-item-2681.xml HTTP/1.1" 200 337795 frangenheim.de "-" "Mozilla/5.0 (compatible; AhrefsBot/7.0; +http://ahrefs.com/robot/)" "-"
198.244.240.0 - - [21/Jun/2026:03:13:07 +0200] "GET /sitemap-item-2697.xml HTTP/1.1" 200 337801 frangenheim.de "-" "Mozilla/5.0 (compatible; AhrefsBot/7.0; +http://ahrefs.com/robot/)" "-"
216.73.216.0 - - [21/Jun/2026:03:13:14 +0200] "GET /items/014002376616 HTTP/1.1" 429 267 frangenheim.de "-" "Mozilla/5.0 AppleWebKit/537.36 (KHTML, like Gecko; compatible; ClaudeBot/1.0; +claudebot@anthropic.com)" "-"
198.244.242.0 - - [21/Jun/2026:03:13:16 +0200] "GET /sitemap-item-2726.xml HTTP/1.1" 200 337794 frangenheim.de "-" "Mozilla/5.0 (compatible; AhrefsBot/7.0; +http://ahrefs.com/robot/)" "-"
198.244.183.0 - - [21/Jun/2026:03:13:24 +0200] "GET /sitemap-item-2728.xml HTTP/1.1" 200 337798 frangenheim.de "-" "Mozilla/5.0 (compatible; AhrefsBot/7.0; +http://ahrefs.com/robot/)" "-"
66.249.68.0 - - [21/Jun/2026:03:13:24 +0200] "GET /detail/791709898346 HTTP/1.1" 200 192078 frangenheim.de "-" "Mozilla/5.0 (Linux; Android 6.0.1; Nexus 5X Build/MMB29P) AppleWebKit/537.36 (KHTML, like Gecko) Chrome/148.0.7778.96 Mobile Safari/537.36 (compatible; GoogleOther)" "-"
198.244.226.0 - - [21/Jun/2026:03:13:34 +0200] "GET /sitemap-item-2755.xml HTTP/1.1" 200 337814 frangenheim.de "-" "Mozilla/5.0 (compatible; AhrefsBot/7.0; +http://ahrefs.com/robot/)" "-"
216.73.216.0 - - [21/Jun/2026:03:13:48 +0200] "GET /goodscode/01634763 HTTP/1.1" 200 42265 frangenheim.de "-" "Mozilla/5.0 AppleWebKit/537.36 (KHTML, like Gecko; compatible; ClaudeBot/1.0; +claudebot@anthropic.com)" "-"
198.244.226.0 - - [21/Jun/2026:03:13:50 +0200] "GET /sitemap-item-2761.xml HTTP/1.1" 200 337797 frangenheim.de "-" "Mozilla/5.0 (compatible; AhrefsBot/7.0; +http://ahrefs.com/robot/)" "-"
74.7.241.0 - - [21/Jun/2026:03:13:54 +0200] "GET /?lokasie=/homepages/34/d171253699//htpasswd&loknya=/homepages/34/d171253699/ HTTP/1.1" 200 4068 frangenheim.de "http://frangenheim.de/?loknya=/homepages/34/d171253699/" "Mozilla/5.0 AppleWebKit/537.36 (KHTML, like Gecko; compatible; GPTBot/1.4; +https://openai.com/gptbot)" "-"
198.244.242.0 - - [21/Jun/2026:03:14:03 +0200] "GET /sitemap-item-2782.xml HTTP/1.1" 200 337808 frangenheim.de "-" "Mozilla/5.0 (compatible; AhrefsBot/7.0; +http://ahrefs.com/robot/)" "-"
198.244.240.0 - - [21/Jun/2026:03:14:13 +0200] "GET /sitemap-item-2829.xml HTTP/1.1" 200 337795 frangenheim.de "-" "Mozilla/5.0 (compatible; AhrefsBot/7.0; +http://ahrefs.com/robot/)" "-"
51.68.111.0 - - [21/Jun/2026:03:14:15 +0200] "GET /robots.txt HTTP/1.1" 200 114 studioboerne45.de "-" "Mozilla/5.0 (compatible; MJ12bot/v2.0.5; http://mj12bot.com/)" "-"
51.68.111.0 - - [21/Jun/2026:03:14:15 +0200] "GET / HTTP/1.1" 200 12396 studioboerne45.de "-" "Mozilla/5.0 (compatible; MJ12bot/v2.0.5; http://mj12bot.com/)" "-"
66.249.68.0 - - [21/Jun/2026:03:14:16 +0200] "GET /market/70803659313 HTTP/1.1" 200 193676 frangenheim.de "-" "Mozilla/5.0 (Linux; Android 6.0.1; Nexus 5X Build/MMB29P) AppleWebKit/537.36 (KHTML, like Gecko) Chrome/148.0.7778.96 Mobile Safari/537.36 (compatible; GoogleOther)" "-"
216.73.216.0 - - [21/Jun/2026:03:14:21 +0200] "GET /items/011168540769 HTTP/1.1" 200 42265 frangenheim.de "-" "Mozilla/5.0 AppleWebKit/537.36 (KHTML, like Gecko; compatible; ClaudeBot/1.0; +claudebot@anthropic.com)" "-"
198.244.242.0 - - [21/Jun/2026:03:14:25 +0200] "GET /sitemap-item-2975.xml HTTP/1.1" 200 337815 frangenheim.de "-" "Mozilla/5.0 (compatible; AhrefsBot/7.0; +http://ahrefs.com/robot/)" "-"
216.73.216.0 - - [21/Jun/2026:03:14:33 +0200] "GET /goodscode/012923613764 HTTP/1.1" 200 42265 frangenheim.de "-" "Mozilla/5.0 AppleWebKit/537.36 (KHTML, like Gecko; compatible; ClaudeBot/1.0; +claudebot@anthropic.com)" "-"
51.195.215.0 - - [21/Jun/2026:03:14:36 +0200] "GET /sitemap-item-3014.xml HTTP/1.1" 200 337809 frangenheim.de "-" "Mozilla/5.0 (compatible; AhrefsBot/7.0; +http://ahrefs.com/robot/)" "-"
216.73.216.0 - - [21/Jun/2026:03:14:37 +0200] "GET /items/013110759741 HTTP/1.1" 200 42265 frangenheim.de "-" "Mozilla/5.0 AppleWebKit/537.36 (KHTML, like Gecko; compatible; ClaudeBot/1.0; +claudebot@anthropic.com)" "-"
216.73.216.0 - - [21/Jun/2026:03:14:40 +0200] "GET /items/012800377215 HTTP/1.1" 200 42265 frangenheim.de "-" "Mozilla/5.0 AppleWebKit/537.36 (KHTML, like Gecko; compatible; ClaudeBot/1.0; +claudebot@anthropic.com)" "-"
216.73.216.0 - - [21/Jun/2026:03:14:43 +0200] "GET /entity/01344108405 HTTP/1.1" 200 42265 frangenheim.de "-" "Mozilla/5.0 AppleWebKit/537.36 (KHTML, like Gecko; compatible; ClaudeBot/1.0; +claudebot@anthropic.com)" "-"
66.249.68.0 - - [21/Jun/2026:03:14:43 +0200] "GET /detail/752813077479 HTTP/1.1" 200 194396 frangenheim.de "-" "Mozilla/5.0 (Linux; Android 6.0.1; Nexus 5X Build/MMB29P) AppleWebKit/537.36 (KHTML, like Gecko) Chrome/148.0.7778.96 Mobile Safari/537.36 (compatible; GoogleOther)" "-"
216.73.216.0 - - [21/Jun/2026:03:14:46 +0200] "GET /items/013249294624 HTTP/1.1" 200 42265 frangenheim.de "-" "Mozilla/5.0 AppleWebKit/537.36 (KHTML, like Gecko; compatible; ClaudeBot/1.0; +claudebot@anthropic.com)" "-"
198.244.226.0 - - [21/Jun/2026:03:14:48 +0200] "GET /sitemap-item-3046.xml HTTP/1.1" 200 337802 frangenheim.de "-" "Mozilla/5.0 (compatible; AhrefsBot/7.0; +http://ahrefs.com/robot/)" "-"
216.73.216.0 - - [21/Jun/2026:03:14:49 +0200] "GET /goodscode/01409937031 HTTP/1.1" 200 42265 frangenheim.de "-" "Mozilla/5.0 AppleWebKit/537.36 (KHTML, like Gecko; compatible; ClaudeBot/1.0; +claudebot@anthropic.com)" "-"
216.73.216.0 - - [21/Jun/2026:03:14:52 +0200] "GET /items/013238450104 HTTP/1.1" 200 42265 frangenheim.de "-" "Mozilla/5.0 AppleWebKit/537.36 (KHTML, like Gecko; compatible; ClaudeBot/1.0; +claudebot@anthropic.com)" "-"
74.7.241.0 - - [21/Jun/2026:03:14:54 +0200] "GET /?lokasie=/homepages/16/d171209783/htaccesslist&loknya=/homepages/16/d171209783 HTTP/1.1" 200 4071 frangenheim.de "http://frangenheim.de/?loknya=/homepages/16/d171209783" "Mozilla/5.0 AppleWebKit/537.36 (KHTML, like Gecko; compatible; GPTBot/1.4; +https://openai.com/gptbot)" "-"
54.38.147.0 - - [21/Jun/2026:03:14:55 +0200] "GET /info/01354343900 HTTP/1.1" 200 42263 frangenheim.de "-" "Mozilla/5.0 (compatible; AhrefsBot/7.0; +http://ahrefs.com/robot/)" "-"
216.73.216.0 - - [21/Jun/2026:03:14:55 +0200] "GET /items/01352588934 HTTP/1.1" 200 42265 frangenheim.de "-" "Mozilla/5.0 AppleWebKit/537.36 (KHTML, like Gecko; compatible; ClaudeBot/1.0; +claudebot@anthropic.com)" "-"
198.244.240.0 - - [21/Jun/2026:03:14:58 +0200] "GET /sitemap-item-3078.xml HTTP/1.1" 429 267 frangenheim.de "-" "Mozilla/5.0 (compatible; AhrefsBot/7.0; +http://ahrefs.com/robot/)" "-"
216.73.216.0 - - [21/Jun/2026:03:14:58 +0200] "GET /goodscode/014200878085 HTTP/1.1" 200 42265 frangenheim.de "-" "Mozilla/5.0 AppleWebKit/537.36 (KHTML, like Gecko; compatible; ClaudeBot/1.0; +claudebot@anthropic.com)" "-"
51.89.129.0 - - [21/Jun/2026:03:15:01 +0200] "GET /sitemap-item-3082.xml HTTP/1.1" 429 267 frangenheim.de "-" "Mozilla/5.0 (compatible; AhrefsBot/7.0; +http://ahrefs.com/robot/)" "-"
216.73.216.0 - - [21/Jun/2026:03:15:01 +0200] "GET /items/013012385002 HTTP/1.1" 200 42265 frangenheim.de "-" "Mozilla/5.0 AppleWebKit/537.36 (KHTML, like Gecko; compatible; ClaudeBot/1.0; +claudebot@anthropic.com)" "-"
198.244.168.0 - - [21/Jun/2026:03:15:05 +0200] "GET /sitemap-item-3084.xml HTTP/1.1" 429 267 frangenheim.de "-" "Mozilla/5.0 (compatible; AhrefsBot/7.0; +http://ahrefs.com/robot/)" "-"
216.73.216.0 - - [21/Jun/2026:03:15:07 +0200] "GET /entity/013102268559 HTTP/1.1" 200 42265 frangenheim.de "-" "Mozilla/5.0 AppleWebKit/537.36 (KHTML, like Gecko; compatible; ClaudeBot/1.0; +claudebot@anthropic.com)" "-"
40.77.167.0 - - [21/Jun/2026:03:15:08 +0200] "GET /sitemap-item-1455.xml HTTP/1.1" 200 345417 www.frangenheim.de "-" "Mozilla/5.0 AppleWebKit/537.36 (KHTML, like Gecko; compatible; bingbot/2.0; +http://www.bing.com/bingbot.htm) Chrome/116.0.1938.76 Safari/537.36" "-"
198.244.242.0 - - [21/Jun/2026:03:15:09 +0200] "GET /sitemap-item-3091.xml HTTP/1.1" 429 267 frangenheim.de "-" "Mozilla/5.0 (compatible; AhrefsBot/7.0; +http://ahrefs.com/robot/)" "-"
216.73.216.0 - - [21/Jun/2026:03:15:10 +0200] "GET /items/014115573932 HTTP/1.1" 200 42265 frangenheim.de "-" "Mozilla/5.0 AppleWebKit/537.36 (KHTML, like Gecko; compatible; ClaudeBot/1.0; +claudebot@anthropic.com)" "-"
66.249.68.0 - - [21/Jun/2026:03:15:11 +0200] "GET /goods/701304344710 HTTP/1.1" 200 198436 frangenheim.de "-" "Mozilla/5.0 (Linux; Android 6.0.1; Nexus 5X Build/MMB29P) AppleWebKit/537.36 (KHTML, like Gecko) Chrome/148.0.7778.96 Mobile Safari/537.36 (compatible; GoogleOther)" "-"
216.73.216.0 - - [21/Jun/2026:03:15:13 +0200] "GET /entity/01291710347 HTTP/1.1" 200 42265 frangenheim.de "-" "Mozilla/5.0 AppleWebKit/537.36 (KHTML, like Gecko; compatible; ClaudeBot/1.0; +claudebot@anthropic.com)" "-"
216.73.216.0 - - [21/Jun/2026:03:15:16 +0200] "GET /entity/013465059387 HTTP/1.1" 200 42265 frangenheim.de "-" "Mozilla/5.0 AppleWebKit/537.36 (KHTML, like Gecko; compatible; ClaudeBot/1.0; +claudebot@anthropic.com)" "-"
216.73.216.0 - - [21/Jun/2026:03:15:19 +0200] "GET /items/01820562867 HTTP/1.1" 200 42265 frangenheim.de "-" "Mozilla/5.0 AppleWebKit/537.36 (KHTML, like Gecko; compatible; ClaudeBot/1.0; +claudebot@anthropic.com)" "-"
216.73.216.0 - - [21/Jun/2026:03:15:22 +0200] "GET /items/013410786399 HTTP/1.1" 200 42265 frangenheim.de "-" "Mozilla/5.0 AppleWebKit/537.36 (KHTML, like Gecko; compatible; ClaudeBot/1.0; +claudebot@anthropic.com)" "-"
216.73.216.0 - - [21/Jun/2026:03:15:25 +0200] "GET /items/014039849800 HTTP/1.1" 200 42265 frangenheim.de "-" "Mozilla/5.0 AppleWebKit/537.36 (KHTML, like Gecko; compatible; ClaudeBot/1.0; +claudebot@anthropic.com)" "-"
216.73.216.0 - - [21/Jun/2026:03:15:28 +0200] "GET /entity/012556549766 HTTP/1.1" 429 267 frangenheim.de "-" "Mozilla/5.0 AppleWebKit/537.36 (KHTML, like Gecko; compatible; ClaudeBot/1.0; +claudebot@anthropic.com)" "-"
216.73.216.0 - - [21/Jun/2026:03:15:31 +0200] "GET /entity/01346498853 HTTP/1.1" 429 267 frangenheim.de "-" "Mozilla/5.0 AppleWebKit/537.36 (KHTML, like Gecko; compatible; ClaudeBot/1.0; +claudebot@anthropic.com)" "-"
216.73.216.0 - - [21/Jun/2026:03:15:34 +0200] "GET /items/013209310942 HTTP/1.1" 429 267 frangenheim.de "-" "Mozilla/5.0 AppleWebKit/537.36 (KHTML, like Gecko; compatible; ClaudeBot/1.0; +claudebot@anthropic.com)" "-"
216.73.216.0 - - [21/Jun/2026:03:15:37 +0200] "GET /goodscode/013045567079 HTTP/1.1" 429 267 frangenheim.de "-" "Mozilla/5.0 AppleWebKit/537.36 (KHTML, like Gecko; compatible; ClaudeBot/1.0; +claudebot@anthropic.com)" "-"
216.73.216.0 - - [21/Jun/2026:03:15:42 +0200] "GET /info/01475844697 HTTP/1.1" 429 267 frangenheim.de "-" "Mozilla/5.0 AppleWebKit/537.36 (KHTML, like Gecko; compatible; ClaudeBot/1.0; +claudebot@anthropic.com)" "-"
216.73.216.0 - - [21/Jun/2026:03:15:43 +0200] "GET /items/012592849393 HTTP/1.1" 429 267 frangenheim.de "-" "Mozilla/5.0 AppleWebKit/537.36 (KHTML, like Gecko; compatible; ClaudeBot/1.0; +claudebot@anthropic.com)" "-"
66.249.68.0 - - [21/Jun/2026:03:15:49 +0200] "GET /product/653356368428 HTTP/1.1" 200 198346 frangenheim.de "-" "Mozilla/5.0 (Linux; Android 6.0.1; Nexus 5X Build/MMB29P) AppleWebKit/537.36 (KHTML, like Gecko) Chrome/148.0.7778.96 Mobile Safari/537.36 (compatible; GoogleOther)" "-"
216.73.216.0 - - [21/Jun/2026:03:15:51 +0200] "GET /items/012523330083 HTTP/1.1" 429 267 frangenheim.de "-" "Mozilla/5.0 AppleWebKit/537.36 (KHTML, like Gecko; compatible; ClaudeBot/1.0; +claudebot@anthropic.com)" "-"
74.7.241.0 - - [21/Jun/2026:03:15:51 +0200] "GET /?lokasie=/homepages/16/d171209783/phpinilist&loknya=/homepages/16/d171209783 HTTP/1.1" 429 267 frangenheim.de "http://frangenheim.de/?loknya=/homepages/16/d171209783" "Mozilla/5.0 AppleWebKit/537.36 (KHTML, like Gecko; compatible; GPTBot/1.4; +https://openai.com/gptbot)" "-"
216.73.216.0 - - [21/Jun/2026:03:15:53 +0200] "GET /entity/011848418942 HTTP/1.1" 429 267 frangenheim.de "-" "Mozilla/5.0 AppleWebKit/537.36 (KHTML, like Gecko; compatible; ClaudeBot/1.0; +claudebot@anthropic.com)" "-"
216.73.216.0 - - [21/Jun/2026:03:15:56 +0200] "GET /entity/01634245722 HTTP/1.1" 429 267 frangenheim.de "-" "Mozilla/5.0 AppleWebKit/537.36 (KHTML, like Gecko; compatible; ClaudeBot/1.0; +claudebot@anthropic.com)" "-"
216.73.216.0 - - [21/Jun/2026:03:15:59 +0200] "GET /items/012080891018 HTTP/1.1" 429 267 frangenheim.de "-" "Mozilla/5.0 AppleWebKit/537.36 (KHTML, like Gecko; compatible; ClaudeBot/1.0; +claudebot@anthropic.com)" "-"
198.244.183.0 - - [21/Jun/2026:03:16:07 +0200] "GET /info/013388181372 HTTP/1.1" 200 42266 frangenheim.de "-" "Mozilla/5.0 (compatible; AhrefsBot/7.0; +http://ahrefs.com/robot/)" "-"
216.73.216.0 - - [21/Jun/2026:03:16:08 +0200] "GET /items/012576278926 HTTP/1.1" 429 267 frangenheim.de "-" "Mozilla/5.0 AppleWebKit/537.36 (KHTML, like Gecko; compatible; ClaudeBot/1.0; +claudebot@anthropic.com)" "-"
216.73.216.0 - - [21/Jun/2026:03:16:11 +0200] "GET /entity/01676313473 HTTP/1.1" 429 267 frangenheim.de "-" "Mozilla/5.0 AppleWebKit/537.36 (KHTML, like Gecko; compatible; ClaudeBot/1.0; +claudebot@anthropic.com)" "-"
216.73.216.0 - - [21/Jun/2026:03:16:14 +0200] "GET /items/013540486650 HTTP/1.1" 429 267 frangenheim.de "-" "Mozilla/5.0 AppleWebKit/537.36 (KHTML, like Gecko; compatible; ClaudeBot/1.0; +claudebot@anthropic.com)" "-"
216.73.216.0 - - [21/Jun/2026:03:16:22 +0200] "GET /items/013909160758 HTTP/1.1" 429 267 frangenheim.de "-" "Mozilla/5.0 AppleWebKit/537.36 (KHTML, like Gecko; compatible; ClaudeBot/1.0; +claudebot@anthropic.com)" "-"
216.73.216.0 - - [21/Jun/2026:03:16:23 +0200] "GET /items/013079446670 HTTP/1.1" 429 267 frangenheim.de "-" "Mozilla/5.0 AppleWebKit/537.36 (KHTML, like Gecko; compatible; ClaudeBot/1.0; +claudebot@anthropic.com)" "-"
216.73.216.0 - - [21/Jun/2026:03:16:27 +0200] "GET /entity/012951155337 HTTP/1.1" 429 267 frangenheim.de "-" "Mozilla/5.0 AppleWebKit/537.36 (KHTML, like Gecko; compatible; ClaudeBot/1.0; +claudebot@anthropic.com)" "-"
66.249.68.0 - - [21/Jun/2026:03:16:28 +0200] "GET /detail/77485240008 HTTP/1.1" 200 202178 frangenheim.de "-" "Mozilla/5.0 (Linux; Android 6.0.1; Nexus 5X Build/MMB29P) AppleWebKit/537.36 (KHTML, like Gecko) Chrome/148.0.7778.96 Mobile Safari/537.36 (compatible; GoogleOther)" "-"
216.73.216.0 - - [21/Jun/2026:03:16:29 +0200] "GET /entity/012397117520 HTTP/1.1" 200 42265 frangenheim.de "-" "Mozilla/5.0 AppleWebKit/537.36 (KHTML, like Gecko; compatible; ClaudeBot/1.0; +claudebot@anthropic.com)" "-"
216.73.216.0 - - [21/Jun/2026:03:16:32 +0200] "GET /entity/012470583173 HTTP/1.1" 200 42265 frangenheim.de "-" "Mozilla/5.0 AppleWebKit/537.36 (KHTML, like Gecko; compatible; ClaudeBot/1.0; +claudebot@anthropic.com)" "-"
216.73.216.0 - - [21/Jun/2026:03:16:35 +0200] "GET /items/011619780987 HTTP/1.1" 200 42265 frangenheim.de "-" "Mozilla/5.0 AppleWebKit/537.36 (KHTML, like Gecko; compatible; ClaudeBot/1.0; +claudebot@anthropic.com)" "-"
216.73.216.0 - - [21/Jun/2026:03:16:38 +0200] "GET /entity/01518335418 HTTP/1.1" 200 42265 frangenheim.de "-" "Mozilla/5.0 AppleWebKit/537.36 (KHTML, like Gecko; compatible; ClaudeBot/1.0; +claudebot@anthropic.com)" "-"
74.7.241.0 - - [21/Jun/2026:03:16:40 +0200] "GET /?lokasie=/homepages/43/d171108995/htaccesslist&loknya=/homepages/43/d171108995 HTTP/1.1" 200 4071 frangenheim.de "http://frangenheim.de/?loknya=/homepages/43/d171108995" "Mozilla/5.0 AppleWebKit/537.36 (KHTML, like Gecko; compatible; GPTBot/1.4; +https://openai.com/gptbot)" "-"
66.249.68.0 - - [21/Jun/2026:03:16:40 +0200] "GET /shopbrand/743479576046 HTTP/1.1" 200 201492 frangenheim.de "-" "Mozilla/5.0 (Linux; Android 6.0.1; Nexus 5X Build/MMB29P) AppleWebKit/537.36 (KHTML, like Gecko) Chrome/148.0.7778.96 Mobile Safari/537.36 (compatible; GoogleOther)" "-"
216.73.216.0 - - [21/Jun/2026:03:16:41 +0200] "GET /items/011487102461 HTTP/1.1" 200 42265 frangenheim.de "-" "Mozilla/5.0 AppleWebKit/537.36 (KHTML, like Gecko; compatible; ClaudeBot/1.0; +claudebot@anthropic.com)" "-"
216.73.216.0 - - [21/Jun/2026:03:16:44 +0200] "GET /entity/012345060802 HTTP/1.1" 200 42265 frangenheim.de "-" "Mozilla/5.0 AppleWebKit/537.36 (KHTML, like Gecko; compatible; ClaudeBot/1.0; +claudebot@anthropic.com)" "-"
216.73.216.0 - - [21/Jun/2026:03:16:47 +0200] "GET /items/013119198399 HTTP/1.1" 200 42265 frangenheim.de "-" "Mozilla/5.0 AppleWebKit/537.36 (KHTML, like Gecko; compatible; ClaudeBot/1.0; +claudebot@anthropic.com)" "-"
216.73.216.0 - - [21/Jun/2026:03:16:50 +0200] "GET /entity/01601958327 HTTP/1.1" 200 42265 frangenheim.de "-" "Mozilla/5.0 AppleWebKit/537.36 (KHTML, like Gecko; compatible; ClaudeBot/1.0; +claudebot@anthropic.com)" "-"
198.244.183.0 - - [21/Jun/2026:03:16:53 +0200] "GET /info/013304677617 HTTP/1.1" 200 42266 frangenheim.de "-" "Mozilla/5.0 (compatible; AhrefsBot/7.0; +http://ahrefs.com/robot/)" "-"
216.73.216.0 - - [21/Jun/2026:03:16:53 +0200] "GET /items/011893857527 HTTP/1.1" 200 42265 frangenheim.de "-" "Mozilla/5.0 AppleWebKit/537.36 (KHTML, like Gecko; compatible; ClaudeBot/1.0; +claudebot@anthropic.com)" "-"
216.73.216.0 - - [21/Jun/2026:03:16:56 +0200] "GET /items/01816377288 HTTP/1.1" 200 42265 frangenheim.de "-" "Mozilla/5.0 AppleWebKit/537.36 (KHTML, like Gecko; compatible; ClaudeBot/1.0; +claudebot@anthropic.com)" "-"
216.73.216.0 - - [21/Jun/2026:03:16:59 +0200] "GET /items/012655657966 HTTP/1.1" 200 42265 frangenheim.de "-" "Mozilla/5.0 AppleWebKit/537.36 (KHTML, like Gecko; compatible; ClaudeBot/1.0; +claudebot@anthropic.com)" "-"
216.73.216.0 - - [21/Jun/2026:03:17:02 +0200] "GET /entity/013123337217 HTTP/1.1" 200 42265 frangenheim.de "-" "Mozilla/5.0 AppleWebKit/537.36 (KHTML, like Gecko; compatible; ClaudeBot/1.0; +claudebot@anthropic.com)" "-"
216.73.216.0 - - [21/Jun/2026:03:17:05 +0200] "GET /items/012238134149 HTTP/1.1" 200 42265 frangenheim.de "-" "Mozilla/5.0 AppleWebKit/537.36 (KHTML, like Gecko; compatible; ClaudeBot/1.0; +claudebot@anthropic.com)" "-"
216.73.216.0 - - [21/Jun/2026:03:17:08 +0200] "GET /entity/011875477929 HTTP/1.1" 200 42265 frangenheim.de "-" "Mozilla/5.0 AppleWebKit/537.36 (KHTML, like Gecko; compatible; ClaudeBot/1.0; +claudebot@anthropic.com)" "-"
66.249.68.0 - - [21/Jun/2026:03:17:08 +0200] "GET /goodscode/862539697470 HTTP/1.1" 200 196824 frangenheim.de "-" "Mozilla/5.0 (Linux; Android 6.0.1; Nexus 5X Build/MMB29P) AppleWebKit/537.36 (KHTML, like Gecko) Chrome/148.0.7778.96 Mobile Safari/537.36 (compatible; GoogleOther)" "-"
51.195.183.0 - - [21/Jun/2026:03:17:09 +0200] "GET /info/012849443628 HTTP/1.1" 200 42264 frangenheim.de "-" "Mozilla/5.0 (compatible; AhrefsBot/7.0; +http://ahrefs.com/robot/)" "-"
216.73.216.0 - - [21/Jun/2026:03:17:11 +0200] "GET /entity/011105357570 HTTP/1.1" 200 42265 frangenheim.de "-" "Mozilla/5.0 AppleWebKit/537.36 (KHTML, like Gecko; compatible; ClaudeBot/1.0; +claudebot@anthropic.com)" "-"
216.73.216.0 - - [21/Jun/2026:03:17:14 +0200] "GET /items/01379812058 HTTP/1.1" 200 42265 frangenheim.de "-" "Mozilla/5.0 AppleWebKit/537.36 (KHTML, like Gecko; compatible; ClaudeBot/1.0; +claudebot@anthropic.com)" "-"
51.89.129.0 - - [21/Jun/2026:03:17:16 +0200] "GET /info/012207506101 HTTP/1.1" 200 42264 frangenheim.de "-" "Mozilla/5.0 (compatible; AhrefsBot/7.0; +http://ahrefs.com/robot/)" "-"
216.73.216.0 - - [21/Jun/2026:03:17:17 +0200] "GET /entity/011063799593 HTTP/1.1" 200 42265 frangenheim.de "-" "Mozilla/5.0 AppleWebKit/537.36 (KHTML, like Gecko; compatible; ClaudeBot/1.0; +claudebot@anthropic.com)" "-"
216.73.216.0 - - [21/Jun/2026:03:17:20 +0200] "GET /entity/011634396786 HTTP/1.1" 200 42265 frangenheim.de "-" "Mozilla/5.0 AppleWebKit/537.36 (KHTML, like Gecko; compatible; ClaudeBot/1.0; +claudebot@anthropic.com)" "-"
66.249.68.0 - - [21/Jun/2026:03:17:21 +0200] "GET /shopbrand/772691008827 HTTP/1.1" 200 201756 frangenheim.de "-" "Mozilla/5.0 (Linux; Android 6.0.1; Nexus 5X Build/MMB29P) AppleWebKit/537.36 (KHTML, like Gecko) Chrome/148.0.7778.96 Mobile Safari/537.36 (compatible; GoogleOther)" "-"
216.73.216.0 - - [21/Jun/2026:03:17:23 +0200] "GET /entity/01531329114 HTTP/1.1" 200 42265 frangenheim.de "-" "Mozilla/5.0 AppleWebKit/537.36 (KHTML, like Gecko; compatible; ClaudeBot/1.0; +claudebot@anthropic.com)" "-"
216.73.216.0 - - [21/Jun/2026:03:17:26 +0200] "GET /entity/013444045769 HTTP/1.1" 200 42265 frangenheim.de "-" "Mozilla/5.0 AppleWebKit/537.36 (KHTML, like Gecko; compatible; ClaudeBot/1.0; +claudebot@anthropic.com)" "-"
66.249.68.0 - - [21/Jun/2026:03:17:26 +0200] "GET /goodscode/673338944563 HTTP/1.1" 200 198333 frangenheim.de "-" "Mozilla/5.0 (Linux; Android 6.0.1; Nexus 5X Build/MMB29P) AppleWebKit/537.36 (KHTML, like Gecko) Chrome/148.0.7778.96 Mobile Safari/537.36 (compatible; GoogleOther)" "-"
216.73.216.0 - - [21/Jun/2026:03:17:29 +0200] "GET /goodscode/012497912263 HTTP/1.1" 429 267 frangenheim.de "-" "Mozilla/5.0 AppleWebKit/537.36 (KHTML, like Gecko; compatible; ClaudeBot/1.0; +claudebot@anthropic.com)" "-"
198.244.240.0 - - [21/Jun/2026:03:17:31 +0200] "GET /goodscode/01581198251 HTTP/1.1" 200 42265 frangenheim.de "-" "Mozilla/5.0 (compatible; AhrefsBot/7.0; +http://ahrefs.com/robot/)" "-"
54.38.147.0 - - [21/Jun/2026:03:17:31 +0200] "GET /goodscode/01701104526 HTTP/1.1" 200 42263 frangenheim.de "-" "Mozilla/5.0 (compatible; AhrefsBot/7.0; +http://ahrefs.com/robot/)" "-"
66.249.68.0 - - [21/Jun/2026:03:17:34 +0200] "GET /detail/71487121007 HTTP/1.1" 200 200517 frangenheim.de "-" "Mozilla/5.0 (Linux; Android 6.0.1; Nexus 5X Build/MMB29P) AppleWebKit/537.36 (KHTML, like Gecko) Chrome/148.0.7778.96 Mobile Safari/537.36 (compatible; GoogleOther)" "-"
216.73.216.0 - - [21/Jun/2026:03:17:37 +0200] "GET /items/011729124590 HTTP/1.1" 429 267 frangenheim.de "-" "Mozilla/5.0 AppleWebKit/537.36 (KHTML, like Gecko; compatible; ClaudeBot/1.0; +claudebot@anthropic.com)" "-"
216.73.216.0 - - [21/Jun/2026:03:17:38 +0200] "GET /items/011326473980 HTTP/1.1" 429 267 frangenheim.de "-" "Mozilla/5.0 AppleWebKit/537.36 (KHTML, like Gecko; compatible; ClaudeBot/1.0; +claudebot@anthropic.com)" "-"
216.73.216.0 - - [21/Jun/2026:03:17:42 +0200] "GET /entity/012477596175 HTTP/1.1" 429 267 frangenheim.de "-" "Mozilla/5.0 AppleWebKit/537.36 (KHTML, like Gecko; compatible; ClaudeBot/1.0; +claudebot@anthropic.com)" "-"
198.244.183.0 - - [21/Jun/2026:03:17:43 +0200] "GET /goodscode/011833055914 HTTP/1.1" 200 42266 frangenheim.de "-" "Mozilla/5.0 (compatible; AhrefsBot/7.0; +http://ahrefs.com/robot/)" "-"
216.73.216.0 - - [21/Jun/2026:03:17:44 +0200] "GET /items/013659893343 HTTP/1.1" 429 267 frangenheim.de "-" "Mozilla/5.0 AppleWebKit/537.36 (KHTML, like Gecko; compatible; ClaudeBot/1.0; +claudebot@anthropic.com)" "-"
74.7.241.0 - - [21/Jun/2026:03:17:44 +0200] "GET /?lokasie=/homepages/34/d171266906/htaccesslist&loknya=/homepages/34/d171266906 HTTP/1.1" 429 267 frangenheim.de "http://frangenheim.de/?loknya=/homepages/34/d171266906" "Mozilla/5.0 AppleWebKit/537.36 (KHTML, like Gecko; compatible; GPTBot/1.4; +https://openai.com/gptbot)" "-"
216.73.216.0 - - [21/Jun/2026:03:17:47 +0200] "GET /info/01974740965 HTTP/1.1" 429 267 frangenheim.de "-" "Mozilla/5.0 AppleWebKit/537.36 (KHTML, like Gecko; compatible; ClaudeBot/1.0; +claudebot@anthropic.com)" "-"
198.244.242.0 - - [21/Jun/2026:03:17:49 +0200] "GET /goods/011645677999 HTTP/1.1" 200 42265 frangenheim.de "-" "Mozilla/5.0 (compatible; AhrefsBot/7.0; +http://ahrefs.com/robot/)" "-"
51.195.215.0 - - [21/Jun/2026:03:17:49 +0200] "GET /goodscode/013330513604 HTTP/1.1" 200 42263 frangenheim.de "-" "Mozilla/5.0 (compatible; AhrefsBot/7.0; +http://ahrefs.com/robot/)" "-"
66.249.68.0 - - [21/Jun/2026:03:17:50 +0200] "GET /detail/801552521110 HTTP/1.1" 200 193478 frangenheim.de "-" "Mozilla/5.0 (Linux; Android 6.0.1; Nexus 5X Build/MMB29P) AppleWebKit/537.36 (KHTML, like Gecko) Chrome/148.0.7778.96 Mobile Safari/537.36 (compatible; GoogleOther)" "-"
216.73.216.0 - - [21/Jun/2026:03:17:51 +0200] "GET /entity/011690871490 HTTP/1.1" 429 267 frangenheim.de "-" "Mozilla/5.0 AppleWebKit/537.36 (KHTML, like Gecko; compatible; ClaudeBot/1.0; +claudebot@anthropic.com)" "-"
216.73.216.0 - - [21/Jun/2026:03:17:59 +0200] "GET /entity/013628737013 HTTP/1.1" 429 267 frangenheim.de "-" "Mozilla/5.0 AppleWebKit/537.36 (KHTML, like Gecko; compatible; ClaudeBot/1.0; +claudebot@anthropic.com)" "-"
198.244.226.0 - - [21/Jun/2026:03:18:01 +0200] "GET /entity/01772140553 HTTP/1.1" 200 42265 frangenheim.de "-" "Mozilla/5.0 (compatible; AhrefsBot/7.0; +http://ahrefs.com/robot/)" "-"
198.244.183.0 - - [21/Jun/2026:03:18:02 +0200] "GET /entity/014069286256 HTTP/1.1" 200 42266 frangenheim.de "-" "Mozilla/5.0 (compatible; AhrefsBot/7.0; +http://ahrefs.com/robot/)" "-"
216.73.216.0 - - [21/Jun/2026:03:18:05 +0200] "GET /goodscode/01837164697 HTTP/1.1" 429 267 frangenheim.de "-" "Mozilla/5.0 AppleWebKit/537.36 (KHTML, like Gecko; compatible; ClaudeBot/1.0; +claudebot@anthropic.com)" "-"
198.244.183.0 - - [21/Jun/2026:03:18:06 +0200] "GET /entity/013519704131 HTTP/1.1" 200 42266 frangenheim.de "-" "Mozilla/5.0 (compatible; AhrefsBot/7.0; +http://ahrefs.com/robot/)" "-"
216.73.216.0 - - [21/Jun/2026:03:18:08 +0200] "GET /items/013303586386 HTTP/1.1" 429 267 frangenheim.de "-" "Mozilla/5.0 AppleWebKit/537.36 (KHTML, like Gecko; compatible; ClaudeBot/1.0; +claudebot@anthropic.com)" "-"
216.73.216.0 - - [21/Jun/2026:03:18:08 +0200] "GET /entity/013762525922 HTTP/1.1" 429 267 frangenheim.de "-" "Mozilla/5.0 AppleWebKit/537.36 (KHTML, like Gecko; compatible; ClaudeBot/1.0; +claudebot@anthropic.com)" "-"
198.244.226.0 - - [21/Jun/2026:03:18:09 +0200] "GET /entity/01346902078 HTTP/1.1" 200 42265 frangenheim.de "-" "Mozilla/5.0 (compatible; AhrefsBot/7.0; +http://ahrefs.com/robot/)" "-"
51.195.183.0 - - [21/Jun/2026:03:18:12 +0200] "GET /entity/013230133596 HTTP/1.1" 200 42265 frangenheim.de "-" "Mozilla/5.0 (compatible; AhrefsBot/7.0; +http://ahrefs.com/robot/)" "-"
66.249.68.0 - - [21/Jun/2026:03:18:12 +0200] "GET /detail/661345275545 HTTP/1.1" 200 196952 frangenheim.de "-" "Mozilla/5.0 (Linux; Android 6.0.1; Nexus 5X Build/MMB29P) AppleWebKit/537.36 (KHTML, like Gecko) Chrome/148.0.7778.96 Mobile Safari/537.36 (compatible; GoogleOther)" "-"
66.249.68.0 - - [21/Jun/2026:03:18:13 +0200] "GET /detail/70673874241 HTTP/1.1" 200 194435 frangenheim.de "-" "Mozilla/5.0 (Linux; Android 6.0.1; Nexus 5X Build/MMB29P) AppleWebKit/537.36 (KHTML, like Gecko) Chrome/148.0.7778.96 Mobile Safari/537.36 (compatible; Googlebot/2.1; +http://www.google.com/bot.html)" "-"
198.244.242.0 - - [21/Jun/2026:03:18:15 +0200] "GET /entity/011304780823 HTTP/1.1" 200 42265 frangenheim.de "-" "Mozilla/5.0 (compatible; AhrefsBot/7.0; +http://ahrefs.com/robot/)" "-"
54.38.147.0 - - [21/Jun/2026:03:18:15 +0200] "GET /entity/01432812565 HTTP/1.1" 200 42263 frangenheim.de "-" "Mozilla/5.0 (compatible; AhrefsBot/7.0; +http://ahrefs.com/robot/)" "-"
66.249.68.0 - - [21/Jun/2026:03:18:17 +0200] "GET /detail/674263772932 HTTP/1.1" 200 195920 frangenheim.de "-" "Mozilla/5.0 (Linux; Android 6.0.1; Nexus 5X Build/MMB29P) AppleWebKit/537.36 (KHTML, like Gecko) Chrome/148.0.7778.96 Mobile Safari/537.36 (compatible; GoogleOther)" "-"
216.73.216.0 - - [21/Jun/2026:03:18:18 +0200] "GET /entity/012146349998 HTTP/1.1" 429 267 frangenheim.de "-" "Mozilla/5.0 AppleWebKit/537.36 (KHTML, like Gecko; compatible; ClaudeBot/1.0; +claudebot@anthropic.com)" "-"
198.244.242.0 - - [21/Jun/2026:03:18:18 +0200] "GET /entity/011091357711 HTTP/1.1" 200 42266 frangenheim.de "-" "Mozilla/5.0 (compatible; AhrefsBot/7.0; +http://ahrefs.com/robot/)" "-"
216.73.216.0 - - [21/Jun/2026:03:18:20 +0200] "GET /items/012984745339 HTTP/1.1" 429 267 frangenheim.de "-" "Mozilla/5.0 AppleWebKit/537.36 (KHTML, like Gecko; compatible; ClaudeBot/1.0; +claudebot@anthropic.com)" "-"
51.195.183.0 - - [21/Jun/2026:03:18:21 +0200] "GET /detail/01998302849 HTTP/1.1" 200 42265 frangenheim.de "-" "Mozilla/5.0 (compatible; AhrefsBot/7.0; +http://ahrefs.com/robot/)" "-"
66.249.68.0 - - [21/Jun/2026:03:18:26 +0200] "GET /detail/703240557805 HTTP/1.1" 200 201635 frangenheim.de "-" "Mozilla/5.0 (Linux; Android 6.0.1; Nexus 5X Build/MMB29P) AppleWebKit/537.36 (KHTML, like Gecko) Chrome/148.0.7778.96 Mobile Safari/537.36 (compatible; Googlebot/2.1; +http://www.google.com/bot.html)" "-"
66.249.68.0 - - [21/Jun/2026:03:18:28 +0200] "GET /detail/761361533545 HTTP/1.1" 200 191423 frangenheim.de "-" "Mozilla/5.0 (Linux; Android 6.0.1; Nexus 5X Build/MMB29P) AppleWebKit/537.36 (KHTML, like Gecko) Chrome/148.0.7778.96 Mobile Safari/537.36 (compatible; Googlebot/2.1; +http://www.google.com/bot.html)" "-"
54.38.147.0 - - [21/Jun/2026:03:18:29 +0200] "GET /detail/014035649667 HTTP/1.1" 200 42264 frangenheim.de "-" "Mozilla/5.0 (compatible; AhrefsBot/7.0; +http://ahrefs.com/robot/)" "-"
216.73.216.0 - - [21/Jun/2026:03:18:30 +0200] "GET /items/012406329252 HTTP/1.1" 200 42265 frangenheim.de "-" "Mozilla/5.0 AppleWebKit/537.36 (KHTML, like Gecko; compatible; ClaudeBot/1.0; +claudebot@anthropic.com)" "-"
54.38.147.0 - - [21/Jun/2026:03:18:30 +0200] "GET /detail/01820090064 HTTP/1.1" 200 42264 frangenheim.de "-" "Mozilla/5.0 (compatible; AhrefsBot/7.0; +http://ahrefs.com/robot/)" "-"
198.244.168.0 - - [21/Jun/2026:03:18:32 +0200] "GET /detail/014020940056 HTTP/1.1" 200 42266 frangenheim.de "-" "Mozilla/5.0 (compatible; AhrefsBot/7.0; +http://ahrefs.com/robot/)" "-"
216.73.216.0 - - [21/Jun/2026:03:18:32 +0200] "GET /items/014194457942 HTTP/1.1" 200 42265 frangenheim.de "-" "Mozilla/5.0 AppleWebKit/537.36 (KHTML, like Gecko; compatible; ClaudeBot/1.0; +claudebot@anthropic.com)" "-"
66.249.68.0 - - [21/Jun/2026:03:18:33 +0200] "GET /detail/781625873526 HTTP/1.1" 200 193671 frangenheim.de "-" "Mozilla/5.0 (Linux; Android 6.0.1; Nexus 5X Build/MMB29P) AppleWebKit/537.36 (KHTML, like Gecko) Chrome/148.0.7778.96 Mobile Safari/537.36 (compatible; GoogleOther)" "-"
54.38.147.0 - - [21/Jun/2026:03:18:35 +0200] "GET /detail/013920110310 HTTP/1.1" 200 42263 frangenheim.de "-" "Mozilla/5.0 (compatible; AhrefsBot/7.0; +http://ahrefs.com/robot/)" "-"
216.73.216.0 - - [21/Jun/2026:03:18:36 +0200] "GET /items/013030580091 HTTP/1.1" 200 42265 frangenheim.de "-" "Mozilla/5.0 AppleWebKit/537.36 (KHTML, like Gecko; compatible; ClaudeBot/1.0; +claudebot@anthropic.com)" "-"
198.244.242.0 - - [21/Jun/2026:03:18:38 +0200] "GET /detail/012596486938 HTTP/1.1" 200 42265 frangenheim.de "-" "Mozilla/5.0 (compatible; AhrefsBot/7.0; +http://ahrefs.com/robot/)" "-"
216.73.216.0 - - [21/Jun/2026:03:18:40 +0200] "GET /items/012344845117 HTTP/1.1" 200 42265 frangenheim.de "-" "Mozilla/5.0 AppleWebKit/537.36 (KHTML, like Gecko; compatible; ClaudeBot/1.0; +claudebot@anthropic.com)" "-"
198.244.168.0 - - [21/Jun/2026:03:18:41 +0200] "GET /detail/012051317935 HTTP/1.1" 200 42266 frangenheim.de "-" "Mozilla/5.0 (compatible; AhrefsBot/7.0; +http://ahrefs.com/robot/)" "-"
74.7.241.0 - - [21/Jun/2026:03:18:41 +0200] "GET /?lokasie=/homepages/31/d171256798/htaccesslist&loknya=/homepages/31/d171256798 HTTP/1.1" 200 4071 frangenheim.de "http://frangenheim.de/?loknya=/homepages/31/d171256798" "Mozilla/5.0 AppleWebKit/537.36 (KHTML, like Gecko; compatible; GPTBot/1.4; +https://openai.com/gptbot)" "-"
66.249.68.0 - - [21/Jun/2026:03:18:41 +0200] "GET /detail/653521876800 HTTP/1.1" 200 191773 frangenheim.de "-" "Mozilla/5.0 (Linux; Android 6.0.1; Nexus 5X Build/MMB29P) AppleWebKit/537.36 (KHTML, like Gecko) Chrome/148.0.7778.96 Mobile Safari/537.36 (compatible; Googlebot/2.1; +http://www.google.com/bot.html)" "-"
66.249.68.0 - - [21/Jun/2026:03:18:42 +0200] "GET /detail/702957039761 HTTP/1.1" 200 196526 frangenheim.de "-" "Mozilla/5.0 (Linux; Android 6.0.1; Nexus 5X Build/MMB29P) AppleWebKit/537.36 (KHTML, like Gecko) Chrome/148.0.7778.96 Mobile Safari/537.36 (compatible; Googlebot/2.1; +http://www.google.com/bot.html)" "-"
198.244.183.0 - - [21/Jun/2026:03:18:44 +0200] "GET /special/01767452047 HTTP/1.1" 429 267 frangenheim.de "-" "Mozilla/5.0 (compatible; AhrefsBot/7.0; +http://ahrefs.com/robot/)" "-"
216.73.216.0 - - [21/Jun/2026:03:18:44 +0200] "GET /items/013626692463 HTTP/1.1" 200 42265 frangenheim.de "-" "Mozilla/5.0 AppleWebKit/537.36 (KHTML, like Gecko; compatible; ClaudeBot/1.0; +claudebot@anthropic.com)" "-"
51.195.215.0 - - [21/Jun/2026:03:18:47 +0200] "GET /special/014187821417 HTTP/1.1" 429 267 frangenheim.de "-" "Mozilla/5.0 (compatible; AhrefsBot/7.0; +http://ahrefs.com/robot/)" "-"
216.73.216.0 - - [21/Jun/2026:03:18:48 +0200] "GET /info/01559829366 HTTP/1.1" 200 42265 frangenheim.de "-" "Mozilla/5.0 AppleWebKit/537.36 (KHTML, like Gecko; compatible; ClaudeBot/1.0; +claudebot@anthropic.com)" "-"
198.244.226.0 - - [21/Jun/2026:03:18:50 +0200] "GET /special/01366450899 HTTP/1.1" 429 267 frangenheim.de "-" "Mozilla/5.0 (compatible; AhrefsBot/7.0; +http://ahrefs.com/robot/)" "-"
216.73.216.0 - - [21/Jun/2026:03:18:52 +0200] "GET /items/012433584947 HTTP/1.1" 200 42265 frangenheim.de "-" "Mozilla/5.0 AppleWebKit/537.36 (KHTML, like Gecko; compatible; ClaudeBot/1.0; +claudebot@anthropic.com)" "-"
51.195.215.0 - - [21/Jun/2026:03:18:54 +0200] "GET /special/012342214623 HTTP/1.1" 429 267 frangenheim.de "-" "Mozilla/5.0 (compatible; AhrefsBot/7.0; +http://ahrefs.com/robot/)" "-"
66.249.68.0 - - [21/Jun/2026:03:18:55 +0200] "GET /detail/701793430977 HTTP/1.1" 200 191934 frangenheim.de "-" "Mozilla/5.0 (Linux; Android 6.0.1; Nexus 5X Build/MMB29P) AppleWebKit/537.36 (KHTML, like Gecko) Chrome/148.0.7778.96 Mobile Safari/537.36 (compatible; GoogleOther)" "-"
216.73.216.0 - - [21/Jun/2026:03:18:56 +0200] "GET /goodscode/01466268907 HTTP/1.1" 200 42265 frangenheim.de "-" "Mozilla/5.0 AppleWebKit/537.36 (KHTML, like Gecko; compatible; ClaudeBot/1.0; +claudebot@anthropic.com)" "-"
216.73.216.0 - - [21/Jun/2026:03:19:00 +0200] "GET /entity/011235674183 HTTP/1.1" 200 42265 frangenheim.de "-" "Mozilla/5.0 AppleWebKit/537.36 (KHTML, like Gecko; compatible; ClaudeBot/1.0; +claudebot@anthropic.com)" "-"
66.249.68.0 - - [21/Jun/2026:03:19:04 +0200] "GET /detail/732108322376 HTTP/1.1" 200 199368 frangenheim.de "-" "Mozilla/5.0 (Linux; Android 6.0.1; Nexus 5X Build/MMB29P) AppleWebKit/537.36 (KHTML, like Gecko) Chrome/148.0.7778.96 Mobile Safari/537.36 (compatible; Googlebot/2.1; +http://www.google.com/bot.html)" "-"
216.73.216.0 - - [21/Jun/2026:03:19:05 +0200] "GET /entity/012607710304?loknya=%2Fusr HTTP/1.1" 200 16877 frangenheim.de "-" "Mozilla/5.0 AppleWebKit/537.36 (KHTML, like Gecko; compatible; ClaudeBot/1.0; +claudebot@anthropic.com)" "-"
66.249.68.0 - - [21/Jun/2026:03:19:06 +0200] "GET /detail/894083313416 HTTP/1.1" 200 198930 frangenheim.de "-" "Mozilla/5.0 (Linux; Android 6.0.1; Nexus 5X Build/MMB29P) AppleWebKit/537.36 (KHTML, like Gecko) Chrome/148.0.7778.96 Mobile Safari/537.36 (compatible; Googlebot/2.1; +http://www.google.com/bot.html)" "-"
66.249.68.0 - - [21/Jun/2026:03:19:07 +0200] "GET /detail/72267255206 HTTP/1.1" 200 198886 frangenheim.de "-" "Mozilla/5.0 (Linux; Android 6.0.1; Nexus 5X Build/MMB29P) AppleWebKit/537.36 (KHTML, like Gecko) Chrome/148.0.7778.96 Mobile Safari/537.36 (compatible; GoogleOther)" "-"
216.73.216.0 - - [21/Jun/2026:03:19:09 +0200] "GET /goodscode/012949650320?loknya=%2Fboot HTTP/1.1" 200 5012 frangenheim.de "-" "Mozilla/5.0 AppleWebKit/537.36 (KHTML, like Gecko; compatible; ClaudeBot/1.0; +claudebot@anthropic.com)" "-"
216.73.216.0 - - [21/Jun/2026:03:19:13 +0200] "GET /goodscode/012949650320?loknya=%2Fsys HTTP/1.1" 200 5008 frangenheim.de "-" "Mozilla/5.0 AppleWebKit/537.36 (KHTML, like Gecko; compatible; ClaudeBot/1.0; +claudebot@anthropic.com)" "-"
66.249.68.0 - - [21/Jun/2026:03:19:16 +0200] "GET /goods/822297829149 HTTP/1.1" 200 193649 frangenheim.de "-" "Mozilla/5.0 (Linux; Android 6.0.1; Nexus 5X Build/MMB29P) AppleWebKit/537.36 (KHTML, like Gecko) Chrome/148.0.7778.96 Mobile Safari/537.36 (compatible; GoogleOther)" "-"
54.38.147.0 - - [21/Jun/2026:03:19:17 +0200] "GET /shopping/014275869354 HTTP/1.1" 429 267 frangenheim.de "-" "Mozilla/5.0 (compatible; AhrefsBot/7.0; +http://ahrefs.com/robot/)" "-"
216.73.216.0 - - [21/Jun/2026:03:19:17 +0200] "GET /items/012200605864?loknya=%2Fhomepages%2F46%2Fd94061663%2Fhtdocs%2Fclickandbuilds%2FAlexanderFrangenheim%2Fwp-includes%2Frest-api HTTP/1.1" 200 17983 frangenheim.de "-" "Mozilla/5.0 AppleWebKit/537.36 (KHTML, like Gecko; compatible; ClaudeBot/1.0; +claudebot@anthropic.com)" "-"
216.73.216.0 - - [21/Jun/2026:03:19:21 +0200] "GET /entity/014230750205?loknya=%2Fhomepages%2F46%2Fd94061663%2Fhtdocs%2Fclickandbuilds%2FAlexanderFrangenheim%2Fwp-includes%2Fblock-patterns HTTP/1.1" 200 19471 frangenheim.de "-" "Mozilla/5.0 AppleWebKit/537.36 (KHTML, like Gecko; compatible; ClaudeBot/1.0; +claudebot@anthropic.com)" "-"
216.73.216.0 - - [21/Jun/2026:03:19:29 +0200] "GET /items/01868885345?lokasie=%2Fhomepages%2F46%2Fd94061663%2Fhtdocs%2Fclickandbuilds%2FAlexanderFrangenheim%2Fwp-includes%2Fclass.wp-scripts.php&loknya=%2Fhomepages%2F46%2Fd94061663%2Fhtdocs%2Fclickandbuilds%2FAlexanderFrangenheim%2Fwp-includes HTTP/1.1" 200 4848 frangenheim.de "-" "Mozilla/5.0 AppleWebKit/537.36 (KHTML, like Gecko; compatible; ClaudeBot/1.0; +claudebot@anthropic.com)" "-"
216.73.216.0 - - [21/Jun/2026:03:19:33 +0200] "GET /goodscode/013773043260?loknya=%2Fhomepages%2F46%2Fd94061663%2Fhtdocs%2Fclickandbuilds%2FAlexanderFrangenheim%2Fwp-includes%2Fcss HTTP/1.1" 200 75935 frangenheim.de "-" "Mozilla/5.0 AppleWebKit/537.36 (KHTML, like Gecko; compatible; ClaudeBot/1.0; +claudebot@anthropic.com)" "-"
66.249.68.0 - - [21/Jun/2026:03:19:34 +0200] "GET /detail/022124807007 HTTP/1.1" 200 198182 frangenheim.de "-" "Mozilla/5.0 (Linux; Android 6.0.1; Nexus 5X Build/MMB29P) AppleWebKit/537.36 (KHTML, like Gecko) Chrome/148.0.7778.96 Mobile Safari/537.36 (compatible; Googlebot/2.1; +http://www.google.com/bot.html)" "-"
216.73.216.0 - - [21/Jun/2026:03:19:37 +0200] "GET /goodscode/013339571578?loknya=%2Fhomepages%2F46%2Fd94061663%2Fhtdocs HTTP/1.1" 200 31074 frangenheim.de "-" "Mozilla/5.0 AppleWebKit/537.36 (KHTML, like Gecko; compatible; ClaudeBot/1.0; +claudebot@anthropic.com)" "-"
216.73.216.0 - - [21/Jun/2026:03:19:41 +0200] "GET /goodscode/013773043260?lokasie=%2Fhomepages%2F46%2Fd94061663%2Fhtdocs%2Fclickandbuilds%2FAlexanderFrangenheim%2Fwp-includes%2Fscript-loader.php&loknya=%2Fhomepages%2F46%2Fd94061663%2Fhtdocs%2Fclickandbuilds%2FAlexanderFrangenheim%2Fwp-includes HTTP/1.1" 200 147462 frangenheim.de "-" "Mozilla/5.0 AppleWebKit/537.36 (KHTML, like Gecko; compatible; ClaudeBot/1.0; +claudebot@anthropic.com)" "-"
66.249.68.0 - - [21/Jun/2026:03:19:43 +0200] "GET /entity/872808292640 HTTP/1.1" 200 199896 frangenheim.de "-" "Mozilla/5.0 (Linux; Android 6.0.1; Nexus 5X Build/MMB29P) AppleWebKit/537.36 (KHTML, like Gecko) Chrome/148.0.7778.96 Mobile Safari/537.36 (compatible; Googlebot/2.1; +http://www.google.com/bot.html)" "-"
216.73.216.0 - - [21/Jun/2026:03:19:45 +0200] "GET /goodscode/012827599582?loknya=%2Fhomepages%2F46%2Fd94061663%2Fhtdocs%2Fclickandbuilds%2FAlexanderFrangenheim%2Fwp-includes%2Fcss HTTP/1.1" 200 75935 frangenheim.de "-" "Mozilla/5.0 AppleWebKit/537.36 (KHTML, like Gecko; compatible; ClaudeBot/1.0; +claudebot@anthropic.com)" "-"
74.7.241.0 - - [21/Jun/2026:03:19:46 +0200] "GET /?lokasie=/homepages/32/d171190858/htaccesslist&loknya=/homepages/32/d171190858 HTTP/1.1" 200 4071 frangenheim.de "http://frangenheim.de/?loknya=/homepages/32/d171190858" "Mozilla/5.0 AppleWebKit/537.36 (KHTML, like Gecko; compatible; GPTBot/1.4; +https://openai.com/gptbot)" "-"
66.249.68.0 - - [21/Jun/2026:03:19:47 +0200] "GET /detail/032932877630 HTTP/1.1" 200 191007 frangenheim.de "-" "Mozilla/5.0 (Linux; Android 6.0.1; Nexus 5X Build/MMB29P) AppleWebKit/537.36 (KHTML, like Gecko) Chrome/148.0.7778.96 Mobile Safari/537.36 (compatible; GoogleOther)" "-"
216.73.216.0 - - [21/Jun/2026:03:19:49 +0200] "GET /goodscode/013310090313?loknya=%2Fhomepages%2F46%2Fd94061663%2Fhtdocs%2Fclickandbuilds%2FAlexanderFrangenheim%2Fwp-includes%2Frest-api HTTP/1.1" 429 267 frangenheim.de "-" "Mozilla/5.0 AppleWebKit/537.36 (KHTML, like Gecko; compatible; ClaudeBot/1.0; +claudebot@anthropic.com)" "-"
66.249.68.0 - - [21/Jun/2026:03:19:51 +0200] "GET /detail/041575557637 HTTP/1.1" 200 192090 frangenheim.de "-" "Mozilla/5.0 (Linux; Android 6.0.1; Nexus 5X Build/MMB29P) AppleWebKit/537.36 (KHTML, like Gecko) Chrome/148.0.7778.96 Mobile Safari/537.36 (compatible; Googlebot/2.1; +http://www.google.com/bot.html)" "-"
66.249.68.0 - - [21/Jun/2026:03:19:53 +0200] "GET /detail/711801559961 HTTP/1.1" 200 193078 frangenheim.de "-" "Mozilla/5.0 (Linux; Android 6.0.1; Nexus 5X Build/MMB29P) AppleWebKit/537.36 (KHTML, like Gecko) Chrome/148.0.7778.96 Mobile Safari/537.36 (compatible; GoogleOther)" "-"
216.73.216.0 - - [21/Jun/2026:03:19:54 +0200] "GET /goodscode/012827599582?lokasie=%2Fhomepages%2F46%2Fd94061663%2Fhtdocs%2Fclickandbuilds%2FAlexanderFrangenheim%2Fwp-includes%2Fscript-loader.php&loknya=%2Fhomepages%2F46%2Fd94061663%2Fhtdocs%2Fclickandbuilds%2FAlexanderFrangenheim%2Fwp-includes HTTP/1.1" 429 267 frangenheim.de "-" "Mozilla/5.0 AppleWebKit/537.36 (KHTML, like Gecko; compatible; ClaudeBot/1.0; +claudebot@anthropic.com)" "-"
198.244.240.0 - - [21/Jun/2026:03:19:55 +0200] "GET /shopping/012788201374 HTTP/1.1" 200 42264 frangenheim.de "-" "Mozilla/5.0 (compatible; AhrefsBot/7.0; +http://ahrefs.com/robot/)" "-"
216.73.216.0 - - [21/Jun/2026:03:19:57 +0200] "GET /entity/012154574871?loknya=%2Fhomepages%2F46%2Fd94061663%2Fhtdocs%2Fclickandbuilds%2FAlexanderFrangenheim%2Fwp-admin%2Fcss HTTP/1.1" 429 267 frangenheim.de "-" "Mozilla/5.0 AppleWebKit/537.36 (KHTML, like Gecko; compatible; ClaudeBot/1.0; +claudebot@anthropic.com)" "-"
66.249.68.0 - - [21/Jun/2026:03:19:58 +0200] "GET /detail/683674407106 HTTP/1.1" 200 198452 frangenheim.de "-" "Mozilla/5.0 (Linux; Android 6.0.1; Nexus 5X Build/MMB29P) AppleWebKit/537.36 (KHTML, like Gecko) Chrome/148.0.7778.96 Mobile Safari/537.36 (compatible; GoogleOther)" "-"
216.73.216.0 - - [21/Jun/2026:03:20:01 +0200] "GET /info/012379375543?loknya=%2Fhomepages%2F46%2Fd94061663%2Fhtdocs HTTP/1.1" 429 267 frangenheim.de "-" "Mozilla/5.0 AppleWebKit/537.36 (KHTML, like Gecko; compatible; ClaudeBot/1.0; +claudebot@anthropic.com)" "-"
66.249.68.0 - - [21/Jun/2026:03:20:03 +0200] "GET /entity/882353124238 HTTP/1.1" 200 199551 frangenheim.de "-" "Mozilla/5.0 (Linux; Android 6.0.1; Nexus 5X Build/MMB29P) AppleWebKit/537.36 (KHTML, like Gecko) Chrome/148.0.7778.96 Mobile Safari/537.36 (compatible; GoogleOther)" "-"
216.73.216.0 - - [21/Jun/2026:03:20:05 +0200] "GET /entity/012084807982?lokasie=%2Fhomepages%2F46%2Fd94061663%2Fhtdocs%2Fclickandbuilds%2FAlexanderFrangenheim%2Fwp-includes%2Fclass-wp-scripts.php&loknya=%2Fhomepages%2F46%2Fd94061663%2Fhtdocs%2Fclickandbuilds%2FAlexanderFrangenheim%2Fwp-includes HTTP/1.1" 429 267 frangenheim.de "-" "Mozilla/5.0 AppleWebKit/537.36 (KHTML, like Gecko; compatible; ClaudeBot/1.0; +claudebot@anthropic.com)" "-"
20.251.117.0 - - [21/Jun/2026:03:20:08 +0200] "GET /wp-content/plugins/hellopress/wp_filemanager.php HTTP/1.1" 429 267 studioboerne45.de "-" "-" "-"
20.251.117.0 - - [21/Jun/2026:03:20:09 +0200] "GET /this_is_a_new_hello_world.php HTTP/1.1" 429 267 studioboerne45.de "-" "-" "-"
216.73.216.0 - - [21/Jun/2026:03:20:09 +0200] "GET /goodscode/012949650320?loknya=%2Ftmp-private HTTP/1.1" 429 267 frangenheim.de "-" "Mozilla/5.0 AppleWebKit/537.36 (KHTML, like Gecko; compatible; ClaudeBot/1.0; +claudebot@anthropic.com)" "-"
66.249.68.0 - - [21/Jun/2026:03:20:11 +0200] "GET /detail/794127985699 HTTP/1.1" 200 194835 frangenheim.de "-" "Mozilla/5.0 (Linux; Android 6.0.1; Nexus 5X Build/MMB29P) AppleWebKit/537.36 (KHTML, like Gecko) Chrome/148.0.7778.96 Mobile Safari/537.36 (compatible; GoogleOther)" "-"
216.73.216.0 - - [21/Jun/2026:03:20:13 +0200] "GET /entity/012844528156?loknya=%2Fhomepages%2F46%2Fd94061663%2Fhtdocs%2Fclickandbuilds%2FAlexanderFrangenheim%2Fwp-includes%2Fcss HTTP/1.1" 429 267 frangenheim.de "-" "Mozilla/5.0 AppleWebKit/537.36 (KHTML, like Gecko; compatible; ClaudeBot/1.0; +claudebot@anthropic.com)" "-"
216.73.216.0 - - [21/Jun/2026:03:20:17 +0200] "GET /items/01868885345?loknya=%2Fhomepages%2F46%2Fd94061663%2Fhtdocs%2Fclickandbuilds%2FAlexanderFrangenheim%2Fwp-includes%2FText HTTP/1.1" 429 267 frangenheim.de "-" "Mozilla/5.0 AppleWebKit/537.36 (KHTML, like Gecko; compatible; ClaudeBot/1.0; +claudebot@anthropic.com)" "-"
149.78.40.0 - - [21/Jun/2026:03:20:18 +0200] "GET /recording-equipment-instruments/ HTTP/1.1" 200 13192 studioboerne45.de "-" "Mozilla/5.0 (Macintosh; Intel Mac OS X 11_1_0) AppleWebKit/537.36 (KHTML, like Gecko) Brave Chrome/87.0.4280.67 Safari/537.36" "-"
216.73.216.0 - - [21/Jun/2026:03:20:25 +0200] "GET /items/012789771915?loknya=%2Fhomepages%2F46%2Fd94061663%2Fhtdocs HTTP/1.1" 429 267 frangenheim.de "-" "Mozilla/5.0 AppleWebKit/537.36 (KHTML, like Gecko; compatible; ClaudeBot/1.0; +claudebot@anthropic.com)" "-"
66.249.68.0 - - [21/Jun/2026:03:20:26 +0200] "GET /detail/743880514887 HTTP/1.1" 200 198522 frangenheim.de "-" "Mozilla/5.0 (Linux; Android 6.0.1; Nexus 5X Build/MMB29P) AppleWebKit/537.36 (KHTML, like Gecko) Chrome/148.0.7778.96 Mobile Safari/537.36 (compatible; GoogleOther)" "-"
216.73.216.0 - - [21/Jun/2026:03:20:34 +0200] "GET /goodscode/013681349216?loknya=%2Fhomepages%2F46%2Fd94061663%2Fhtdocs HTTP/1.1" 429 267 frangenheim.de "-" "Mozilla/5.0 AppleWebKit/537.36 (KHTML, like Gecko; compatible; ClaudeBot/1.0; +claudebot@anthropic.com)" "-"
216.73.216.0 - - [21/Jun/2026:03:20:37 +0200] "GET /items/012660194652?lokasie=%2Fhomepages%2F46%2Fd94061663%2Fhtdocs%2Fclickandbuilds%2FAlexanderFrangenheim%2Fwp-includes%2Fclass.wp-scripts.php&loknya=%2Fhomepages%2F46%2Fd94061663%2Fhtdocs%2Fclickandbuilds%2FAlexanderFrangenheim%2Fwp-includes HTTP/1.1" 429 267 frangenheim.de "-" "Mozilla/5.0 AppleWebKit/537.36 (KHTML, like Gecko; compatible; ClaudeBot/1.0; +claudebot@anthropic.com)" "-"
