67.144.18.0 - - [21/Jun/2026:01:35:22 +0200] "GET /index.php?lokasie=/homepages/46/d94061663/htdocs/backups/deutsch%20backup%20kim%20230818/menue.html&loknya=/homepages/46/d94061663/htdocs/backups/deutsch%20backup%20kim%20230818 HTTP/1.1" 200 6645 frangenheim.de "-" "Mozilla/5.0 (compatible; MJ12bot/v1.4.8; http://mj12bot.com/)" "-"
216.73.216.0 - - [21/Jun/2026:01:35:25 +0200] "GET /items/013180199136?lokasie=%2Fhomepages%2F46%2Fd94061663%2Fhtdocs%2Fclickandbuilds%2FAlexanderFrangenheim%2Fwp-includes%2Fwp-diff.php&loknya=%2Fhomepages%2F46%2Fd94061663%2Fhtdocs%2Fclickandbuilds%2FAlexanderFrangenheim%2Fwp-includes HTTP/1.1" 200 5143 frangenheim.de "-" "Mozilla/5.0 AppleWebKit/537.36 (KHTML, like Gecko; compatible; ClaudeBot/1.0; +claudebot@anthropic.com)" "-"
66.249.68.0 - - [21/Jun/2026:01:35:26 +0200] "GET /special/831897088157 HTTP/1.1" 200 196138 frangenheim.de "-" "Mozilla/5.0 (Linux; Android 6.0.1; Nexus 5X Build/MMB29P) AppleWebKit/537.36 (KHTML, like Gecko) Chrome/148.0.7778.96 Mobile Safari/537.36 (compatible; GoogleOther)" "-"
67.144.18.0 - - [21/Jun/2026:01:35:27 +0200] "GET /index.php?lokasie=/homepages/46/d94061663/htdocs/backups/deutsch%20backup%20kim%20231012/frameset.html&loknya=/homepages/46/d94061663/htdocs/backups/deutsch%20backup%20kim%20231012 HTTP/1.1" 200 5335 frangenheim.de "-" "Mozilla/5.0 (compatible; MJ12bot/v1.4.8; http://mj12bot.com/)" "-"
40.77.167.0 - - [21/Jun/2026:01:35:29 +0200] "GET /sitemap-item-1953.xml HTTP/1.1" 200 345411 www.frangenheim.de "-" "Mozilla/5.0 AppleWebKit/537.36 (KHTML, like Gecko; compatible; bingbot/2.0; +http://www.bing.com/bingbot.htm) Chrome/116.0.1938.76 Safari/537.36" "-"
67.144.18.0 - - [21/Jun/2026:01:35:32 +0200] "GET /index.php?lokasie=/homepages/46/d94061663/htdocs/backups/deutsch%20backup%20kim%20231012/menu.gif&loknya=/homepages/46/d94061663/htdocs/backups/deutsch%20backup%20kim%20231012 HTTP/1.1" 200 4350 frangenheim.de "-" "Mozilla/5.0 (compatible; MJ12bot/v1.4.8; http://mj12bot.com/)" "-"
66.249.68.0 - - [21/Jun/2026:01:35:34 +0200] "GET /detail/054146421010 HTTP/1.1" 200 199733 frangenheim.de "-" "Mozilla/5.0 (Linux; Android 6.0.1; Nexus 5X Build/MMB29P) AppleWebKit/537.36 (KHTML, like Gecko) Chrome/148.0.7778.96 Mobile Safari/537.36 (compatible; Googlebot/2.1; +http://www.google.com/bot.html)" "-"
67.144.18.0 - - [21/Jun/2026:01:35:36 +0200] "GET /index.php?lokasie=/homepages/46/d94061663/htdocs/backups/deutsch%20backup%20kim%20231012/menue.html&loknya=/homepages/46/d94061663/htdocs/backups/deutsch%20backup%20kim%20231012 HTTP/1.1" 200 6645 frangenheim.de "-" "Mozilla/5.0 (compatible; MJ12bot/v1.4.8; http://mj12bot.com/)" "-"
216.73.216.0 - - [21/Jun/2026:01:35:37 +0200] "GET /info/014178762599?lokasie=%2Fhomepages%2F46%2Fd94061663%2Fhtdocs%2Fclickandbuilds%2FAlexanderFrangenheim%2Fwp-admin%2Ftheme-editor.php&loknya=%2Fhomepages%2F46%2Fd94061663%2Fhtdocs%2Fclickandbuilds%2FAlexanderFrangenheim%2Fwp-admin HTTP/1.1" 429 267 frangenheim.de "-" "Mozilla/5.0 AppleWebKit/537.36 (KHTML, like Gecko; compatible; ClaudeBot/1.0; +claudebot@anthropic.com)" "-"
216.73.216.0 - - [21/Jun/2026:01:35:38 +0200] "GET /goodscode/013463444487?loknya=%2Fhomepages%2F46%2Fd94061663%2Fhtdocs%2Fclickandbuilds%2FAlexanderFrangenheim%2Fwp-includes HTTP/1.1" 429 267 frangenheim.de "-" "Mozilla/5.0 AppleWebKit/537.36 (KHTML, like Gecko; compatible; ClaudeBot/1.0; +claudebot@anthropic.com)" "-"
67.144.18.0 - - [21/Jun/2026:01:35:41 +0200] "GET /index.php?lokasie=/homepages/46/d94061663/htdocs/clickandbuilds/AlexanderFrangenheim/wp-content/gallery/cod/.htaccess&loknya=/homepages/46/d94061663/htdocs/clickandbuilds/AlexanderFrangenheim/wp-content/gallery/cod HTTP/1.1" 200 4869 frangenheim.de "-" "Mozilla/5.0 (compatible; MJ12bot/v1.4.8; http://mj12bot.com/)" "-"
66.249.68.0 - - [21/Jun/2026:01:35:41 +0200] "GET /detail/682836382054 HTTP/1.1" 200 195653 frangenheim.de "-" "Mozilla/5.0 (Linux; Android 6.0.1; Nexus 5X Build/MMB29P) AppleWebKit/537.36 (KHTML, like Gecko) Chrome/148.0.7778.96 Mobile Safari/537.36 (compatible; GoogleOther)" "-"
67.144.18.0 - - [21/Jun/2026:01:35:46 +0200] "GET /index.php?lokasie=/homepages/46/d94061663/htdocs/clickandbuilds/AlexanderFrangenheim/wp-content/gallery/cod/1992-OFF.jpg&loknya=/homepages/46/d94061663/htdocs/clickandbuilds/AlexanderFrangenheim/wp-content/gallery/cod HTTP/1.1" 200 4733 frangenheim.de "-" "Mozilla/5.0 (compatible; MJ12bot/v1.4.8; http://mj12bot.com/)" "-"
66.249.68.0 - - [21/Jun/2026:01:35:47 +0200] "GET /detail/802284380624 HTTP/1.1" 200 201860 frangenheim.de "-" "Mozilla/5.0 (Linux; Android 6.0.1; Nexus 5X Build/MMB29P) AppleWebKit/537.36 (KHTML, like Gecko) Chrome/148.0.7778.96 Mobile Safari/537.36 (compatible; Googlebot/2.1; +http://www.google.com/bot.html)" "-"
216.73.216.0 - - [21/Jun/2026:01:35:50 +0200] "GET /info/011024573176?lokasie=%2Fbin%2Fgit-shell&loknya=%2Fbin HTTP/1.1" 429 267 frangenheim.de "-" "Mozilla/5.0 AppleWebKit/537.36 (KHTML, like Gecko; compatible; ClaudeBot/1.0; +claudebot@anthropic.com)" "-"
67.144.18.0 - - [21/Jun/2026:01:35:50 +0200] "GET /index.php?lokasie=/homepages/46/d94061663/htdocs/clickandbuilds/AlexanderFrangenheim/wp-content/gallery/cod/1992-ON.jpg&loknya=/homepages/46/d94061663/htdocs/clickandbuilds/AlexanderFrangenheim/wp-content/gallery/cod HTTP/1.1" 200 4732 frangenheim.de "-" "Mozilla/5.0 (compatible; MJ12bot/v1.4.8; http://mj12bot.com/)" "-"
66.249.68.0 - - [21/Jun/2026:01:35:51 +0200] "GET /detail/13148991599 HTTP/1.1" 200 200179 frangenheim.de "-" "Mozilla/5.0 (Linux; Android 6.0.1; Nexus 5X Build/MMB29P) AppleWebKit/537.36 (KHTML, like Gecko) Chrome/148.0.7778.96 Mobile Safari/537.36 (compatible; GoogleOther)" "-"
54.38.147.0 - - [21/Jun/2026:01:35:53 +0200] "GET /item/012723958222 HTTP/1.1" 200 42264 frangenheim.de "-" "Mozilla/5.0 (compatible; AhrefsBot/7.0; +http://ahrefs.com/robot/)" "-"
67.144.18.0 - - [21/Jun/2026:01:35:56 +0200] "GET /index.php?lokasie=/homepages/46/d94061663/htdocs/clickandbuilds/AlexanderFrangenheim/wp-content/gallery/cod/1992.jpg&loknya=/homepages/46/d94061663/htdocs/clickandbuilds/AlexanderFrangenheim/wp-content/gallery/cod HTTP/1.1" 200 4729 frangenheim.de "-" "Mozilla/5.0 (compatible; MJ12bot/v1.4.8; http://mj12bot.com/)" "-"
67.144.18.0 - - [21/Jun/2026:01:36:01 +0200] "GET /index.php?lokasie=/homepages/46/d94061663/htdocs/clickandbuilds/AlexanderFrangenheim/wp-content/gallery/cod/1993-OFF.jpg&loknya=/homepages/46/d94061663/htdocs/clickandbuilds/AlexanderFrangenheim/wp-content/gallery/cod HTTP/1.1" 200 4733 frangenheim.de "-" "Mozilla/5.0 (compatible; MJ12bot/v1.4.8; http://mj12bot.com/)" "-"
216.73.216.0 - - [21/Jun/2026:01:36:02 +0200] "GET /entity/01254666407?lokasie=%2Fhomepages%2F46%2Fd94061663%2Fhtdocs%2Fclickandbuilds%2FAlexanderFrangenheim%2Fwp-includes%2Ffeed-atom.php&loknya=%2Fhomepages%2F46%2Fd94061663%2Fhtdocs%2Fclickandbuilds%2FAlexanderFrangenheim%2Fwp-includes HTTP/1.1" 429 267 frangenheim.de "-" "Mozilla/5.0 AppleWebKit/537.36 (KHTML, like Gecko; compatible; ClaudeBot/1.0; +claudebot@anthropic.com)" "-"
67.144.18.0 - - [21/Jun/2026:01:36:06 +0200] "GET /index.php?lokasie=/homepages/46/d94061663/htdocs/clickandbuilds/AlexanderFrangenheim/wp-content/gallery/cod/1993-ON.jpg&loknya=/homepages/46/d94061663/htdocs/clickandbuilds/AlexanderFrangenheim/wp-content/gallery/cod HTTP/1.1" 200 4732 frangenheim.de "-" "Mozilla/5.0 (compatible; MJ12bot/v1.4.8; http://mj12bot.com/)" "-"
66.249.68.0 - - [21/Jun/2026:01:36:08 +0200] "GET /detail/77922842242 HTTP/1.1" 200 198028 frangenheim.de "-" "Mozilla/5.0 (Linux; Android 6.0.1; Nexus 5X Build/MMB29P) AppleWebKit/537.36 (KHTML, like Gecko) Chrome/148.0.7778.96 Mobile Safari/537.36 (compatible; Googlebot/2.1; +http://www.google.com/bot.html)" "-"
74.7.241.0 - - [21/Jun/2026:01:36:10 +0200] "GET /?lokasie=/homepages/12/d94403037/DASTOOLSTART&loknya=/homepages/12/d94403037 HTTP/1.1" 429 267 frangenheim.de "http://frangenheim.de/?loknya=/homepages/12/d94403037" "Mozilla/5.0 AppleWebKit/537.36 (KHTML, like Gecko; compatible; GPTBot/1.4; +https://openai.com/gptbot)" "-"
216.73.216.0 - - [21/Jun/2026:01:36:11 +0200] "GET /info/01381485917?loknya=%2Fhomepages%2F46%2Fd94061663%2Fhtdocs%2Fclickandbuilds%2F HTTP/1.1" 429 267 frangenheim.de "-" "Mozilla/5.0 AppleWebKit/537.36 (KHTML, like Gecko; compatible; ClaudeBot/1.0; +claudebot@anthropic.com)" "-"
67.144.18.0 - - [21/Jun/2026:01:36:11 +0200] "GET /index.php?lokasie=/homepages/46/d94061663/htdocs/clickandbuilds/AlexanderFrangenheim/wp-content/gallery/cod/1993.jpg&loknya=/homepages/46/d94061663/htdocs/clickandbuilds/AlexanderFrangenheim/wp-content/gallery/cod HTTP/1.1" 200 4729 frangenheim.de "-" "Mozilla/5.0 (compatible; MJ12bot/v1.4.8; http://mj12bot.com/)" "-"
216.73.216.0 - - [21/Jun/2026:01:36:13 +0200] "GET /goodscode/013121205169?loknya=%2Fhomepages%2F46%2Fd94061663%2Fhtdocs%2Fclickandbuilds%2FAlexanderFrangenheim%2Fwp-includes HTTP/1.1" 429 267 frangenheim.de "-" "Mozilla/5.0 AppleWebKit/537.36 (KHTML, like Gecko; compatible; ClaudeBot/1.0; +claudebot@anthropic.com)" "-"
66.249.68.0 - - [21/Jun/2026:01:36:13 +0200] "GET /detail/033750232456 HTTP/1.1" 200 196823 frangenheim.de "-" "Mozilla/5.0 (Linux; Android 6.0.1; Nexus 5X Build/MMB29P) AppleWebKit/537.36 (KHTML, like Gecko) Chrome/148.0.7778.96 Mobile Safari/537.36 (compatible; GoogleOther)" "-"
216.73.216.0 - - [21/Jun/2026:01:36:16 +0200] "GET /entity/012139914879?lokasie=%2Fhomepages%2F46%2Fd94061663%2Fhtdocs%2Fclickandbuilds%2FAlexanderFrangenheim%2Fwp-admin%2Fcustom-header.php&loknya=%2Fhomepages%2F46%2Fd94061663%2Fhtdocs%2Fclickandbuilds%2FAlexanderFrangenheim%2Fwp-admin HTTP/1.1" 429 267 frangenheim.de "-" "Mozilla/5.0 AppleWebKit/537.36 (KHTML, like Gecko; compatible; ClaudeBot/1.0; +claudebot@anthropic.com)" "-"
67.144.18.0 - - [21/Jun/2026:01:36:16 +0200] "GET /index.php?lokasie=/homepages/46/d94061663/htdocs/clickandbuilds/AlexanderFrangenheim/wp-content/gallery/cod/1994-OFF.jpg&loknya=/homepages/46/d94061663/htdocs/clickandbuilds/AlexanderFrangenheim/wp-content/gallery/cod HTTP/1.1" 200 4733 frangenheim.de "-" "Mozilla/5.0 (compatible; MJ12bot/v1.4.8; http://mj12bot.com/)" "-"
216.73.216.0 - - [21/Jun/2026:01:36:19 +0200] "GET /info/011637036667?loknya=%2Fhomepages%2F46%2Fd94061663%2Fhtdocs%2Fclickandbuilds%2F HTTP/1.1" 429 267 frangenheim.de "-" "Mozilla/5.0 AppleWebKit/537.36 (KHTML, like Gecko; compatible; ClaudeBot/1.0; +claudebot@anthropic.com)" "-"
67.144.18.0 - - [21/Jun/2026:01:36:21 +0200] "GET /index.php?lokasie=/homepages/46/d94061663/htdocs/clickandbuilds/AlexanderFrangenheim/wp-content/gallery/cod/1994-ON.jpg&loknya=/homepages/46/d94061663/htdocs/clickandbuilds/AlexanderFrangenheim/wp-content/gallery/cod HTTP/1.1" 200 4732 frangenheim.de "-" "Mozilla/5.0 (compatible; MJ12bot/v1.4.8; http://mj12bot.com/)" "-"
66.249.68.0 - - [21/Jun/2026:01:36:22 +0200] "GET /detail/81646926136 HTTP/1.1" 200 201410 frangenheim.de "-" "Mozilla/5.0 (Linux; Android 6.0.1; Nexus 5X Build/MMB29P) AppleWebKit/537.36 (KHTML, like Gecko) Chrome/148.0.7778.96 Mobile Safari/537.36 (compatible; GoogleOther)" "-"
216.73.216.0 - - [21/Jun/2026:01:36:23 +0200] "GET /entity/01904490760?loknya=%2Fhomepages%2F46%2Fd94061663 HTTP/1.1" 429 267 frangenheim.de "-" "Mozilla/5.0 AppleWebKit/537.36 (KHTML, like Gecko; compatible; ClaudeBot/1.0; +claudebot@anthropic.com)" "-"
67.144.18.0 - - [21/Jun/2026:01:36:26 +0200] "GET /index.php?lokasie=/homepages/46/d94061663/htdocs/clickandbuilds/AlexanderFrangenheim/wp-content/gallery/cod/1994.jpg&loknya=/homepages/46/d94061663/htdocs/clickandbuilds/AlexanderFrangenheim/wp-content/gallery/cod HTTP/1.1" 200 4729 frangenheim.de "-" "Mozilla/5.0 (compatible; MJ12bot/v1.4.8; http://mj12bot.com/)" "-"
66.249.68.0 - - [21/Jun/2026:01:36:26 +0200] "GET /detail/6861360130 HTTP/1.1" 200 198142 frangenheim.de "-" "Mozilla/5.0 (Linux; Android 6.0.1; Nexus 5X Build/MMB29P) AppleWebKit/537.36 (KHTML, like Gecko) Chrome/148.0.7778.96 Mobile Safari/537.36 (compatible; Googlebot/2.1; +http://www.google.com/bot.html)" "-"
216.73.216.0 - - [21/Jun/2026:01:36:28 +0200] "GET /entity/013517263649?loknya=%2Fhomepages%2F46%2Fd94061663%2Fhtdocs%2Fclickandbuilds HTTP/1.1" 429 267 frangenheim.de "-" "Mozilla/5.0 AppleWebKit/537.36 (KHTML, like Gecko; compatible; ClaudeBot/1.0; +claudebot@anthropic.com)" "-"
67.144.18.0 - - [21/Jun/2026:01:36:31 +0200] "GET /index.php?lokasie=/homepages/46/d94061663/htdocs/clickandbuilds/AlexanderFrangenheim/wp-content/gallery/cod/1995-OFF.jpg&loknya=/homepages/46/d94061663/htdocs/clickandbuilds/AlexanderFrangenheim/wp-content/gallery/cod HTTP/1.1" 200 4733 frangenheim.de "-" "Mozilla/5.0 (compatible; MJ12bot/v1.4.8; http://mj12bot.com/)" "-"
216.73.216.0 - - [21/Jun/2026:01:36:32 +0200] "GET /info/01898980351?loknya=%2Fhomepages%2F46%2Fd94061663%2Fhtdocs%2Fclickandbuilds%2F HTTP/1.1" 429 267 frangenheim.de "-" "Mozilla/5.0 AppleWebKit/537.36 (KHTML, like Gecko; compatible; ClaudeBot/1.0; +claudebot@anthropic.com)" "-"
66.249.68.0 - - [21/Jun/2026:01:36:32 +0200] "GET /detail/731766109541 HTTP/1.1" 200 203177 frangenheim.de "-" "Mozilla/5.0 (Linux; Android 6.0.1; Nexus 5X Build/MMB29P) AppleWebKit/537.36 (KHTML, like Gecko) Chrome/148.0.7778.96 Mobile Safari/537.36 (compatible; GoogleOther)" "-"
216.73.216.0 - - [21/Jun/2026:01:36:36 +0200] "GET /goodscode/011114557151?loknya=%2Fhomepages%2F46%2Fd94061663%2Fhtdocs%2Fclickandbuilds%2FAlexanderFrangenheim%2Fwp-content HTTP/1.1" 429 267 frangenheim.de "-" "Mozilla/5.0 AppleWebKit/537.36 (KHTML, like Gecko; compatible; ClaudeBot/1.0; +claudebot@anthropic.com)" "-"
67.144.18.0 - - [21/Jun/2026:01:36:36 +0200] "GET /index.php?lokasie=/homepages/46/d94061663/htdocs/clickandbuilds/AlexanderFrangenheim/wp-content/gallery/cod/1995-ON.jpg&loknya=/homepages/46/d94061663/htdocs/clickandbuilds/AlexanderFrangenheim/wp-content/gallery/cod HTTP/1.1" 200 4732 frangenheim.de "-" "Mozilla/5.0 (compatible; MJ12bot/v1.4.8; http://mj12bot.com/)" "-"
216.73.216.0 - - [21/Jun/2026:01:36:40 +0200] "GET /items/011978319306?lokasie=%2Fhomepages%2F46%2Fd94061663%2Fhtdocs%2Fclickandbuilds%2FAlexanderFrangenheim%2Fwp-includes%2Fclass-wp-term.php&loknya=%2Fhomepages%2F46%2Fd94061663%2Fhtdocs%2Fclickandbuilds%2FAlexanderFrangenheim%2Fwp-includes HTTP/1.1" 200 9872 frangenheim.de "-" "Mozilla/5.0 AppleWebKit/537.36 (KHTML, like Gecko; compatible; ClaudeBot/1.0; +claudebot@anthropic.com)" "-"
66.249.68.0 - - [21/Jun/2026:01:36:40 +0200] "GET /detail/822097485571 HTTP/1.1" 200 192715 frangenheim.de "-" "Mozilla/5.0 (Linux; Android 6.0.1; Nexus 5X Build/MMB29P) AppleWebKit/537.36 (KHTML, like Gecko) Chrome/148.0.7778.96 Mobile Safari/537.36 (compatible; GoogleOther)" "-"
67.144.18.0 - - [21/Jun/2026:01:36:41 +0200] "GET /index.php?lokasie=/homepages/46/d94061663/htdocs/clickandbuilds/AlexanderFrangenheim/wp-content/gallery/cod/1995.jpg&loknya=/homepages/46/d94061663/htdocs/clickandbuilds/AlexanderFrangenheim/wp-content/gallery/cod HTTP/1.1" 200 4729 frangenheim.de "-" "Mozilla/5.0 (compatible; MJ12bot/v1.4.8; http://mj12bot.com/)" "-"
216.73.216.0 - - [21/Jun/2026:01:36:44 +0200] "GET /info/011030951448?loknya=%2Fhomepages%2F46%2Fd94061663%2Fhtdocs%2Fclickandbuilds%2F HTTP/1.1" 200 9266 frangenheim.de "-" "Mozilla/5.0 AppleWebKit/537.36 (KHTML, like Gecko; compatible; ClaudeBot/1.0; +claudebot@anthropic.com)" "-"
67.144.18.0 - - [21/Jun/2026:01:36:46 +0200] "GET /index.php?lokasie=/homepages/46/d94061663/htdocs/clickandbuilds/AlexanderFrangenheim/wp-content/gallery/cod/1996-OFF.jpg&loknya=/homepages/46/d94061663/htdocs/clickandbuilds/AlexanderFrangenheim/wp-content/gallery/cod HTTP/1.1" 200 4733 frangenheim.de "-" "Mozilla/5.0 (compatible; MJ12bot/v1.4.8; http://mj12bot.com/)" "-"
216.73.216.0 - - [21/Jun/2026:01:36:48 +0200] "GET /goodscode/012928124415?loknya=%2Fhomepages%2F46%2Fd94061663%2Fhtdocs%2Fclickandbuilds HTTP/1.1" 200 9256 frangenheim.de "-" "Mozilla/5.0 AppleWebKit/537.36 (KHTML, like Gecko; compatible; ClaudeBot/1.0; +claudebot@anthropic.com)" "-"
66.249.68.0 - - [21/Jun/2026:01:36:48 +0200] "GET /detail/13148991599 HTTP/1.1" 200 200179 frangenheim.de "-" "Mozilla/5.0 (Linux; Android 6.0.1; Nexus 5X Build/MMB29P) AppleWebKit/537.36 (KHTML, like Gecko) Chrome/148.0.7778.96 Mobile Safari/537.36 (compatible; Googlebot/2.1; +http://www.google.com/bot.html)" "-"
67.144.18.0 - - [21/Jun/2026:01:36:51 +0200] "GET /index.php?lokasie=/homepages/46/d94061663/htdocs/clickandbuilds/AlexanderFrangenheim/wp-content/gallery/cod/1996-ON.jpg&loknya=/homepages/46/d94061663/htdocs/clickandbuilds/AlexanderFrangenheim/wp-content/gallery/cod HTTP/1.1" 429 267 frangenheim.de "-" "Mozilla/5.0 (compatible; MJ12bot/v1.4.8; http://mj12bot.com/)" "-"
216.73.216.0 - - [21/Jun/2026:01:36:52 +0200] "GET /entity/013647728869?lokasie=%2Fhomepages%2F46%2Fd94061663%2Fhtdocs%2Fclickandbuilds%2FAlexanderFrangenheim%2Fwp-admin%2Fupdate-core.php&loknya=%2Fhomepages%2F46%2Fd94061663%2Fhtdocs%2Fclickandbuilds%2FAlexanderFrangenheim%2Fwp-admin HTTP/1.1" 200 54340 frangenheim.de "-" "Mozilla/5.0 AppleWebKit/537.36 (KHTML, like Gecko; compatible; ClaudeBot/1.0; +claudebot@anthropic.com)" "-"
66.249.68.0 - - [21/Jun/2026:01:36:53 +0200] "GET /detail/703238133591 HTTP/1.1" 200 194252 frangenheim.de "-" "Mozilla/5.0 (Linux; Android 6.0.1; Nexus 5X Build/MMB29P) AppleWebKit/537.36 (KHTML, like Gecko) Chrome/148.0.7778.96 Mobile Safari/537.36 (compatible; GoogleOther)" "-"
67.144.18.0 - - [21/Jun/2026:01:36:54 +0200] "GET /index.php?lokasie=/homepages/46/d94061663/htdocs/clickandbuilds/AlexanderFrangenheim/wp-content/gallery/cod/1996.jpg&loknya=/homepages/46/d94061663/htdocs/clickandbuilds/AlexanderFrangenheim/wp-content/gallery/cod HTTP/1.1" 429 267 frangenheim.de "-" "Mozilla/5.0 (compatible; MJ12bot/v1.4.8; http://mj12bot.com/)" "-"
216.73.216.0 - - [21/Jun/2026:01:36:56 +0200] "GET /entity/011044893589?loknya=%2Fhomepages%2F46%2Fd94061663%2Fhtdocs%2Fclickandbuilds%2FAlexanderFrangenheim%2Fwp-admin HTTP/1.1" 200 165663 frangenheim.de "-" "Mozilla/5.0 AppleWebKit/537.36 (KHTML, like Gecko; compatible; ClaudeBot/1.0; +claudebot@anthropic.com)" "-"
67.144.18.0 - - [21/Jun/2026:01:36:58 +0200] "GET /index.php?lokasie=/homepages/46/d94061663/htdocs/clickandbuilds/AlexanderFrangenheim/wp-content/gallery/cod/1997-OFF.jpg&loknya=/homepages/46/d94061663/htdocs/clickandbuilds/AlexanderFrangenheim/wp-content/gallery/cod HTTP/1.1" 429 267 frangenheim.de "-" "Mozilla/5.0 (compatible; MJ12bot/v1.4.8; http://mj12bot.com/)" "-"
216.73.216.0 - - [21/Jun/2026:01:37:00 +0200] "GET /entity/012077166107?lokasie=%2Fhomepages%2F46%2Fd94061663%2Fhtdocs%2Fclickandbuilds%2FAlexanderFrangenheim%2Fwp-includes%2Ffeed-rss2.php&loknya=%2Fhomepages%2F46%2Fd94061663%2Fhtdocs%2Fclickandbuilds%2FAlexanderFrangenheim%2Fwp-includes HTTP/1.1" 200 8961 frangenheim.de "-" "Mozilla/5.0 AppleWebKit/537.36 (KHTML, like Gecko; compatible; ClaudeBot/1.0; +claudebot@anthropic.com)" "-"
67.144.18.0 - - [21/Jun/2026:01:37:02 +0200] "GET /index.php?lokasie=/homepages/46/d94061663/htdocs/clickandbuilds/AlexanderFrangenheim/wp-content/gallery/cod/1997-ON.jpg&loknya=/homepages/46/d94061663/htdocs/clickandbuilds/AlexanderFrangenheim/wp-content/gallery/cod HTTP/1.1" 429 267 frangenheim.de "-" "Mozilla/5.0 (compatible; MJ12bot/v1.4.8; http://mj12bot.com/)" "-"
216.73.216.0 - - [21/Jun/2026:01:37:04 +0200] "GET /goodscode/013773043260?lokasie=%2Fhomepages%2F46%2Fd94061663%2Fhtdocs%2Fclickandbuilds%2FAlexanderFrangenheim%2Fwp-includes%2Fclass.wp-styles.php&loknya=%2Fhomepages%2F46%2Fd94061663%2Fhtdocs%2Fclickandbuilds%2FAlexanderFrangenheim%2Fwp-includes HTTP/1.1" 200 4842 frangenheim.de "-" "Mozilla/5.0 AppleWebKit/537.36 (KHTML, like Gecko; compatible; ClaudeBot/1.0; +claudebot@anthropic.com)" "-"
67.144.18.0 - - [21/Jun/2026:01:37:06 +0200] "GET /index.php?lokasie=/homepages/46/d94061663/htdocs/clickandbuilds/AlexanderFrangenheim/wp-content/gallery/cod/1997.jpg&loknya=/homepages/46/d94061663/htdocs/clickandbuilds/AlexanderFrangenheim/wp-content/gallery/cod HTTP/1.1" 429 267 frangenheim.de "-" "Mozilla/5.0 (compatible; MJ12bot/v1.4.8; http://mj12bot.com/)" "-"
51.89.129.0 - - [21/Jun/2026:01:37:07 +0200] "GET /item/011813758638 HTTP/1.1" 429 267 frangenheim.de "-" "Mozilla/5.0 (compatible; AhrefsBot/7.0; +http://ahrefs.com/robot/)" "-"
216.73.216.0 - - [21/Jun/2026:01:37:08 +0200] "GET /goodscode/011277488221?loknya=%2Fhomepages%2F46%2Fd94061663%2Fhtdocs%2Fclickandbuilds%2FAlexanderFrangenheim%2Fwp-admin HTTP/1.1" 200 165663 frangenheim.de "-" "Mozilla/5.0 AppleWebKit/537.36 (KHTML, like Gecko; compatible; ClaudeBot/1.0; +claudebot@anthropic.com)" "-"
67.144.18.0 - - [21/Jun/2026:01:37:09 +0200] "GET /index.php?lokasie=/homepages/46/d94061663/htdocs/clickandbuilds/AlexanderFrangenheim/wp-content/gallery/cod/1999-OFF.jpg&loknya=/homepages/46/d94061663/htdocs/clickandbuilds/AlexanderFrangenheim/wp-content/gallery/cod HTTP/1.1" 429 267 frangenheim.de "-" "Mozilla/5.0 (compatible; MJ12bot/v1.4.8; http://mj12bot.com/)" "-"
66.249.68.0 - - [21/Jun/2026:01:37:09 +0200] "GET /detail/761984702133 HTTP/1.1" 200 197527 frangenheim.de "-" "Mozilla/5.0 (Linux; Android 6.0.1; Nexus 5X Build/MMB29P) AppleWebKit/537.36 (KHTML, like Gecko) Chrome/148.0.7778.96 Mobile Safari/537.36 (compatible; GoogleOther)" "-"
216.73.216.0 - - [21/Jun/2026:01:37:12 +0200] "GET /entity/012301376260?lokasie=%2Fhomepages%2F46%2Fd94061663%2Fhtdocs%2Fclickandbuilds%2FAlexanderFrangenheim%2Fwp-includes%2Fclass-phpass.php&loknya=%2Fhomepages%2F46%2Fd94061663%2Fhtdocs%2Fclickandbuilds%2FAlexanderFrangenheim%2Fwp-includes HTTP/1.1" 200 11499 frangenheim.de "-" "Mozilla/5.0 AppleWebKit/537.36 (KHTML, like Gecko; compatible; ClaudeBot/1.0; +claudebot@anthropic.com)" "-"
67.144.18.0 - - [21/Jun/2026:01:37:13 +0200] "GET /index.php?lokasie=/homepages/46/d94061663/htdocs/clickandbuilds/AlexanderFrangenheim/wp-content/gallery/cod/1999-ON.jpg&loknya=/homepages/46/d94061663/htdocs/clickandbuilds/AlexanderFrangenheim/wp-content/gallery/cod HTTP/1.1" 429 267 frangenheim.de "-" "Mozilla/5.0 (compatible; MJ12bot/v1.4.8; http://mj12bot.com/)" "-"
66.249.68.0 - - [21/Jun/2026:01:37:14 +0200] "GET /detail/72430955945 HTTP/1.1" 200 199184 frangenheim.de "-" "Mozilla/5.0 (Linux; Android 6.0.1; Nexus 5X Build/MMB29P) AppleWebKit/537.36 (KHTML, like Gecko) Chrome/148.0.7778.96 Mobile Safari/537.36 (compatible; Googlebot/2.1; +http://www.google.com/bot.html)" "-"
216.73.216.0 - - [21/Jun/2026:01:37:16 +0200] "GET /entity/011587842963?loknya=%2Fhomepages%2F46%2Fd94061663%2Fhtdocs%2Fclickandbuilds%2F HTTP/1.1" 200 9266 frangenheim.de "-" "Mozilla/5.0 AppleWebKit/537.36 (KHTML, like Gecko; compatible; ClaudeBot/1.0; +claudebot@anthropic.com)" "-"
67.144.18.0 - - [21/Jun/2026:01:37:17 +0200] "GET /index.php?lokasie=/homepages/46/d94061663/htdocs/clickandbuilds/AlexanderFrangenheim/wp-content/gallery/cod/1999.jpg&loknya=/homepages/46/d94061663/htdocs/clickandbuilds/AlexanderFrangenheim/wp-content/gallery/cod HTTP/1.1" 429 267 frangenheim.de "-" "Mozilla/5.0 (compatible; MJ12bot/v1.4.8; http://mj12bot.com/)" "-"
198.244.226.0 - - [21/Jun/2026:01:37:19 +0200] "GET /item/012549357614 HTTP/1.1" 429 267 frangenheim.de "-" "Mozilla/5.0 (compatible; AhrefsBot/7.0; +http://ahrefs.com/robot/)" "-"
67.144.18.0 - - [21/Jun/2026:01:37:20 +0200] "GET /index.php?lokasie=/homepages/46/d94061663/htdocs/clickandbuilds/AlexanderFrangenheim/wp-content/gallery/cod/2002-OFF.jpg&loknya=/homepages/46/d94061663/htdocs/clickandbuilds/AlexanderFrangenheim/wp-content/gallery/cod HTTP/1.1" 429 267 frangenheim.de "-" "Mozilla/5.0 (compatible; MJ12bot/v1.4.8; http://mj12bot.com/)" "-"
216.73.216.0 - - [21/Jun/2026:01:37:20 +0200] "GET /goodscode/01969750120?loknya=%2Fhomepages%2F46%2Fd94061663%2Fhtdocs%2Fclickandbuilds%2FAlexanderFrangenheim%2Fwp-admin HTTP/1.1" 200 165663 frangenheim.de "-" "Mozilla/5.0 AppleWebKit/537.36 (KHTML, like Gecko; compatible; ClaudeBot/1.0; +claudebot@anthropic.com)" "-"
66.249.68.0 - - [21/Jun/2026:01:37:22 +0200] "GET /detail/751126476642 HTTP/1.1" 200 194015 frangenheim.de "-" "Mozilla/5.0 (Linux; Android 6.0.1; Nexus 5X Build/MMB29P) AppleWebKit/537.36 (KHTML, like Gecko) Chrome/148.0.7778.96 Mobile Safari/537.36 (compatible; GoogleOther)" "-"
67.144.18.0 - - [21/Jun/2026:01:37:24 +0200] "GET /index.php?lokasie=/homepages/46/d94061663/htdocs/clickandbuilds/AlexanderFrangenheim/wp-content/gallery/cod/2002-ON.jpg&loknya=/homepages/46/d94061663/htdocs/clickandbuilds/AlexanderFrangenheim/wp-content/gallery/cod HTTP/1.1" 429 267 frangenheim.de "-" "Mozilla/5.0 (compatible; MJ12bot/v1.4.8; http://mj12bot.com/)" "-"
216.73.216.0 - - [21/Jun/2026:01:37:24 +0200] "GET /goodscode/013587047296?lokasie=%2Fhomepages%2F46%2Fd94061663%2Fhtdocs%2Fclickandbuilds%2FAlexanderFrangenheim%2Fwp-includes%2Fquery.php&loknya=%2Fhomepages%2F46%2Fd94061663%2Fhtdocs%2Fclickandbuilds%2FAlexanderFrangenheim%2Fwp-includes HTTP/1.1" 200 41847 frangenheim.de "-" "Mozilla/5.0 AppleWebKit/537.36 (KHTML, like Gecko; compatible; ClaudeBot/1.0; +claudebot@anthropic.com)" "-"
67.144.18.0 - - [21/Jun/2026:01:37:28 +0200] "GET /index.php?lokasie=/homepages/46/d94061663/htdocs/clickandbuilds/AlexanderFrangenheim/wp-content/gallery/cod/2002.jpg&loknya=/homepages/46/d94061663/htdocs/clickandbuilds/AlexanderFrangenheim/wp-content/gallery/cod HTTP/1.1" 429 267 frangenheim.de "-" "Mozilla/5.0 (compatible; MJ12bot/v1.4.8; http://mj12bot.com/)" "-"
216.73.216.0 - - [21/Jun/2026:01:37:28 +0200] "GET /entity/011326268088?loknya=%2Fhomepages%2F46%2Fd94061663%2Fhtdocs%2Fclickandbuilds%2FAlexanderFrangenheim%2Fwp-includes HTTP/1.1" 200 406106 frangenheim.de "-" "Mozilla/5.0 AppleWebKit/537.36 (KHTML, like Gecko; compatible; ClaudeBot/1.0; +claudebot@anthropic.com)" "-"
51.195.183.0 - - [21/Jun/2026:01:37:30 +0200] "GET /item/011349924918 HTTP/1.1" 429 267 frangenheim.de "-" "Mozilla/5.0 (compatible; AhrefsBot/7.0; +http://ahrefs.com/robot/)" "-"
67.144.18.0 - - [21/Jun/2026:01:37:32 +0200] "GET /index.php?lokasie=/homepages/46/d94061663/htdocs/clickandbuilds/AlexanderFrangenheim/wp-content/gallery/cod/2003-OFF.jpg&loknya=/homepages/46/d94061663/htdocs/clickandbuilds/AlexanderFrangenheim/wp-content/gallery/cod HTTP/1.1" 429 267 frangenheim.de "-" "Mozilla/5.0 (compatible; MJ12bot/v1.4.8; http://mj12bot.com/)" "-"
216.73.216.0 - - [21/Jun/2026:01:37:32 +0200] "GET /info/01484163753?lokasie=%2Fhomepages%2F46%2Fd94061663%2Fhtdocs%2Fclickandbuilds%2FAlexanderFrangenheim%2Fwp-admin%2Fcss%2Ffarbtastic.min.css&loknya=%2Fhomepages%2F46%2Fd94061663%2Fhtdocs%2Fclickandbuilds%2FAlexanderFrangenheim%2Fwp-admin%2Fcss HTTP/1.1" 200 5138 frangenheim.de "-" "Mozilla/5.0 AppleWebKit/537.36 (KHTML, like Gecko; compatible; ClaudeBot/1.0; +claudebot@anthropic.com)" "-"
67.144.18.0 - - [21/Jun/2026:01:37:35 +0200] "GET /index.php?lokasie=/homepages/46/d94061663/htdocs/clickandbuilds/AlexanderFrangenheim/wp-content/gallery/cod/2003-ON.jpg&loknya=/homepages/46/d94061663/htdocs/clickandbuilds/AlexanderFrangenheim/wp-content/gallery/cod HTTP/1.1" 429 267 frangenheim.de "-" "Mozilla/5.0 (compatible; MJ12bot/v1.4.8; http://mj12bot.com/)" "-"
216.73.216.0 - - [21/Jun/2026:01:37:36 +0200] "GET /info/011696559630?loknya=%2Fhomepages%2F46%2Fd94061663%2Fhtdocs%2Fclickandbuilds%2FAlexanderFrangenheim%2Fwp-admin%2Fincludes HTTP/1.1" 200 185248 frangenheim.de "-" "Mozilla/5.0 AppleWebKit/537.36 (KHTML, like Gecko; compatible; ClaudeBot/1.0; +claudebot@anthropic.com)" "-"
66.249.68.0 - - [21/Jun/2026:01:37:37 +0200] "GET /special/864073903567 HTTP/1.1" 200 200250 frangenheim.de "-" "Mozilla/5.0 (Linux; Android 6.0.1; Nexus 5X Build/MMB29P) AppleWebKit/537.36 (KHTML, like Gecko) Chrome/148.0.7778.96 Mobile Safari/537.36 (compatible; GoogleOther)" "-"
67.144.18.0 - - [21/Jun/2026:01:37:39 +0200] "GET /index.php?lokasie=/homepages/46/d94061663/htdocs/clickandbuilds/AlexanderFrangenheim/wp-content/gallery/cod/2003.jpg&loknya=/homepages/46/d94061663/htdocs/clickandbuilds/AlexanderFrangenheim/wp-content/gallery/cod HTTP/1.1" 429 267 frangenheim.de "-" "Mozilla/5.0 (compatible; MJ12bot/v1.4.8; http://mj12bot.com/)" "-"
216.73.216.0 - - [21/Jun/2026:01:37:40 +0200] "GET /shopbrand/01196086550 HTTP/1.1" 200 42265 frangenheim.de "-" "Mozilla/5.0 AppleWebKit/537.36 (KHTML, like Gecko; compatible; ClaudeBot/1.0; +claudebot@anthropic.com)" "-"
67.144.18.0 - - [21/Jun/2026:01:37:43 +0200] "GET /index.php?lokasie=/homepages/46/d94061663/htdocs/clickandbuilds/AlexanderFrangenheim/wp-content/gallery/cod/2005-OFF.jpg&loknya=/homepages/46/d94061663/htdocs/clickandbuilds/AlexanderFrangenheim/wp-content/gallery/cod HTTP/1.1" 429 267 frangenheim.de "-" "Mozilla/5.0 (compatible; MJ12bot/v1.4.8; http://mj12bot.com/)" "-"
216.73.216.0 - - [21/Jun/2026:01:37:44 +0200] "GET /goodscode/011236036787?loknya=%2Fhomepages%2F46%2Fd94061663%2Fhtdocs%2Fclickandbuilds%2FAlexanderFrangenheim%2Fwp-includes HTTP/1.1" 200 406106 frangenheim.de "-" "Mozilla/5.0 AppleWebKit/537.36 (KHTML, like Gecko; compatible; ClaudeBot/1.0; +claudebot@anthropic.com)" "-"
66.249.68.0 - - [21/Jun/2026:01:37:45 +0200] "GET /detail/692986796918 HTTP/1.1" 200 202941 frangenheim.de "-" "Mozilla/5.0 (Linux; Android 6.0.1; Nexus 5X Build/MMB29P) AppleWebKit/537.36 (KHTML, like Gecko) Chrome/148.0.7778.96 Mobile Safari/537.36 (compatible; GoogleOther)" "-"
67.144.18.0 - - [21/Jun/2026:01:37:46 +0200] "GET /index.php?lokasie=/homepages/46/d94061663/htdocs/clickandbuilds/AlexanderFrangenheim/wp-content/gallery/cod/2005-ON.jpg&loknya=/homepages/46/d94061663/htdocs/clickandbuilds/AlexanderFrangenheim/wp-content/gallery/cod HTTP/1.1" 429 267 frangenheim.de "-" "Mozilla/5.0 (compatible; MJ12bot/v1.4.8; http://mj12bot.com/)" "-"
67.144.18.0 - - [21/Jun/2026:01:37:50 +0200] "GET /index.php?lokasie=/homepages/46/d94061663/htdocs/clickandbuilds/AlexanderFrangenheim/wp-content/gallery/cod/2005.jpg&loknya=/homepages/46/d94061663/htdocs/clickandbuilds/AlexanderFrangenheim/wp-content/gallery/cod HTTP/1.1" 429 267 frangenheim.de "-" "Mozilla/5.0 (compatible; MJ12bot/v1.4.8; http://mj12bot.com/)" "-"
216.73.216.0 - - [21/Jun/2026:01:37:52 +0200] "GET /goodscode/013458900102?loknya=%2Fhomepages%2F46%2Fd94061663%2Fhtdocs%2Fclickandbuilds HTTP/1.1" 200 9256 frangenheim.de "-" "Mozilla/5.0 AppleWebKit/537.36 (KHTML, like Gecko; compatible; ClaudeBot/1.0; +claudebot@anthropic.com)" "-"
67.144.18.0 - - [21/Jun/2026:01:37:54 +0200] "GET /index.php?lokasie=/homepages/46/d94061663/htdocs/clickandbuilds/AlexanderFrangenheim/wp-content/gallery/cod/2012-600.jpg&loknya=/homepages/46/d94061663/htdocs/clickandbuilds/AlexanderFrangenheim/wp-content/gallery/cod HTTP/1.1" 200 4733 frangenheim.de "-" "Mozilla/5.0 (compatible; MJ12bot/v1.4.8; http://mj12bot.com/)" "-"
66.249.68.0 - - [21/Jun/2026:01:37:55 +0200] "GET /detail/00629603144 HTTP/1.1" 200 197195 frangenheim.de "-" "Mozilla/5.0 (Linux; Android 6.0.1; Nexus 5X Build/MMB29P) AppleWebKit/537.36 (KHTML, like Gecko) Chrome/148.0.7778.96 Mobile Safari/537.36 (compatible; GoogleOther)" "-"
216.73.216.0 - - [21/Jun/2026:01:37:56 +0200] "GET /items/012869175927?lokasie=%2Fhomepages%2F46%2Fd94061663%2Fhtdocs%2Fmusik%2Fworksec.php&loknya=%2Fhomepages%2F46%2Fd94061663%2Fhtdocs%2Fmusik HTTP/1.1" 200 5650 frangenheim.de "-" "Mozilla/5.0 AppleWebKit/537.36 (KHTML, like Gecko; compatible; ClaudeBot/1.0; +claudebot@anthropic.com)" "-"
67.144.18.0 - - [21/Jun/2026:01:37:59 +0200] "GET /index.php?lokasie=/homepages/46/d94061663/htdocs/clickandbuilds/AlexanderFrangenheim/wp-content/gallery/cod/2012-OFF.jpg&loknya=/homepages/46/d94061663/htdocs/clickandbuilds/AlexanderFrangenheim/wp-content/gallery/cod HTTP/1.1" 200 4733 frangenheim.de "-" "Mozilla/5.0 (compatible; MJ12bot/v1.4.8; http://mj12bot.com/)" "-"
52.167.144.0 - - [21/Jun/2026:01:37:59 +0200] "GET /sitemap-item-2810.xml HTTP/1.1" 200 345407 www.frangenheim.de "-" "Mozilla/5.0 AppleWebKit/537.36 (KHTML, like Gecko; compatible; bingbot/2.0; +http://www.bing.com/bingbot.htm) Chrome/116.0.1938.76 Safari/537.36" "-"
216.73.216.0 - - [21/Jun/2026:01:38:02 +0200] "GET /shopbrand/011063858144?loknya=%2Fhomepages%2F46%2Fd94061663%2Fhtdocs%2Fclickandbuilds%2FAlexanderFrangenheim%2Fwp-includes%2Fhtml-api HTTP/1.1" 200 14284 frangenheim.de "-" "Mozilla/5.0 AppleWebKit/537.36 (KHTML, like Gecko; compatible; ClaudeBot/1.0; +claudebot@anthropic.com)" "-"
67.144.18.0 - - [21/Jun/2026:01:38:04 +0200] "GET /index.php?lokasie=/homepages/46/d94061663/htdocs/clickandbuilds/AlexanderFrangenheim/wp-content/gallery/cod/2012-ON.jpg&loknya=/homepages/46/d94061663/htdocs/clickandbuilds/AlexanderFrangenheim/wp-content/gallery/cod HTTP/1.1" 200 4732 frangenheim.de "-" "Mozilla/5.0 (compatible; MJ12bot/v1.4.8; http://mj12bot.com/)" "-"
74.7.241.0 - - [21/Jun/2026:01:38:06 +0200] "GET /?lokasie=/homepages/30/d94504528/DASTOOLSTART&loknya=/homepages/30/d94504528 HTTP/1.1" 429 267 frangenheim.de "http://frangenheim.de/?loknya=/homepages/30/d94504528" "Mozilla/5.0 AppleWebKit/537.36 (KHTML, like Gecko; compatible; GPTBot/1.4; +https://openai.com/gptbot)" "-"
216.73.216.0 - - [21/Jun/2026:01:38:06 +0200] "GET /entity/01254666407?lokasie=%2Fhomepages%2F46%2Fd94061663%2Fhtdocs%2Fclickandbuilds%2FAlexanderFrangenheim%2Fwp-includes%2Fcompat.php&loknya=%2Fhomepages%2F46%2Fd94061663%2Fhtdocs%2Fclickandbuilds%2FAlexanderFrangenheim%2Fwp-includes HTTP/1.1" 429 267 frangenheim.de "-" "Mozilla/5.0 AppleWebKit/537.36 (KHTML, like Gecko; compatible; ClaudeBot/1.0; +claudebot@anthropic.com)" "-"
66.249.68.0 - - [21/Jun/2026:01:38:06 +0200] "GET /shopbrand/66600222633 HTTP/1.1" 200 196832 frangenheim.de "-" "Mozilla/5.0 (Linux; Android 6.0.1; Nexus 5X Build/MMB29P) AppleWebKit/537.36 (KHTML, like Gecko) Chrome/148.0.7778.96 Mobile Safari/537.36 (compatible; Googlebot/2.1; +http://www.google.com/bot.html)" "-"
66.249.68.0 - - [21/Jun/2026:01:38:06 +0200] "GET /detail/711646374970 HTTP/1.1" 200 201412 frangenheim.de "-" "Mozilla/5.0 (Linux; Android 6.0.1; Nexus 5X Build/MMB29P) AppleWebKit/537.36 (KHTML, like Gecko) Chrome/148.0.7778.96 Mobile Safari/537.36 (compatible; GoogleOther)" "-"
67.144.18.0 - - [21/Jun/2026:01:38:09 +0200] "GET /index.php?lokasie=/homepages/46/d94061663/htdocs/clickandbuilds/AlexanderFrangenheim/wp-content/gallery/cod/2013-600.jpg&loknya=/homepages/46/d94061663/htdocs/clickandbuilds/AlexanderFrangenheim/wp-content/gallery/cod HTTP/1.1" 200 4733 frangenheim.de "-" "Mozilla/5.0 (compatible; MJ12bot/v1.4.8; http://mj12bot.com/)" "-"
216.73.216.0 - - [21/Jun/2026:01:38:10 +0200] "GET /entity/011180928189?lokasie=%2Fhomepages%2F46%2Fd94061663%2Fhtdocs%2Fclickandbuilds%2FAlexanderFrangenheim%2Fwp-admin%2Fms-users.php&loknya=%2Fhomepages%2F46%2Fd94061663%2Fhtdocs%2Fclickandbuilds%2FAlexanderFrangenheim%2Fwp-admin HTTP/1.1" 429 267 frangenheim.de "-" "Mozilla/5.0 AppleWebKit/537.36 (KHTML, like Gecko; compatible; ClaudeBot/1.0; +claudebot@anthropic.com)" "-"
51.195.183.0 - - [21/Jun/2026:01:38:13 +0200] "GET /item/0112365028 HTTP/1.1" 200 42265 frangenheim.de "-" "Mozilla/5.0 (compatible; AhrefsBot/7.0; +http://ahrefs.com/robot/)" "-"
216.73.216.0 - - [21/Jun/2026:01:38:14 +0200] "GET /items/014140299434?lokasie=%2Fhomepages%2F46%2Fd94061663%2Fhtdocs%2Fclickandbuilds%2FAlexanderFrangenheim%2Fwp-includes%2Fshortcodes.php&loknya=%2Fhomepages%2F46%2Fd94061663%2Fhtdocs%2Fclickandbuilds%2FAlexanderFrangenheim%2Fwp-includes HTTP/1.1" 429 267 frangenheim.de "-" "Mozilla/5.0 AppleWebKit/537.36 (KHTML, like Gecko; compatible; ClaudeBot/1.0; +claudebot@anthropic.com)" "-"
67.144.18.0 - - [21/Jun/2026:01:38:14 +0200] "GET /index.php?lokasie=/homepages/46/d94061663/htdocs/clickandbuilds/AlexanderFrangenheim/wp-content/gallery/cod/2013-OFF.jpg&loknya=/homepages/46/d94061663/htdocs/clickandbuilds/AlexanderFrangenheim/wp-content/gallery/cod HTTP/1.1" 200 4733 frangenheim.de "-" "Mozilla/5.0 (compatible; MJ12bot/v1.4.8; http://mj12bot.com/)" "-"
216.73.216.0 - - [21/Jun/2026:01:38:18 +0200] "GET /info/012631833607?lokasie=%2Fhomepages%2F46%2Fd94061663%2Fhtdocs%2Fclickandbuilds%2FAlexanderFrangenheim%2Fwp-admin%2Fedit-comments.php&loknya=%2Fhomepages%2F46%2Fd94061663%2Fhtdocs%2Fclickandbuilds%2FAlexanderFrangenheim%2Fwp-admin HTTP/1.1" 429 267 frangenheim.de "-" "Mozilla/5.0 AppleWebKit/537.36 (KHTML, like Gecko; compatible; ClaudeBot/1.0; +claudebot@anthropic.com)" "-"
66.249.68.0 - - [21/Jun/2026:01:38:18 +0200] "GET /detail/031531937641 HTTP/1.1" 200 195407 frangenheim.de "-" "Mozilla/5.0 (Linux; Android 6.0.1; Nexus 5X Build/MMB29P) AppleWebKit/537.36 (KHTML, like Gecko) Chrome/148.0.7778.96 Mobile Safari/537.36 (compatible; GoogleOther)" "-"
67.144.18.0 - - [21/Jun/2026:01:38:19 +0200] "GET /index.php?lokasie=/homepages/46/d94061663/htdocs/clickandbuilds/AlexanderFrangenheim/wp-content/gallery/cod/2013-ON.jpg&loknya=/homepages/46/d94061663/htdocs/clickandbuilds/AlexanderFrangenheim/wp-content/gallery/cod HTTP/1.1" 200 4732 frangenheim.de "-" "Mozilla/5.0 (compatible; MJ12bot/v1.4.8; http://mj12bot.com/)" "-"
67.144.18.0 - - [21/Jun/2026:01:38:24 +0200] "GET /index.php?lokasie=/homepages/46/d94061663/htdocs/clickandbuilds/AlexanderFrangenheim/wp-content/gallery/cod/2014-OFF.jpg&loknya=/homepages/46/d94061663/htdocs/clickandbuilds/AlexanderFrangenheim/wp-content/gallery/cod HTTP/1.1" 200 4733 frangenheim.de "-" "Mozilla/5.0 (compatible; MJ12bot/v1.4.8; http://mj12bot.com/)" "-"
67.144.18.0 - - [21/Jun/2026:01:38:29 +0200] "GET /index.php?lokasie=/homepages/46/d94061663/htdocs/clickandbuilds/AlexanderFrangenheim/wp-content/gallery/cod/2014-ON.jpg&loknya=/homepages/46/d94061663/htdocs/clickandbuilds/AlexanderFrangenheim/wp-content/gallery/cod HTTP/1.1" 200 4732 frangenheim.de "-" "Mozilla/5.0 (compatible; MJ12bot/v1.4.8; http://mj12bot.com/)" "-"
216.73.216.0 - - [21/Jun/2026:01:38:30 +0200] "GET /items/011903053471?lokasie=%2Fhomepages%2F46%2Fd94061663%2Fhtdocs%2Fclickandbuilds%2FAlexanderFrangenheim%2Fwp-includes%2Ffeed-rss.php&loknya=%2Fhomepages%2F46%2Fd94061663%2Fhtdocs%2Fclickandbuilds%2FAlexanderFrangenheim%2Fwp-includes HTTP/1.1" 429 267 frangenheim.de "-" "Mozilla/5.0 AppleWebKit/537.36 (KHTML, like Gecko; compatible; ClaudeBot/1.0; +claudebot@anthropic.com)" "-"
66.249.68.0 - - [21/Jun/2026:01:38:29 +0200] "GET /detail/831879723512 HTTP/1.1" 200 195764 frangenheim.de "-" "Mozilla/5.0 (Linux; Android 6.0.1; Nexus 5X Build/MMB29P) AppleWebKit/537.36 (KHTML, like Gecko) Chrome/148.0.7778.96 Mobile Safari/537.36 (compatible; GoogleOther)" "-"
67.144.18.0 - - [21/Jun/2026:01:38:34 +0200] "GET /index.php?lokasie=/homepages/46/d94061663/htdocs/clickandbuilds/AlexanderFrangenheim/wp-content/gallery/cod/2014.jpg&loknya=/homepages/46/d94061663/htdocs/clickandbuilds/AlexanderFrangenheim/wp-content/gallery/cod HTTP/1.1" 200 4729 frangenheim.de "-" "Mozilla/5.0 (compatible; MJ12bot/v1.4.8; http://mj12bot.com/)" "-"
207.46.13.0 - - [21/Jun/2026:01:38:35 +0200] "GET /info/012075466155 HTTP/1.1" 200 192897 www.frangenheim.de "-" "Mozilla/5.0 AppleWebKit/537.36 (KHTML, like Gecko; compatible; bingbot/2.0; +http://www.bing.com/bingbot.htm) Chrome/116.0.1938.76 Safari/537.36" "-"
216.73.216.0 - - [21/Jun/2026:01:38:37 +0200] "GET /items/014028851058?loknya=%2Fhomepages%2F46%2Fd94061663%2Fhtdocs%2Fclickandbuilds%2FAlexanderFrangenheim%2Fwp-includes%2F HTTP/1.1" 429 267 frangenheim.de "-" "Mozilla/5.0 AppleWebKit/537.36 (KHTML, like Gecko; compatible; ClaudeBot/1.0; +claudebot@anthropic.com)" "-"
67.144.18.0 - - [21/Jun/2026:01:38:39 +0200] "GET /index.php?lokasie=/homepages/46/d94061663/htdocs/clickandbuilds/AlexanderFrangenheim/wp-content/gallery/cod/2015-600.jpg&loknya=/homepages/46/d94061663/htdocs/clickandbuilds/AlexanderFrangenheim/wp-content/gallery/cod HTTP/1.1" 200 4733 frangenheim.de "-" "Mozilla/5.0 (compatible; MJ12bot/v1.4.8; http://mj12bot.com/)" "-"
67.144.18.0 - - [21/Jun/2026:01:38:44 +0200] "GET /index.php?lokasie=/homepages/46/d94061663/htdocs/clickandbuilds/AlexanderFrangenheim/wp-content/gallery/cod/2015-OFF.jpg&loknya=/homepages/46/d94061663/htdocs/clickandbuilds/AlexanderFrangenheim/wp-content/gallery/cod HTTP/1.1" 200 4733 frangenheim.de "-" "Mozilla/5.0 (compatible; MJ12bot/v1.4.8; http://mj12bot.com/)" "-"
216.73.216.0 - - [21/Jun/2026:01:38:45 +0200] "GET /info/014110296642?lokasie=%2Fhomepages%2F46%2Fd94061663%2Fhtdocs%2Fclickandbuilds%2FAlexanderFrangenheim%2Fwp-admin%2Fcss%2Flogin-rtl.css&loknya=%2Fhomepages%2F46%2Fd94061663%2Fhtdocs%2Fclickandbuilds%2FAlexanderFrangenheim%2Fwp-admin%2Fcss HTTP/1.1" 429 267 frangenheim.de "-" "Mozilla/5.0 AppleWebKit/537.36 (KHTML, like Gecko; compatible; ClaudeBot/1.0; +claudebot@anthropic.com)" "-"
66.249.68.0 - - [21/Jun/2026:01:38:48 +0200] "GET /goods/731781678385 HTTP/1.1" 200 194733 frangenheim.de "-" "Mozilla/5.0 (Linux; Android 6.0.1; Nexus 5X Build/MMB29P) AppleWebKit/537.36 (KHTML, like Gecko) Chrome/148.0.7778.96 Mobile Safari/537.36 (compatible; GoogleOther)" "-"
67.144.18.0 - - [21/Jun/2026:01:38:49 +0200] "GET /index.php?lokasie=/homepages/46/d94061663/htdocs/clickandbuilds/AlexanderFrangenheim/wp-content/gallery/cod/2015-ON.jpg&loknya=/homepages/46/d94061663/htdocs/clickandbuilds/AlexanderFrangenheim/wp-content/gallery/cod HTTP/1.1" 200 4732 frangenheim.de "-" "Mozilla/5.0 (compatible; MJ12bot/v1.4.8; http://mj12bot.com/)" "-"
216.73.216.0 - - [21/Jun/2026:01:38:51 +0200] "GET /info/014133485487?lokasie=%2Fhomepages%2F46%2Fd94061663%2Fhtdocs%2Fclickandbuilds%2FAlexanderFrangenheim%2Fwp-admin%2F%2Fedit-comments.php&loknya=%2Fhomepages%2F46%2Fd94061663%2Fhtdocs%2Fclickandbuilds%2FAlexanderFrangenheim%2Fwp-admin%2F HTTP/1.1" 429 267 frangenheim.de "-" "Mozilla/5.0 AppleWebKit/537.36 (KHTML, like Gecko; compatible; ClaudeBot/1.0; +claudebot@anthropic.com)" "-"
67.144.18.0 - - [21/Jun/2026:01:38:54 +0200] "GET /index.php?lokasie=/homepages/46/d94061663/htdocs/clickandbuilds/AlexanderFrangenheim/wp-content/languages/plugins/.htaccess&loknya=/homepages/46/d94061663/htdocs/clickandbuilds/AlexanderFrangenheim/wp-content/languages/plugins HTTP/1.1" 200 4889 frangenheim.de "-" "Mozilla/5.0 (compatible; MJ12bot/v1.4.8; http://mj12bot.com/)" "-"
66.249.68.0 - - [21/Jun/2026:01:38:55 +0200] "GET /goods/67507278623 HTTP/1.1" 200 198517 frangenheim.de "-" "Mozilla/5.0 (Linux; Android 6.0.1; Nexus 5X Build/MMB29P) AppleWebKit/537.36 (KHTML, like Gecko) Chrome/148.0.7778.96 Mobile Safari/537.36 (compatible; GoogleOther)" "-"
216.73.216.0 - - [21/Jun/2026:01:38:58 +0200] "GET /items/01544079579?loknya=%2Fhomepages%2F46%2Fd94061663%2Fhtdocs%2Fclickandbuilds%2FAlexanderFrangenheim%2Fwp-includes%2F HTTP/1.1" 429 267 frangenheim.de "-" "Mozilla/5.0 AppleWebKit/537.36 (KHTML, like Gecko; compatible; ClaudeBot/1.0; +claudebot@anthropic.com)" "-"
67.144.18.0 - - [21/Jun/2026:01:38:59 +0200] "GET /index.php?lokasie=/homepages/46/d94061663/htdocs/clickandbuilds/AlexanderFrangenheim/wp-content/languages/plugins/add-to-any-de_DE.l10n.php&loknya=/homepages/46/d94061663/htdocs/clickandbuilds/AlexanderFrangenheim/wp-content/languages/plugins HTTP/1.1" 200 16049 frangenheim.de "-" "Mozilla/5.0 (compatible; MJ12bot/v1.4.8; http://mj12bot.com/)" "-"
216.73.216.0 - - [21/Jun/2026:01:39:00 +0200] "GET /info/011626690975?loknya=%2Fhomepages%2F46%2Fd94061663%2Fhtdocs%2Fclickandbuilds HTTP/1.1" 429 267 frangenheim.de "-" "Mozilla/5.0 AppleWebKit/537.36 (KHTML, like Gecko; compatible; ClaudeBot/1.0; +claudebot@anthropic.com)" "-"
67.144.18.0 - - [21/Jun/2026:01:39:04 +0200] "GET /index.php?lokasie=/homepages/46/d94061663/htdocs/clickandbuilds/AlexanderFrangenheim/wp-content/languages/plugins/add-to-any-de_DE.mo&loknya=/homepages/46/d94061663/htdocs/clickandbuilds/AlexanderFrangenheim/wp-content/languages/plugins HTTP/1.1" 200 4760 frangenheim.de "-" "Mozilla/5.0 (compatible; MJ12bot/v1.4.8; http://mj12bot.com/)" "-"
74.7.241.0 - - [21/Jun/2026:01:39:07 +0200] "GET /?lokasie=/homepages/37/d94321940/.htaccessold&loknya=/homepages/37/d94321940 HTTP/1.1" 200 4068 frangenheim.de "http://frangenheim.de/?loknya=/homepages/37/d94321940" "Mozilla/5.0 AppleWebKit/537.36 (KHTML, like Gecko; compatible; GPTBot/1.4; +https://openai.com/gptbot)" "-"
67.144.18.0 - - [21/Jun/2026:01:39:09 +0200] "GET /index.php?lokasie=/homepages/46/d94061663/htdocs/clickandbuilds/AlexanderFrangenheim/wp-content/languages/plugins/add-to-any-de_DE.po&loknya=/homepages/46/d94061663/htdocs/clickandbuilds/AlexanderFrangenheim/wp-content/languages/plugins HTTP/1.1" 200 23572 frangenheim.de "-" "Mozilla/5.0 (compatible; MJ12bot/v1.4.8; http://mj12bot.com/)" "-"
216.73.216.0 - - [21/Jun/2026:01:39:12 +0200] "GET /info/0159880650?lokasie=%2Fhomepages%2F46%2Fd94061663%2Fhtdocs%2Fclickandbuilds%2FAlexanderFrangenheim%2Fwp-includes%2Fms-functions.php&loknya=%2Fhomepages%2F46%2Fd94061663%2Fhtdocs%2Fclickandbuilds%2FAlexanderFrangenheim%2Fwp-includes HTTP/1.1" 200 97278 frangenheim.de "-" "Mozilla/5.0 AppleWebKit/537.36 (KHTML, like Gecko; compatible; ClaudeBot/1.0; +claudebot@anthropic.com)" "-"
66.249.68.0 - - [21/Jun/2026:01:39:12 +0200] "GET /detail/751126476642 HTTP/1.1" 200 193858 frangenheim.de "-" "Mozilla/5.0 (Linux; Android 6.0.1; Nexus 5X Build/MMB29P) AppleWebKit/537.36 (KHTML, like Gecko) Chrome/148.0.7778.96 Mobile Safari/537.36 (compatible; Googlebot/2.1; +http://www.google.com/bot.html)" "-"
67.144.18.0 - - [21/Jun/2026:01:39:14 +0200] "GET /index.php?lokasie=/homepages/46/d94061663/htdocs/clickandbuilds/AlexanderFrangenheim/wp-content/languages/plugins/akismet-de_DE.mo&loknya=/homepages/46/d94061663/htdocs/clickandbuilds/AlexanderFrangenheim/wp-content/languages/plugins HTTP/1.1" 200 4757 frangenheim.de "-" "Mozilla/5.0 (compatible; MJ12bot/v1.4.8; http://mj12bot.com/)" "-"
216.73.216.0 - - [21/Jun/2026:01:39:18 +0200] "GET /items/011397371834?loknya=%2Fhomepages%2F46%2Fd94061663%2Fhtdocs%2Fclickandbuilds%2FAlexanderFrangenheim%2Fwp-includes%2Fblocks%2Fbuttons HTTP/1.1" 200 22569 frangenheim.de "-" "Mozilla/5.0 AppleWebKit/537.36 (KHTML, like Gecko; compatible; ClaudeBot/1.0; +claudebot@anthropic.com)" "-"
67.144.18.0 - - [21/Jun/2026:01:39:19 +0200] "GET /index.php?lokasie=/homepages/46/d94061663/htdocs/clickandbuilds/AlexanderFrangenheim/wp-content/languages/plugins/akismet-de_DE.po&loknya=/homepages/46/d94061663/htdocs/clickandbuilds/AlexanderFrangenheim/wp-content/languages/plugins HTTP/1.1" 200 48705 frangenheim.de "-" "Mozilla/5.0 (compatible; MJ12bot/v1.4.8; http://mj12bot.com/)" "-"
67.144.18.0 - - [21/Jun/2026:01:39:24 +0200] "GET /index.php?lokasie=/homepages/46/d94061663/htdocs/clickandbuilds/AlexanderFrangenheim/wp-content/languages/plugins/code-snippets-de_DE-8e7e663fbc1df75c44eda18fbbd51bbd.json&loknya=/homepages/46/d94061663/htdocs/clickandbuilds/AlexanderFrangenheim/wp-content/languages/plugins HTTP/1.1" 200 10521 frangenheim.de "-" "Mozilla/5.0 (compatible; MJ12bot/v1.4.8; http://mj12bot.com/)" "-"
66.249.68.0 - - [21/Jun/2026:01:39:26 +0200] "GET /detail/064205019683 HTTP/1.1" 200 196430 frangenheim.de "-" "Mozilla/5.0 (Linux; Android 6.0.1; Nexus 5X Build/MMB29P) AppleWebKit/537.36 (KHTML, like Gecko) Chrome/148.0.7778.96 Mobile Safari/537.36 (compatible; GoogleOther)" "-"
216.73.216.0 - - [21/Jun/2026:01:39:27 +0200] "GET /entity/011936037822?lokasie=%2Fhomepages%2F46%2Fd94061663%2Fhtdocs%2Fclickandbuilds%2FAlexanderFrangenheim%2Fwp-includes%2Fblock-editor.php&loknya=%2Fhomepages%2F46%2Fd94061663%2Fhtdocs%2Fclickandbuilds%2FAlexanderFrangenheim%2Fwp-includes HTTP/1.1" 200 29065 frangenheim.de "-" "Mozilla/5.0 AppleWebKit/537.36 (KHTML, like Gecko; compatible; ClaudeBot/1.0; +claudebot@anthropic.com)" "-"
67.144.18.0 - - [21/Jun/2026:01:39:29 +0200] "GET /index.php?lokasie=/homepages/46/d94061663/htdocs/clickandbuilds/AlexanderFrangenheim/wp-content/languages/plugins/code-snippets-de_DE-9de91ad3ddd4c6aad2b7c32263b41486.json&loknya=/homepages/46/d94061663/htdocs/clickandbuilds/AlexanderFrangenheim/wp-content/languages/plugins HTTP/1.1" 429 267 frangenheim.de "-" "Mozilla/5.0 (compatible; MJ12bot/v1.4.8; http://mj12bot.com/)" "-"
66.249.68.0 - - [21/Jun/2026:01:39:31 +0200] "GET /detail/682836382054 HTTP/1.1" 200 195653 frangenheim.de "-" "Mozilla/5.0 (Linux; Android 6.0.1; Nexus 5X Build/MMB29P) AppleWebKit/537.36 (KHTML, like Gecko) Chrome/148.0.7778.96 Mobile Safari/537.36 (compatible; Googlebot/2.1; +http://www.google.com/bot.html)" "-"
67.144.18.0 - - [21/Jun/2026:01:39:33 +0200] "GET /index.php?lokasie=/homepages/46/d94061663/htdocs/clickandbuilds/AlexanderFrangenheim/wp-content/languages/plugins/code-snippets-de_DE-fd1aaddbce8f2200f86f46a5a5a3974d.json&loknya=/homepages/46/d94061663/htdocs/clickandbuilds/AlexanderFrangenheim/wp-content/languages/plugins HTTP/1.1" 429 267 frangenheim.de "-" "Mozilla/5.0 (compatible; MJ12bot/v1.4.8; http://mj12bot.com/)" "-"
67.144.18.0 - - [21/Jun/2026:01:39:37 +0200] "GET /index.php?lokasie=/homepages/46/d94061663/htdocs/clickandbuilds/AlexanderFrangenheim/wp-content/languages/plugins/code-snippets-de_DE.l10n.php&loknya=/homepages/46/d94061663/htdocs/clickandbuilds/AlexanderFrangenheim/wp-content/languages/plugins HTTP/1.1" 429 267 frangenheim.de "-" "Mozilla/5.0 (compatible; MJ12bot/v1.4.8; http://mj12bot.com/)" "-"
216.73.216.0 - - [21/Jun/2026:01:39:37 +0200] "GET /items/011971642045?lokasie=%2Fhomepages%2F46%2Fd94061663%2Fhtdocs%2Fclickandbuilds%2FAlexanderFrangenheim%2Fwp-admin%2Fusers.php&loknya=%2Fhomepages%2F46%2Fd94061663%2Fhtdocs%2Fclickandbuilds%2FAlexanderFrangenheim%2Fwp-admin HTTP/1.1" 200 29157 frangenheim.de "-" "Mozilla/5.0 AppleWebKit/537.36 (KHTML, like Gecko; compatible; ClaudeBot/1.0; +claudebot@anthropic.com)" "-"
66.249.68.0 - - [21/Jun/2026:01:39:39 +0200] "GET /entity/842514877541 HTTP/1.1" 200 201942 frangenheim.de "-" "Mozilla/5.0 (Linux; Android 6.0.1; Nexus 5X Build/MMB29P) AppleWebKit/537.36 (KHTML, like Gecko) Chrome/148.0.7778.96 Mobile Safari/537.36 (compatible; GoogleOther)" "-"
