198.244.226.0 - - [21/Jun/2026:00:15:49 +0200] "GET /market/013301249728 HTTP/1.1" 200 42266 frangenheim.de "-" "Mozilla/5.0 (compatible; AhrefsBot/7.0; +http://ahrefs.com/robot/)" "-"
216.73.216.0 - - [21/Jun/2026:00:15:50 +0200] "GET /goodscode/011896563702?loknya=%2Fhomepages%2F46%2Fd94061663%2Fhtdocs HTTP/1.1" 429 267 frangenheim.de "-" "Mozilla/5.0 AppleWebKit/537.36 (KHTML, like Gecko; compatible; ClaudeBot/1.0; +claudebot@anthropic.com)" "-"
66.249.68.0 - - [21/Jun/2026:00:15:51 +0200] "GET /detail/013295499679 HTTP/1.1" 200 197775 frangenheim.de "-" "Mozilla/5.0 (Linux; Android 6.0.1; Nexus 5X Build/MMB29P) AppleWebKit/537.36 (KHTML, like Gecko) Chrome/148.0.7778.96 Mobile Safari/537.36 (compatible; GoogleOther)" "-"
74.7.241.0 - - [21/Jun/2026:00:15:56 +0200] "GET /?loknya=/homepages/30/d171064473 HTTP/1.1" 429 267 frangenheim.de "http://frangenheim.de/?loknya=/homepages/30" "Mozilla/5.0 AppleWebKit/537.36 (KHTML, like Gecko; compatible; GPTBot/1.4; +https://openai.com/gptbot)" "-"
216.73.216.0 - - [21/Jun/2026:00:15:57 +0200] "GET /products/012306763723 HTTP/1.1" 429 267 frangenheim.de "-" "Mozilla/5.0 AppleWebKit/537.36 (KHTML, like Gecko; compatible; ClaudeBot/1.0; +claudebot@anthropic.com)" "-"
44.193.102.0 - - [21/Jun/2026:00:15:58 +0200] "GET /page/2?loknya=/homepages/7 HTTP/1.1" 200 73111 frangenheim.de "-" "Mozilla/5.0 AppleWebKit/537.36 (KHTML, like Gecko; compatible; Amazonbot/0.1; +https://developer.amazon.com/support/amazonbot) Chrome/119.0.6045.214 Safari/537.36" "-"
216.73.216.0 - - [21/Jun/2026:00:16:01 +0200] "GET /item/013271447220?loknya=%2Fhomepages%2F46%2Fd94061663%2Fhtdocs%2Fclickandbuilds%2FAlexanderFrangenheim%2Fwp-includes%2Fhtml-api HTTP/1.1" 429 267 frangenheim.de "-" "Mozilla/5.0 AppleWebKit/537.36 (KHTML, like Gecko; compatible; ClaudeBot/1.0; +claudebot@anthropic.com)" "-"
216.73.216.0 - - [21/Jun/2026:00:16:02 +0200] "GET /entity/011139666827?loknya=%2Fhomepages%2F46%2Fd94061663%2Fhtdocs%2Fclickandbuilds%2FAlexanderFrangenheim%2Fwp-includes%2Fblocks%2Fpullquote HTTP/1.1" 429 267 frangenheim.de "-" "Mozilla/5.0 AppleWebKit/537.36 (KHTML, like Gecko; compatible; ClaudeBot/1.0; +claudebot@anthropic.com)" "-"
216.73.216.0 - - [21/Jun/2026:00:16:05 +0200] "GET /entity/014226424736?lokasie=%2Fhomepages%2F46%2Fd94061663%2Fhtdocs%2Fclickandbuilds%2FAlexanderFrangenheim%2Fwp-includes%2Fclass-wp-scripts.php&loknya=%2Fhomepages%2F46%2Fd94061663%2Fhtdocs%2Fclickandbuilds%2FAlexanderFrangenheim%2Fwp-includes HTTP/1.1" 429 267 frangenheim.de "-" "Mozilla/5.0 AppleWebKit/537.36 (KHTML, like Gecko; compatible; ClaudeBot/1.0; +claudebot@anthropic.com)" "-"
34.197.28.0 - - [21/Jun/2026:00:16:06 +0200] "GET /wp-json/oembed/1.0/embed?loknya=/homepages/42 HTTP/1.1" 200 62963 frangenheim.de "-" "Mozilla/5.0 AppleWebKit/537.36 (KHTML, like Gecko; compatible; Amazonbot/0.1; +https://developer.amazon.com/support/amazonbot) Chrome/119.0.6045.214 Safari/537.36" "-"
216.73.216.0 - - [21/Jun/2026:00:16:09 +0200] "GET /entity/01336374915?loknya=%2Fhomepages%2F46%2Fd94061663%2Fhtdocs%2Fclickandbuilds%2FAlexanderFrangenheim%2Fwp-includes%2Fcss HTTP/1.1" 429 267 frangenheim.de "-" "Mozilla/5.0 AppleWebKit/537.36 (KHTML, like Gecko; compatible; ClaudeBot/1.0; +claudebot@anthropic.com)" "-"
54.85.7.0 - - [21/Jun/2026:00:16:11 +0200] "GET /wp-json/oembed/1.0/embed?loknya=/usr HTTP/1.1" 200 16874 frangenheim.de "-" "Mozilla/5.0 AppleWebKit/537.36 (KHTML, like Gecko; compatible; Amazonbot/0.1; +https://developer.amazon.com/support/amazonbot) Chrome/119.0.6045.214 Safari/537.36" "-"
216.73.216.0 - - [21/Jun/2026:00:16:12 +0200] "GET /info/011716766814?lokasie=%2Fhomepages%2F46%2Fd94061663%2Fhtdocs%2Fframeset.html&loknya=%2Fhomepages%2F46%2Fd94061663%2Fhtdocs HTTP/1.1" 429 267 frangenheim.de "-" "Mozilla/5.0 AppleWebKit/537.36 (KHTML, like Gecko; compatible; ClaudeBot/1.0; +claudebot@anthropic.com)" "-"
216.73.216.0 - - [21/Jun/2026:00:16:15 +0200] "GET /special/013802058183?lokasie=%2Fhomepages%2F46%2Fd94061663%2Fhtdocs%2Fframeset.html&loknya=%2Fhomepages%2F46%2Fd94061663%2Fhtdocs HTTP/1.1" 429 267 frangenheim.de "-" "Mozilla/5.0 AppleWebKit/537.36 (KHTML, like Gecko; compatible; ClaudeBot/1.0; +claudebot@anthropic.com)" "-"
216.73.216.0 - - [21/Jun/2026:00:16:18 +0200] "GET /items/014010711086?loknya=%2Fhomepages%2F46%2Fd94061663%2Fhtdocs%2Fclickandbuilds%2FAlexanderFrangenheim%2Fwp-includes%2FText HTTP/1.1" 429 267 frangenheim.de "-" "Mozilla/5.0 AppleWebKit/537.36 (KHTML, like Gecko; compatible; ClaudeBot/1.0; +claudebot@anthropic.com)" "-"
216.73.216.0 - - [21/Jun/2026:00:16:21 +0200] "GET /items/01682327453?loknya=%2Fhomepages%2F46%2Fd94061663%2Fhtdocs%2Flogs HTTP/1.1" 429 267 frangenheim.de "-" "Mozilla/5.0 AppleWebKit/537.36 (KHTML, like Gecko; compatible; ClaudeBot/1.0; +claudebot@anthropic.com)" "-"
216.73.216.0 - - [21/Jun/2026:00:16:24 +0200] "GET /entity/011667881257?loknya=%2Fhomepages%2F46%2Fd94061663%2Fhtdocs%2Fclickandbuilds%2FAlexanderFrangenheim%2Fwp-includes%2Fblocks%2Fpullquote HTTP/1.1" 429 267 frangenheim.de "-" "Mozilla/5.0 AppleWebKit/537.36 (KHTML, like Gecko; compatible; ClaudeBot/1.0; +claudebot@anthropic.com)" "-"
216.73.216.0 - - [21/Jun/2026:00:16:27 +0200] "GET /items/01751225669?loknya=%2Fhomepages%2F46%2Fd94061663%2Fhtdocs%2Flogs HTTP/1.1" 429 267 frangenheim.de "-" "Mozilla/5.0 AppleWebKit/537.36 (KHTML, like Gecko; compatible; ClaudeBot/1.0; +claudebot@anthropic.com)" "-"
216.73.216.0 - - [21/Jun/2026:00:16:30 +0200] "GET /info/012021272834?loknya=%2Fhomepages%2F46%2Fd94061663%2Fhtdocs%2F HTTP/1.1" 429 267 frangenheim.de "-" "Mozilla/5.0 AppleWebKit/537.36 (KHTML, like Gecko; compatible; ClaudeBot/1.0; +claudebot@anthropic.com)" "-"
216.73.216.0 - - [21/Jun/2026:00:16:38 +0200] "GET /items/014010711086?lokasie=%2Fhomepages%2F46%2Fd94061663%2Fhtdocs%2Fclickandbuilds%2FAlexanderFrangenheim%2Fwp-includes%2Fscript-loader.php&loknya=%2Fhomepages%2F46%2Fd94061663%2Fhtdocs%2Fclickandbuilds%2FAlexanderFrangenheim%2Fwp-includes HTTP/1.1" 429 267 frangenheim.de "-" "Mozilla/5.0 AppleWebKit/537.36 (KHTML, like Gecko; compatible; ClaudeBot/1.0; +claudebot@anthropic.com)" "-"
216.73.216.0 - - [21/Jun/2026:00:16:44 +0200] "GET /entity/01249973415?loknya=%2Fhomepages%2F46%2Fd94061663%2Fhtdocs%2Fgfx HTTP/1.1" 200 27746 frangenheim.de "-" "Mozilla/5.0 AppleWebKit/537.36 (KHTML, like Gecko; compatible; ClaudeBot/1.0; +claudebot@anthropic.com)" "-"
216.73.216.0 - - [21/Jun/2026:00:16:46 +0200] "GET /items/012481428099?lokasie=%2Fhomepages%2F46%2Fd94061663%2Fhtdocs%2Fclickandbuilds%2FAlexanderFrangenheim%2Fwp-includes%2Fclass.wp-scripts.php&loknya=%2Fhomepages%2F46%2Fd94061663%2Fhtdocs%2Fclickandbuilds%2FAlexanderFrangenheim%2Fwp-includes HTTP/1.1" 200 4848 frangenheim.de "-" "Mozilla/5.0 AppleWebKit/537.36 (KHTML, like Gecko; compatible; ClaudeBot/1.0; +claudebot@anthropic.com)" "-"
216.73.216.0 - - [21/Jun/2026:00:16:49 +0200] "GET /goodscode/01160150970?loknya=%2Fhomepages%2F46%2Fd94061663%2Fhtdocs%2Fclickandbuilds%2FAlexanderFrangenheim%2Fwp-includes%2Fblock-patterns HTTP/1.1" 200 19471 frangenheim.de "-" "Mozilla/5.0 AppleWebKit/537.36 (KHTML, like Gecko; compatible; ClaudeBot/1.0; +claudebot@anthropic.com)" "-"
216.73.216.0 - - [21/Jun/2026:00:16:52 +0200] "GET /entity/011536043801?loknya=%2Froot HTTP/1.1" 200 5012 frangenheim.de "-" "Mozilla/5.0 AppleWebKit/537.36 (KHTML, like Gecko; compatible; ClaudeBot/1.0; +claudebot@anthropic.com)" "-"
74.7.241.0 - - [21/Jun/2026:00:16:55 +0200] "GET /?loknya=/homepages/30/d171220325 HTTP/1.1" 200 17637 frangenheim.de "http://frangenheim.de/?loknya=/homepages/30" "Mozilla/5.0 AppleWebKit/537.36 (KHTML, like Gecko; compatible; GPTBot/1.4; +https://openai.com/gptbot)" "-"
216.73.216.0 - - [21/Jun/2026:00:16:55 +0200] "GET /entity/017303481?loknya=%2Fhomepages%2F46%2Fd94061663%2Fhtdocs%2Fclickandbuilds%2FAlexanderFrangenheim%2Fwp-includes%2FSimplePie HTTP/1.1" 200 52248 frangenheim.de "-" "Mozilla/5.0 AppleWebKit/537.36 (KHTML, like Gecko; compatible; ClaudeBot/1.0; +claudebot@anthropic.com)" "-"
216.73.216.0 - - [21/Jun/2026:00:16:58 +0200] "GET /info/01830365726?loknya=%2Fhomepages%2F46%2Fd94061663%2Fhtdocs%2Fclickandbuilds%2FAlexanderFrangenheim%2Fwp-includes%2Fcss HTTP/1.1" 200 75935 frangenheim.de "-" "Mozilla/5.0 AppleWebKit/537.36 (KHTML, like Gecko; compatible; ClaudeBot/1.0; +claudebot@anthropic.com)" "-"
216.73.216.0 - - [21/Jun/2026:00:17:01 +0200] "GET /entity/01896242174?loknya=%2F HTTP/1.1" 200 29688 frangenheim.de "-" "Mozilla/5.0 AppleWebKit/537.36 (KHTML, like Gecko; compatible; ClaudeBot/1.0; +claudebot@anthropic.com)" "-"
81.167.26.0 - - [21/Jun/2026:00:17:03 +0200] "GET /robots.txt HTTP/1.1" 200 79 frangenheim.de "-" "Mozilla/5.0 (compatible; MJ12bot/v1.4.8; http://mj12bot.com/)" "-"
216.73.216.0 - - [21/Jun/2026:00:17:04 +0200] "GET /entity/012669904306?loknya=%2Fhomepages%2F46%2Fd94061663%2Fhtdocs%2Fgfx HTTP/1.1" 200 27746 frangenheim.de "-" "Mozilla/5.0 AppleWebKit/537.36 (KHTML, like Gecko; compatible; ClaudeBot/1.0; +claudebot@anthropic.com)" "-"
81.167.26.0 - - [21/Jun/2026:00:17:06 +0200] "GET /index.php?lokasie=/homepages/35/d10762894/phpinilist&loknya=/homepages/35/d10762894 HTTP/1.1" 200 4067 frangenheim.de "-" "Mozilla/5.0 (compatible; MJ12bot/v1.4.8; http://mj12bot.com/)" "-"
66.249.68.0 - - [21/Jun/2026:00:17:06 +0200] "GET /detail/093978983161 HTTP/1.1" 200 199407 frangenheim.de "-" "Mozilla/5.0 (Linux; Android 6.0.1; Nexus 5X Build/MMB29P) AppleWebKit/537.36 (KHTML, like Gecko) Chrome/148.0.7778.96 Mobile Safari/537.36 (compatible; GoogleOther)" "-"
216.73.216.0 - - [21/Jun/2026:00:17:07 +0200] "GET /goodscode/011010894850?loknya=%2Ftmp-private HTTP/1.1" 200 5040 frangenheim.de "-" "Mozilla/5.0 AppleWebKit/537.36 (KHTML, like Gecko; compatible; ClaudeBot/1.0; +claudebot@anthropic.com)" "-"
216.73.216.0 - - [21/Jun/2026:00:17:10 +0200] "GET /info/012304614151?loknya=%2Flib%2Fx86_64-linux-gnu HTTP/1.1" 200 890735 frangenheim.de "-" "Mozilla/5.0 AppleWebKit/537.36 (KHTML, like Gecko; compatible; ClaudeBot/1.0; +claudebot@anthropic.com)" "-"
2a03:2880:1600:: - - [21/Jun/2026:00:17:10 +0200] "GET / HTTP/1.1" 200 42270 frangenheim.de "-" "facebookexternalhit/1.1 (+http://www.facebook.com/externalhit_uatext.php)" "-"
81.167.26.0 - - [21/Jun/2026:00:17:11 +0200] "GET /index.php?lokasie=/homepages/41/d94110115/.htaccessold&loknya=/homepages/41/d94110115 HTTP/1.1" 200 4069 frangenheim.de "-" "Mozilla/5.0 (compatible; MJ12bot/v1.4.8; http://mj12bot.com/)" "-"
198.244.183.0 - - [21/Jun/2026:00:17:12 +0200] "GET /market/012886754352 HTTP/1.1" 200 42266 frangenheim.de "-" "Mozilla/5.0 (compatible; AhrefsBot/7.0; +http://ahrefs.com/robot/)" "-"
216.73.216.0 - - [21/Jun/2026:00:17:13 +0200] "GET /entity/01365962336?loknya=%2Fbin HTTP/1.1" 200 1599036 frangenheim.de "-" "Mozilla/5.0 AppleWebKit/537.36 (KHTML, like Gecko; compatible; ClaudeBot/1.0; +claudebot@anthropic.com)" "-"
81.167.26.0 - - [21/Jun/2026:00:17:15 +0200] "GET /index.php?lokasie=/homepages/41/d94221035/DASTOOLSTART&loknya=/homepages/41/d94221035 HTTP/1.1" 200 4069 frangenheim.de "-" "Mozilla/5.0 (compatible; MJ12bot/v1.4.8; http://mj12bot.com/)" "-"
216.73.216.0 - - [21/Jun/2026:00:17:16 +0200] "GET /items/01443129806?loknya=%2Fhomepages%2F46%2Fd94061663%2Fhtdocs%2Flogs HTTP/1.1" 200 48261 frangenheim.de "-" "Mozilla/5.0 AppleWebKit/537.36 (KHTML, like Gecko; compatible; ClaudeBot/1.0; +claudebot@anthropic.com)" "-"
216.73.216.0 - - [21/Jun/2026:00:17:19 +0200] "GET /entity/01915115185?loknya=%2Fhomepages%2F46%2Fd94061663%2Fhtdocs%2Fconcepts HTTP/1.1" 200 16739 frangenheim.de "-" "Mozilla/5.0 AppleWebKit/537.36 (KHTML, like Gecko; compatible; ClaudeBot/1.0; +claudebot@anthropic.com)" "-"
81.167.26.0 - - [21/Jun/2026:00:17:20 +0200] "GET /index.php?lokasie=/homepages/41/d94234947/last_traffic&loknya=/homepages/41/d94234947 HTTP/1.1" 200 4069 frangenheim.de "-" "Mozilla/5.0 (compatible; MJ12bot/v1.4.8; http://mj12bot.com/)" "-"
216.73.216.0 - - [21/Jun/2026:00:17:22 +0200] "GET /items/013479642264?loknya=%2Fhomepages%2F46%2Fd94061663%2Fhtdocs%2Flogs HTTP/1.1" 200 48261 frangenheim.de "-" "Mozilla/5.0 AppleWebKit/537.36 (KHTML, like Gecko; compatible; ClaudeBot/1.0; +claudebot@anthropic.com)" "-"
81.167.26.0 - - [21/Jun/2026:00:17:24 +0200] "GET /index.php?lokasie=/homepages/41/d94235370/phpinilist&loknya=/homepages/41/d94235370 HTTP/1.1" 200 4067 frangenheim.de "-" "Mozilla/5.0 (compatible; MJ12bot/v1.4.8; http://mj12bot.com/)" "-"
216.73.216.0 - - [21/Jun/2026:00:17:25 +0200] "GET /items/01661078503?loknya=%2Fhomepages%2F46%2Fd94061663%2Fhtdocs HTTP/1.1" 200 31074 frangenheim.de "-" "Mozilla/5.0 AppleWebKit/537.36 (KHTML, like Gecko; compatible; ClaudeBot/1.0; +claudebot@anthropic.com)" "-"
81.167.26.0 - - [21/Jun/2026:00:17:29 +0200] "GET /index.php?lokasie=/homepages/43/d94065890/.htaccess&loknya=/homepages/43/d94065890 HTTP/1.1" 200 4066 frangenheim.de "-" "Mozilla/5.0 (compatible; MJ12bot/v1.4.8; http://mj12bot.com/)" "-"
81.167.26.0 - - [21/Jun/2026:00:17:33 +0200] "GET /index.php?lokasie=/homepages/43/d94065890/DASTOOLSTART&loknya=/homepages/43/d94065890 HTTP/1.1" 200 4069 frangenheim.de "-" "Mozilla/5.0 (compatible; MJ12bot/v1.4.8; http://mj12bot.com/)" "-"
216.73.216.0 - - [21/Jun/2026:00:17:36 +0200] "GET /info/012304614151?loknya=%2Flib%2Fui-infong-disable-utils HTTP/1.1" 200 5133 frangenheim.de "-" "Mozilla/5.0 AppleWebKit/537.36 (KHTML, like Gecko; compatible; ClaudeBot/1.0; +claudebot@anthropic.com)" "-"
216.73.216.0 - - [21/Jun/2026:00:17:38 +0200] "GET /items/013475706558?loknya=%2Fhomepages%2F46%2Fd94061663%2Fhtdocs%2Farchiv HTTP/1.1" 200 11238 frangenheim.de "-" "Mozilla/5.0 AppleWebKit/537.36 (KHTML, like Gecko; compatible; ClaudeBot/1.0; +claudebot@anthropic.com)" "-"
81.167.26.0 - - [21/Jun/2026:00:17:38 +0200] "GET /index.php?lokasie=/homepages/43/d94065890/distributor.lock&loknya=/homepages/43/d94065890 HTTP/1.1" 200 4073 frangenheim.de "-" "Mozilla/5.0 (compatible; MJ12bot/v1.4.8; http://mj12bot.com/)" "-"
34.227.156.0 - - [21/Jun/2026:00:17:38 +0200] "GET /wp-json/oembed/1.0/embed?loknya=/homepages/45 HTTP/1.1" 200 61945 frangenheim.de "-" "Mozilla/5.0 AppleWebKit/537.36 (KHTML, like Gecko; compatible; Amazonbot/0.1; +https://developer.amazon.com/support/amazonbot) Chrome/119.0.6045.214 Safari/537.36" "-"
216.73.216.0 - - [21/Jun/2026:00:17:41 +0200] "GET /items/01682327453?loknya=%2Fhomepages%2F46%2Fd94061663%2Fhtdocs%2Fgfx HTTP/1.1" 200 27746 frangenheim.de "-" "Mozilla/5.0 AppleWebKit/537.36 (KHTML, like Gecko; compatible; ClaudeBot/1.0; +claudebot@anthropic.com)" "-"
81.167.26.0 - - [21/Jun/2026:00:17:43 +0200] "GET /index.php?lokasie=/homepages/43/d94065890/htaccesslist&loknya=/homepages/43/d94065890 HTTP/1.1" 200 4069 frangenheim.de "-" "Mozilla/5.0 (compatible; MJ12bot/v1.4.8; http://mj12bot.com/)" "-"
216.73.216.0 - - [21/Jun/2026:00:17:44 +0200] "GET /entity/014184504545?loknya=%2Fhomepages%2F46%2Fd94061663%2Fhtdocs%2Fclickandbuilds%2FAlexanderFrangenheim%2Fwp-includes%2FRequests HTTP/1.1" 200 10019 frangenheim.de "-" "Mozilla/5.0 AppleWebKit/537.36 (KHTML, like Gecko; compatible; ClaudeBot/1.0; +claudebot@anthropic.com)" "-"
216.73.216.0 - - [21/Jun/2026:00:17:47 +0200] "GET /items/014247706096?loknya=%2Fhomepages%2F46%2Fd94061663%2Fhtdocs%2Fdeutsch HTTP/1.1" 200 24703 frangenheim.de "-" "Mozilla/5.0 AppleWebKit/537.36 (KHTML, like Gecko; compatible; ClaudeBot/1.0; +claudebot@anthropic.com)" "-"
81.167.26.0 - - [21/Jun/2026:00:17:47 +0200] "GET /index.php?lokasie=/homepages/43/d94065890/htpasswd&loknya=/homepages/43/d94065890 HTTP/1.1" 200 4065 frangenheim.de "-" "Mozilla/5.0 (compatible; MJ12bot/v1.4.8; http://mj12bot.com/)" "-"
157.55.39.0 - - [21/Jun/2026:00:17:47 +0200] "GET /sitemap-item-368.xml HTTP/1.1" 200 345417 www.frangenheim.de "-" "Mozilla/5.0 AppleWebKit/537.36 (KHTML, like Gecko; compatible; bingbot/2.0; +http://www.bing.com/bingbot.htm) Chrome/116.0.1938.76 Safari/537.36" "-"
216.73.216.0 - - [21/Jun/2026:00:17:50 +0200] "GET /items/01443129806?loknya=%2Fhomepages%2F46%2Fd94061663%2Fhtdocs%2Fgfx HTTP/1.1" 429 267 frangenheim.de "-" "Mozilla/5.0 AppleWebKit/537.36 (KHTML, like Gecko; compatible; ClaudeBot/1.0; +claudebot@anthropic.com)" "-"
81.167.26.0 - - [21/Jun/2026:00:17:52 +0200] "GET /index.php?lokasie=/homepages/43/d94068522/.htaccessold&loknya=/homepages/43/d94068522 HTTP/1.1" 200 4069 frangenheim.de "-" "Mozilla/5.0 (compatible; MJ12bot/v1.4.8; http://mj12bot.com/)" "-"
216.73.216.0 - - [21/Jun/2026:00:17:53 +0200] "GET /items/012481428099?lokasie=%2Fhomepages%2F46%2Fd94061663%2Fhtdocs%2Fclickandbuilds%2FAlexanderFrangenheim%2Fwp-includes%2Fwp-diff.php&loknya=%2Fhomepages%2F46%2Fd94061663%2Fhtdocs%2Fclickandbuilds%2FAlexanderFrangenheim%2Fwp-includes HTTP/1.1" 429 267 frangenheim.de "-" "Mozilla/5.0 AppleWebKit/537.36 (KHTML, like Gecko; compatible; ClaudeBot/1.0; +claudebot@anthropic.com)" "-"
216.73.216.0 - - [21/Jun/2026:00:17:57 +0200] "GET /info/01164860160?loknya=%2Fsbin HTTP/1.1" 429 267 frangenheim.de "-" "Mozilla/5.0 AppleWebKit/537.36 (KHTML, like Gecko; compatible; ClaudeBot/1.0; +claudebot@anthropic.com)" "-"
81.167.26.0 - - [21/Jun/2026:00:17:57 +0200] "GET /index.php?lokasie=/homepages/43/d94068522/DASTOOLSTART&loknya=/homepages/43/d94068522 HTTP/1.1" 200 4069 frangenheim.de "-" "Mozilla/5.0 (compatible; MJ12bot/v1.4.8; http://mj12bot.com/)" "-"
74.7.241.0 - - [21/Jun/2026:00:17:59 +0200] "GET /?loknya=/homepages/12/d171177725/ HTTP/1.1" 429 267 frangenheim.de "http://frangenheim.de/?loknya=/homepages/12/d171177725/managed" "Mozilla/5.0 AppleWebKit/537.36 (KHTML, like Gecko; compatible; GPTBot/1.4; +https://openai.com/gptbot)" "-"
81.167.26.0 - - [21/Jun/2026:00:18:01 +0200] "GET /index.php?lokasie=/homepages/43/d94068522/htaccesslist&loknya=/homepages/43/d94068522 HTTP/1.1" 200 4069 frangenheim.de "-" "Mozilla/5.0 (compatible; MJ12bot/v1.4.8; http://mj12bot.com/)" "-"
216.73.216.0 - - [21/Jun/2026:00:18:02 +0200] "GET /entity/011403112032?loknya=%2Fhomepages%2F46%2Fd94061663%2Fhtdocs%2Fclickandbuilds%2F HTTP/1.1" 429 267 frangenheim.de "-" "Mozilla/5.0 AppleWebKit/537.36 (KHTML, like Gecko; compatible; ClaudeBot/1.0; +claudebot@anthropic.com)" "-"
100.29.155.0 - - [21/Jun/2026:00:18:03 +0200] "GET /news?loknya=/homepages/19 HTTP/1.1" 200 64000 frangenheim.de "-" "Mozilla/5.0 AppleWebKit/537.36 (KHTML, like Gecko; compatible; Amazonbot/0.1; +https://developer.amazon.com/support/amazonbot) Chrome/119.0.6045.214 Safari/537.36" "-"
216.73.216.0 - - [21/Jun/2026:00:18:05 +0200] "GET /items/011562995327?lokasie=%2Fhomepages%2F46%2Fd94061663%2Fhtdocs%2Fclickandbuilds%2F%2Fworksec.php&loknya=%2Fhomepages%2F46%2Fd94061663%2Fhtdocs%2Fclickandbuilds%2F HTTP/1.1" 429 267 frangenheim.de "-" "Mozilla/5.0 AppleWebKit/537.36 (KHTML, like Gecko; compatible; ClaudeBot/1.0; +claudebot@anthropic.com)" "-"
81.167.26.0 - - [21/Jun/2026:00:18:06 +0200] "GET /index.php?lokasie=/homepages/43/d94068522/htpasswd&loknya=/homepages/43/d94068522 HTTP/1.1" 200 4065 frangenheim.de "-" "Mozilla/5.0 (compatible; MJ12bot/v1.4.8; http://mj12bot.com/)" "-"
216.73.216.0 - - [21/Jun/2026:00:18:09 +0200] "GET /info/011547081925?lokasie=%2Fhomepages%2F46%2Fd94061663%2Fhtdocs%2Fclickandbuilds%2F%2Fworksec.php&loknya=%2Fhomepages%2F46%2Fd94061663%2Fhtdocs%2Fclickandbuilds%2F HTTP/1.1" 429 267 frangenheim.de "-" "Mozilla/5.0 AppleWebKit/537.36 (KHTML, like Gecko; compatible; ClaudeBot/1.0; +claudebot@anthropic.com)" "-"
81.167.26.0 - - [21/Jun/2026:00:18:11 +0200] "GET /index.php?lokasie=/homepages/43/d94068522/phpinilist&loknya=/homepages/43/d94068522 HTTP/1.1" 200 4067 frangenheim.de "-" "Mozilla/5.0 (compatible; MJ12bot/v1.4.8; http://mj12bot.com/)" "-"
216.73.216.0 - - [21/Jun/2026:00:18:13 +0200] "GET /entity/01484533574?loknya=%2Fhomepages%2F46%2Fd94061663%2Fhtdocs%2Fclickandbuilds HTTP/1.1" 429 267 frangenheim.de "-" "Mozilla/5.0 AppleWebKit/537.36 (KHTML, like Gecko; compatible; ClaudeBot/1.0; +claudebot@anthropic.com)" "-"
81.167.26.0 - - [21/Jun/2026:00:18:15 +0200] "GET /index.php?lokasie=/homepages/43/d94118295/.htaccessold&loknya=/homepages/43/d94118295 HTTP/1.1" 200 4069 frangenheim.de "-" "Mozilla/5.0 (compatible; MJ12bot/v1.4.8; http://mj12bot.com/)" "-"
216.73.216.0 - - [21/Jun/2026:00:18:16 +0200] "GET /info/012096762491?loknya=%2Fhomepages%2F46%2Fd94061663%2Fhtdocs%2Fclickandbuilds%2FAlexanderFrangenheim%2Fwp-includes%2Fblock-patterns HTTP/1.1" 429 267 frangenheim.de "-" "Mozilla/5.0 AppleWebKit/537.36 (KHTML, like Gecko; compatible; ClaudeBot/1.0; +claudebot@anthropic.com)" "-"
216.73.216.0 - - [21/Jun/2026:00:18:19 +0200] "GET /items/01684536446?loknya=%2Fhomepages%2F46%2Fd94061663%2Fhtdocs%2Fclickandbuilds%2FAlexanderFrangenheim%2Fwp-includes%2FSimplePie HTTP/1.1" 429 267 frangenheim.de "-" "Mozilla/5.0 AppleWebKit/537.36 (KHTML, like Gecko; compatible; ClaudeBot/1.0; +claudebot@anthropic.com)" "-"
81.167.26.0 - - [21/Jun/2026:00:18:20 +0200] "GET /index.php?lokasie=/homepages/43/d94118295/DASTOOLSTART&loknya=/homepages/43/d94118295 HTTP/1.1" 200 4069 frangenheim.de "-" "Mozilla/5.0 (compatible; MJ12bot/v1.4.8; http://mj12bot.com/)" "-"
216.73.216.0 - - [21/Jun/2026:00:18:22 +0200] "GET /entity/01841576063?loknya=%2Fbin HTTP/1.1" 429 267 frangenheim.de "-" "Mozilla/5.0 AppleWebKit/537.36 (KHTML, like Gecko; compatible; ClaudeBot/1.0; +claudebot@anthropic.com)" "-"
81.167.26.0 - - [21/Jun/2026:00:18:24 +0200] "GET /index.php?lokasie=/homepages/43/d94118295/htaccesslist&loknya=/homepages/43/d94118295 HTTP/1.1" 200 4069 frangenheim.de "-" "Mozilla/5.0 (compatible; MJ12bot/v1.4.8; http://mj12bot.com/)" "-"
216.73.216.0 - - [21/Jun/2026:00:18:25 +0200] "GET /items/013479642264?loknya=%2Fhomepages%2F46%2Fd94061663%2Fhtdocs%2Fgfx HTTP/1.1" 429 267 frangenheim.de "-" "Mozilla/5.0 AppleWebKit/537.36 (KHTML, like Gecko; compatible; ClaudeBot/1.0; +claudebot@anthropic.com)" "-"
66.249.68.0 - - [21/Jun/2026:00:18:25 +0200] "GET /detail/893083148761 HTTP/1.1" 200 197523 frangenheim.de "-" "Mozilla/5.0 (Linux; Android 6.0.1; Nexus 5X Build/MMB29P) AppleWebKit/537.36 (KHTML, like Gecko) Chrome/148.0.7778.96 Mobile Safari/537.36 (compatible; GoogleOther)" "-"
216.73.216.0 - - [21/Jun/2026:00:18:28 +0200] "GET /entity/01484533574?loknya=%2F HTTP/1.1" 429 267 frangenheim.de "-" "Mozilla/5.0 AppleWebKit/537.36 (KHTML, like Gecko; compatible; ClaudeBot/1.0; +claudebot@anthropic.com)" "-"
81.167.26.0 - - [21/Jun/2026:00:18:29 +0200] "GET /index.php?lokasie=/homepages/43/d94118295/htpasswd&loknya=/homepages/43/d94118295 HTTP/1.1" 429 267 frangenheim.de "-" "Mozilla/5.0 (compatible; MJ12bot/v1.4.8; http://mj12bot.com/)" "-"
216.73.216.0 - - [21/Jun/2026:00:18:31 +0200] "GET /entity/01357572810?loknya=%2Fhomepages%2F46%2Fd94061663%2Fhtdocs%2Fdeutsch HTTP/1.1" 429 267 frangenheim.de "-" "Mozilla/5.0 AppleWebKit/537.36 (KHTML, like Gecko; compatible; ClaudeBot/1.0; +claudebot@anthropic.com)" "-"
81.167.26.0 - - [21/Jun/2026:00:18:33 +0200] "GET /index.php?lokasie=/homepages/43/d94118295/phpinilist&loknya=/homepages/43/d94118295 HTTP/1.1" 429 267 frangenheim.de "-" "Mozilla/5.0 (compatible; MJ12bot/v1.4.8; http://mj12bot.com/)" "-"
81.167.26.0 - - [21/Jun/2026:00:18:36 +0200] "GET /index.php?lokasie=/homepages/43/d94141043/.htaccessold&loknya=/homepages/43/d94141043 HTTP/1.1" 429 267 frangenheim.de "-" "Mozilla/5.0 (compatible; MJ12bot/v1.4.8; http://mj12bot.com/)" "-"
81.167.26.0 - - [21/Jun/2026:00:18:39 +0200] "GET /index.php?lokasie=/homepages/43/d94141043/DASTOOLSTART&loknya=/homepages/43/d94141043 HTTP/1.1" 429 267 frangenheim.de "-" "Mozilla/5.0 (compatible; MJ12bot/v1.4.8; http://mj12bot.com/)" "-"
81.167.26.0 - - [21/Jun/2026:00:18:43 +0200] "GET /index.php?lokasie=/homepages/43/d94141043/htaccesslist&loknya=/homepages/43/d94141043 HTTP/1.1" 429 267 frangenheim.de "-" "Mozilla/5.0 (compatible; MJ12bot/v1.4.8; http://mj12bot.com/)" "-"
216.73.216.0 - - [21/Jun/2026:00:18:45 +0200] "GET /items/013301919458?loknya=%2Fhomepages%2F46%2Fd94061663%2Fhtdocs%2Fclickandbuilds%2FAlexanderFrangenheim%2Fwp-includes%2Fcustomize HTTP/1.1" 429 267 frangenheim.de "-" "Mozilla/5.0 AppleWebKit/537.36 (KHTML, like Gecko; compatible; ClaudeBot/1.0; +claudebot@anthropic.com)" "-"
81.167.26.0 - - [21/Jun/2026:00:18:46 +0200] "GET /index.php?lokasie=/homepages/43/d94141043/htpasswd&loknya=/homepages/43/d94141043 HTTP/1.1" 429 267 frangenheim.de "-" "Mozilla/5.0 (compatible; MJ12bot/v1.4.8; http://mj12bot.com/)" "-"
52.204.71.0 - - [21/Jun/2026:00:18:46 +0200] "GET /news?loknya=/homepages/16 HTTP/1.1" 200 71242 frangenheim.de "-" "Mozilla/5.0 AppleWebKit/537.36 (KHTML, like Gecko; compatible; Amazonbot/0.1; +https://developer.amazon.com/support/amazonbot) Chrome/119.0.6045.214 Safari/537.36" "-"
216.73.216.0 - - [21/Jun/2026:00:18:48 +0200] "GET /entity/017303481?lokasie=%2Fhomepages%2F46%2Fd94061663%2Fhtdocs%2Fclickandbuilds%2FAlexanderFrangenheim%2Fwp-includes%2Fclass-wp-embed.php&loknya=%2Fhomepages%2F46%2Fd94061663%2Fhtdocs%2Fclickandbuilds%2FAlexanderFrangenheim%2Fwp-includes HTTP/1.1" 429 267 frangenheim.de "-" "Mozilla/5.0 AppleWebKit/537.36 (KHTML, like Gecko; compatible; ClaudeBot/1.0; +claudebot@anthropic.com)" "-"
81.167.26.0 - - [21/Jun/2026:00:18:50 +0200] "GET /index.php?lokasie=/homepages/43/d94141043/phpinilist&loknya=/homepages/43/d94141043 HTTP/1.1" 429 267 frangenheim.de "-" "Mozilla/5.0 (compatible; MJ12bot/v1.4.8; http://mj12bot.com/)" "-"
216.73.216.0 - - [21/Jun/2026:00:18:51 +0200] "GET /goodscode/013802685560?loknya=%2Fhomepages%2F46%2Fd94061663%2Fhtdocs%2Fclickandbuilds%2FAlexanderFrangenheim%2Fwp-content%2Fplugins HTTP/1.1" 200 73328 frangenheim.de "-" "Mozilla/5.0 AppleWebKit/537.36 (KHTML, like Gecko; compatible; ClaudeBot/1.0; +claudebot@anthropic.com)" "-"
81.167.26.0 - - [21/Jun/2026:00:18:53 +0200] "GET /index.php?lokasie=/homepages/43/d94142077/DASTOOLSTART&loknya=/homepages/43/d94142077 HTTP/1.1" 429 267 frangenheim.de "-" "Mozilla/5.0 (compatible; MJ12bot/v1.4.8; http://mj12bot.com/)" "-"
216.73.216.0 - - [21/Jun/2026:00:18:54 +0200] "GET /items/012017611736?loknya=%2Fhomepages%2F46%2Fd94061663%2Fhtdocs%2Fevents HTTP/1.1" 200 14219 frangenheim.de "-" "Mozilla/5.0 AppleWebKit/537.36 (KHTML, like Gecko; compatible; ClaudeBot/1.0; +claudebot@anthropic.com)" "-"
74.7.241.0 - - [21/Jun/2026:00:18:55 +0200] "GET /?loknya=/homepages/37/d171188043 HTTP/1.1" 200 18972 frangenheim.de "http://frangenheim.de/?loknya=/homepages/37" "Mozilla/5.0 AppleWebKit/537.36 (KHTML, like Gecko; compatible; GPTBot/1.4; +https://openai.com/gptbot)" "-"
198.244.168.0 - - [21/Jun/2026:00:18:56 +0200] "GET /market/011965405467 HTTP/1.1" 429 267 frangenheim.de "-" "Mozilla/5.0 (compatible; AhrefsBot/7.0; +http://ahrefs.com/robot/)" "-"
81.167.26.0 - - [21/Jun/2026:00:18:57 +0200] "GET /index.php?lokasie=/homepages/43/d94142077/htaccesslist&loknya=/homepages/43/d94142077 HTTP/1.1" 429 267 frangenheim.de "-" "Mozilla/5.0 (compatible; MJ12bot/v1.4.8; http://mj12bot.com/)" "-"
216.73.216.0 - - [21/Jun/2026:00:18:57 +0200] "GET /goodscode/01816695083?lokasie=%2Fhomepages%2F46%2Fd94061663%2Fhtdocs%2Fclickandbuilds%2FAlexanderFrangenheim%2Fwp-includes%2Fclass-wp-query.php&loknya=%2Fhomepages%2F46%2Fd94061663%2Fhtdocs%2Fclickandbuilds%2FAlexanderFrangenheim%2Fwp-includes HTTP/1.1" 200 159528 frangenheim.de "-" "Mozilla/5.0 AppleWebKit/537.36 (KHTML, like Gecko; compatible; ClaudeBot/1.0; +claudebot@anthropic.com)" "-"
81.167.26.0 - - [21/Jun/2026:00:19:00 +0200] "GET /index.php?lokasie=/homepages/43/d94142077/htpasswd&loknya=/homepages/43/d94142077 HTTP/1.1" 429 267 frangenheim.de "-" "Mozilla/5.0 (compatible; MJ12bot/v1.4.8; http://mj12bot.com/)" "-"
216.73.216.0 - - [21/Jun/2026:00:19:00 +0200] "GET /item/0120106217?loknya=%2Fhomepages%2F46%2Fd94061663%2Fhtdocs%2Fconcepts HTTP/1.1" 200 16739 frangenheim.de "-" "Mozilla/5.0 AppleWebKit/537.36 (KHTML, like Gecko; compatible; ClaudeBot/1.0; +claudebot@anthropic.com)" "-"
81.167.26.0 - - [21/Jun/2026:00:19:04 +0200] "GET /index.php?lokasie=/homepages/43/d94142077/phpinilist&loknya=/homepages/43/d94142077 HTTP/1.1" 429 267 frangenheim.de "-" "Mozilla/5.0 (compatible; MJ12bot/v1.4.8; http://mj12bot.com/)" "-"
216.73.216.0 - - [21/Jun/2026:00:19:04 +0200] "GET /entity/01765698785?loknya=%2Fhomepages%2F46%2Fd94061663%2Fhtdocs%2Fclickandbuilds HTTP/1.1" 200 9256 frangenheim.de "-" "Mozilla/5.0 AppleWebKit/537.36 (KHTML, like Gecko; compatible; ClaudeBot/1.0; +claudebot@anthropic.com)" "-"
81.167.26.0 - - [21/Jun/2026:00:19:07 +0200] "GET /index.php?lokasie=/homepages/43/d94165812/DASTOOLSTART&loknya=/homepages/43/d94165812 HTTP/1.1" 429 267 frangenheim.de "-" "Mozilla/5.0 (compatible; MJ12bot/v1.4.8; http://mj12bot.com/)" "-"
216.73.216.0 - - [21/Jun/2026:00:19:07 +0200] "GET /goodscode/01371904348?loknya=%2Fbin HTTP/1.1" 200 1599036 frangenheim.de "-" "Mozilla/5.0 AppleWebKit/537.36 (KHTML, like Gecko; compatible; ClaudeBot/1.0; +claudebot@anthropic.com)" "-"
81.167.26.0 - - [21/Jun/2026:00:19:11 +0200] "GET /index.php?lokasie=/homepages/43/d94165812/Gallery_Restore_6a41e6e4-15dd-44e8-b1e1-136093a3865d.done&loknya=/homepages/43/d94165812 HTTP/1.1" 429 267 frangenheim.de "-" "Mozilla/5.0 (compatible; MJ12bot/v1.4.8; http://mj12bot.com/)" "-"
216.73.216.0 - - [21/Jun/2026:00:19:13 +0200] "GET /item/01418590064?loknya=%2Fhomepages%2F46%2Fd94061663%2Fhtdocs HTTP/1.1" 200 31074 frangenheim.de "-" "Mozilla/5.0 AppleWebKit/537.36 (KHTML, like Gecko; compatible; ClaudeBot/1.0; +claudebot@anthropic.com)" "-"
81.167.26.0 - - [21/Jun/2026:00:19:14 +0200] "GET /index.php?lokasie=/homepages/43/d94165812/distributor.lock&loknya=/homepages/43/d94165812 HTTP/1.1" 429 267 frangenheim.de "-" "Mozilla/5.0 (compatible; MJ12bot/v1.4.8; http://mj12bot.com/)" "-"
81.167.26.0 - - [21/Jun/2026:00:19:18 +0200] "GET /index.php?lokasie=/homepages/43/d94364105/phpinilist&loknya=/homepages/43/d94364105 HTTP/1.1" 429 267 frangenheim.de "-" "Mozilla/5.0 (compatible; MJ12bot/v1.4.8; http://mj12bot.com/)" "-"
216.73.216.0 - - [21/Jun/2026:00:19:19 +0200] "GET /entity/012571335639?lokasie=%2Fhomepages%2F46%2Fd94061663%2Fhtdocs%2Fmenue.html&loknya=%2Fhomepages%2F46%2Fd94061663%2Fhtdocs HTTP/1.1" 200 6431 frangenheim.de "-" "Mozilla/5.0 AppleWebKit/537.36 (KHTML, like Gecko; compatible; ClaudeBot/1.0; +claudebot@anthropic.com)" "-"
216.73.216.0 - - [21/Jun/2026:00:19:21 +0200] "GET /entity/01537014053?loknya=%2Fhomepages%2F46%2Fd94061663%2Fhtdocs%2Fclickandbuilds HTTP/1.1" 200 9256 frangenheim.de "-" "Mozilla/5.0 AppleWebKit/537.36 (KHTML, like Gecko; compatible; ClaudeBot/1.0; +claudebot@anthropic.com)" "-"
81.167.26.0 - - [21/Jun/2026:00:19:22 +0200] "GET /index.php?lokasie=/homepages/43/d94372001/DASTOOLSTART&loknya=/homepages/43/d94372001 HTTP/1.1" 429 267 frangenheim.de "-" "Mozilla/5.0 (compatible; MJ12bot/v1.4.8; http://mj12bot.com/)" "-"
216.73.216.0 - - [21/Jun/2026:00:19:24 +0200] "GET /items/01443129806?loknya=%2Fhomepages%2F46%2Fd94061663%2Fhtdocs%2Fdeutsch HTTP/1.1" 200 24703 frangenheim.de "-" "Mozilla/5.0 AppleWebKit/537.36 (KHTML, like Gecko; compatible; ClaudeBot/1.0; +claudebot@anthropic.com)" "-"
81.167.26.0 - - [21/Jun/2026:00:19:25 +0200] "GET /index.php?lokasie=/homepages/43/d94372001/htpasswd&loknya=/homepages/43/d94372001 HTTP/1.1" 429 267 frangenheim.de "-" "Mozilla/5.0 (compatible; MJ12bot/v1.4.8; http://mj12bot.com/)" "-"
216.73.216.0 - - [21/Jun/2026:00:19:27 +0200] "GET /entity/012477562409?loknya=%2Fhomepages%2F46%2Fd94061663%2Fhtdocs%2Fpresse HTTP/1.1" 200 28543 frangenheim.de "-" "Mozilla/5.0 AppleWebKit/537.36 (KHTML, like Gecko; compatible; ClaudeBot/1.0; +claudebot@anthropic.com)" "-"
81.167.26.0 - - [21/Jun/2026:00:19:29 +0200] "GET /index.php?lokasie=/homepages/43/d94372001/httpd.conf&loknya=/homepages/43/d94372001 HTTP/1.1" 200 4067 frangenheim.de "-" "Mozilla/5.0 (compatible; MJ12bot/v1.4.8; http://mj12bot.com/)" "-"
216.73.216.0 - - [21/Jun/2026:00:19:30 +0200] "GET /items/013909283330?loknya=%2Fsys HTTP/1.1" 200 5008 frangenheim.de "-" "Mozilla/5.0 AppleWebKit/537.36 (KHTML, like Gecko; compatible; ClaudeBot/1.0; +claudebot@anthropic.com)" "-"
216.73.216.0 - - [21/Jun/2026:00:19:33 +0200] "GET /info/012304614151?lokasie=%2Fbin%2Fcpp&loknya=%2Fbin HTTP/1.1" 200 3936 frangenheim.de "-" "Mozilla/5.0 AppleWebKit/537.36 (KHTML, like Gecko; compatible; ClaudeBot/1.0; +claudebot@anthropic.com)" "-"
81.167.26.0 - - [21/Jun/2026:00:19:33 +0200] "GET /index.php?lokasie=/homepages/43/d94372001/last_traffic&loknya=/homepages/43/d94372001 HTTP/1.1" 200 4069 frangenheim.de "-" "Mozilla/5.0 (compatible; MJ12bot/v1.4.8; http://mj12bot.com/)" "-"
216.73.216.0 - - [21/Jun/2026:00:19:36 +0200] "GET /entity/012528079516?lokasie=%2Fhomepages%2F46%2Fd94061663%2Fhtdocs%2Fclickandbuilds%2FAlexanderFrangenheim%2Fwp-includes%2Fclass-wp-editor.php&loknya=%2Fhomepages%2F46%2Fd94061663%2Fhtdocs%2Fclickandbuilds%2FAlexanderFrangenheim%2Fwp-includes HTTP/1.1" 200 79986 frangenheim.de "-" "Mozilla/5.0 AppleWebKit/537.36 (KHTML, like Gecko; compatible; ClaudeBot/1.0; +claudebot@anthropic.com)" "-"
81.167.26.0 - - [21/Jun/2026:00:19:38 +0200] "GET /index.php?lokasie=/homepages/43/d94372001/metadata.json&loknya=/homepages/43/d94372001 HTTP/1.1" 200 4070 frangenheim.de "-" "Mozilla/5.0 (compatible; MJ12bot/v1.4.8; http://mj12bot.com/)" "-"
216.73.216.0 - - [21/Jun/2026:00:19:39 +0200] "GET /entity/011667881257?loknya=%2Fhomepages%2F46%2Fd94061663%2Fhtdocs%2Fclickandbuilds%2FAlexanderFrangenheim%2Fwp-includes%2Fblocks%2Ftable HTTP/1.1" 200 29085 frangenheim.de "-" "Mozilla/5.0 AppleWebKit/537.36 (KHTML, like Gecko; compatible; ClaudeBot/1.0; +claudebot@anthropic.com)" "-"
216.73.216.0 - - [21/Jun/2026:00:19:42 +0200] "GET /items/01127973326?loknya=%2Fhomepages%2F46%2Fd94061663%2Fhtdocs%2Fclickandbuilds%2FAlexanderFrangenheim%2Fwp-includes%2Fcustomize HTTP/1.1" 200 72112 frangenheim.de "-" "Mozilla/5.0 AppleWebKit/537.36 (KHTML, like Gecko; compatible; ClaudeBot/1.0; +claudebot@anthropic.com)" "-"
81.167.26.0 - - [21/Jun/2026:00:19:43 +0200] "GET /index.php?lokasie=/homepages/43/d94372001/phpinilist&loknya=/homepages/43/d94372001 HTTP/1.1" 200 4067 frangenheim.de "-" "Mozilla/5.0 (compatible; MJ12bot/v1.4.8; http://mj12bot.com/)" "-"
216.73.216.0 - - [21/Jun/2026:00:19:45 +0200] "GET /entity/012464534963?lokasie=%2Fhomepages%2F46%2Fd94061663%2Fhtdocs%2Fclickandbuilds%2F%2Fworksec.php&loknya=%2Fhomepages%2F46%2Fd94061663%2Fhtdocs%2Fclickandbuilds%2F HTTP/1.1" 200 5678 frangenheim.de "-" "Mozilla/5.0 AppleWebKit/537.36 (KHTML, like Gecko; compatible; ClaudeBot/1.0; +claudebot@anthropic.com)" "-"
81.167.26.0 - - [21/Jun/2026:00:19:47 +0200] "GET /index.php?lokasie=/homepages/43/d94378440/.htaccess&loknya=/homepages/43/d94378440 HTTP/1.1" 200 4066 frangenheim.de "-" "Mozilla/5.0 (compatible; MJ12bot/v1.4.8; http://mj12bot.com/)" "-"
216.73.216.0 - - [21/Jun/2026:00:19:48 +0200] "GET /entity/011667881257?loknya=%2Fhomepages%2F46%2Fd94061663%2Fhtdocs%2Fclickandbuilds%2FAlexanderFrangenheim%2Fwp-includes%2Fblocks%2Fnavigation HTTP/1.1" 200 36154 frangenheim.de "-" "Mozilla/5.0 AppleWebKit/537.36 (KHTML, like Gecko; compatible; ClaudeBot/1.0; +claudebot@anthropic.com)" "-"
50.19.221.0 - - [21/Jun/2026:00:19:50 +0200] "GET /feed?loknya=/homepages/lnk HTTP/1.1" 200 5087 frangenheim.de "-" "Mozilla/5.0 AppleWebKit/537.36 (KHTML, like Gecko; compatible; Amazonbot/0.1; +https://developer.amazon.com/support/amazonbot) Chrome/119.0.6045.214 Safari/537.36" "-"
216.73.216.0 - - [21/Jun/2026:00:19:51 +0200] "GET /entity/0123501696?loknya=%2Fhomepages%2F46%2Fd94061663%2Fhtdocs%2Fclickandbuilds HTTP/1.1" 200 9256 frangenheim.de "-" "Mozilla/5.0 AppleWebKit/537.36 (KHTML, like Gecko; compatible; ClaudeBot/1.0; +claudebot@anthropic.com)" "-"
81.167.26.0 - - [21/Jun/2026:00:19:52 +0200] "GET /index.php?lokasie=/homepages/43/d94378440/.siteapps&loknya=/homepages/43/d94378440 HTTP/1.1" 200 4066 frangenheim.de "-" "Mozilla/5.0 (compatible; MJ12bot/v1.4.8; http://mj12bot.com/)" "-"
216.73.216.0 - - [21/Jun/2026:00:19:54 +0200] "GET /items/014247706096?lokasie=%2Fhomepages%2F46%2Fd94061663%2Fhtdocs%2Fmenue.html&loknya=%2Fhomepages%2F46%2Fd94061663%2Fhtdocs HTTP/1.1" 429 267 frangenheim.de "-" "Mozilla/5.0 AppleWebKit/537.36 (KHTML, like Gecko; compatible; ClaudeBot/1.0; +claudebot@anthropic.com)" "-"
216.73.216.0 - - [21/Jun/2026:00:19:57 +0200] "GET /goodscode/011026257672?loknya=%2Fhomepages%2F46%2Fd94061663%2Fhtdocs%2Fclickandbuilds%2FAlexanderFrangenheim%2Fwp-content HTTP/1.1" 429 267 frangenheim.de "-" "Mozilla/5.0 AppleWebKit/537.36 (KHTML, like Gecko; compatible; ClaudeBot/1.0; +claudebot@anthropic.com)" "-"
81.167.26.0 - - [21/Jun/2026:00:19:57 +0200] "GET /index.php?lokasie=/homepages/43/d94378440/DASTOOLSTART&loknya=/homepages/43/d94378440 HTTP/1.1" 200 4069 frangenheim.de "-" "Mozilla/5.0 (compatible; MJ12bot/v1.4.8; http://mj12bot.com/)" "-"
216.73.216.0 - - [21/Jun/2026:00:20:00 +0200] "GET /entity/011939973528?loknya=%2Fhomepages%2F46%2Fd94061663%2Fhtdocs%2Fclickandbuilds HTTP/1.1" 429 267 frangenheim.de "-" "Mozilla/5.0 AppleWebKit/537.36 (KHTML, like Gecko; compatible; ClaudeBot/1.0; +claudebot@anthropic.com)" "-"
74.7.241.0 - - [21/Jun/2026:00:20:00 +0200] "GET /?loknya=/homepages/37/d171262256 HTTP/1.1" 429 267 frangenheim.de "http://frangenheim.de/?loknya=/homepages/37" "Mozilla/5.0 AppleWebKit/537.36 (KHTML, like Gecko; compatible; GPTBot/1.4; +https://openai.com/gptbot)" "-"
81.167.26.0 - - [21/Jun/2026:00:20:01 +0200] "GET /index.php?lokasie=/homepages/43/d94378440/distributor.lock&loknya=/homepages/43/d94378440 HTTP/1.1" 200 4073 frangenheim.de "-" "Mozilla/5.0 (compatible; MJ12bot/v1.4.8; http://mj12bot.com/)" "-"
216.73.216.0 - - [21/Jun/2026:00:20:03 +0200] "GET /items/013909283330?loknya=%2Fboot HTTP/1.1" 429 267 frangenheim.de "-" "Mozilla/5.0 AppleWebKit/537.36 (KHTML, like Gecko; compatible; ClaudeBot/1.0; +claudebot@anthropic.com)" "-"
216.73.216.0 - - [21/Jun/2026:00:20:06 +0200] "GET /entity/011026439201?loknya=%2Fhomepages%2F46%2Fd94061663%2Fhtdocs%2Fclickandbuilds%2F HTTP/1.1" 429 267 frangenheim.de "-" "Mozilla/5.0 AppleWebKit/537.36 (KHTML, like Gecko; compatible; ClaudeBot/1.0; +claudebot@anthropic.com)" "-"
81.167.26.0 - - [21/Jun/2026:00:20:06 +0200] "GET /index.php?lokasie=/homepages/43/d94378440/htaccesslist&loknya=/homepages/43/d94378440 HTTP/1.1" 200 4069 frangenheim.de "-" "Mozilla/5.0 (compatible; MJ12bot/v1.4.8; http://mj12bot.com/)" "-"
216.73.216.0 - - [21/Jun/2026:00:20:09 +0200] "GET /entity/01655053886?loknya=%2Fhomepages%2F46%2Fd94061663%2Fhtdocs%2Fclickandbuilds HTTP/1.1" 429 267 frangenheim.de "-" "Mozilla/5.0 AppleWebKit/537.36 (KHTML, like Gecko; compatible; ClaudeBot/1.0; +claudebot@anthropic.com)" "-"
81.167.26.0 - - [21/Jun/2026:00:20:10 +0200] "GET /index.php?lokasie=/homepages/43/d94378440/htpasswd&loknya=/homepages/43/d94378440 HTTP/1.1" 200 4065 frangenheim.de "-" "Mozilla/5.0 (compatible; MJ12bot/v1.4.8; http://mj12bot.com/)" "-"
216.73.216.0 - - [21/Jun/2026:00:20:12 +0200] "GET /entity/01497344929?loknya=%2Fhomepages%2F46%2Fd94061663%2Fhtdocs%2Fclickandbuilds%2FAlexanderFrangenheim%2Fwp-admin HTTP/1.1" 429 267 frangenheim.de "-" "Mozilla/5.0 AppleWebKit/537.36 (KHTML, like Gecko; compatible; ClaudeBot/1.0; +claudebot@anthropic.com)" "-"
216.73.216.0 - - [21/Jun/2026:00:20:15 +0200] "GET /entity/011300639663?loknya=%2F HTTP/1.1" 429 267 frangenheim.de "-" "Mozilla/5.0 AppleWebKit/537.36 (KHTML, like Gecko; compatible; ClaudeBot/1.0; +claudebot@anthropic.com)" "-"
81.167.26.0 - - [21/Jun/2026:00:20:15 +0200] "GET /index.php?lokasie=/homepages/43/d94378440/last_traffic&loknya=/homepages/43/d94378440 HTTP/1.1" 200 4069 frangenheim.de "-" "Mozilla/5.0 (compatible; MJ12bot/v1.4.8; http://mj12bot.com/)" "-"
216.73.216.0 - - [21/Jun/2026:00:20:18 +0200] "GET /entity/01841576063?loknya=%2Frun HTTP/1.1" 429 267 frangenheim.de "-" "Mozilla/5.0 AppleWebKit/537.36 (KHTML, like Gecko; compatible; ClaudeBot/1.0; +claudebot@anthropic.com)" "-"
81.167.26.0 - - [21/Jun/2026:00:20:20 +0200] "GET /index.php?lokasie=/homepages/43/d94378440/metadata.json&loknya=/homepages/43/d94378440 HTTP/1.1" 200 4070 frangenheim.de "-" "Mozilla/5.0 (compatible; MJ12bot/v1.4.8; http://mj12bot.com/)" "-"
216.73.216.0 - - [21/Jun/2026:00:20:21 +0200] "GET /entity/014109111438?loknya=%2F HTTP/1.1" 429 267 frangenheim.de "-" "Mozilla/5.0 AppleWebKit/537.36 (KHTML, like Gecko; compatible; ClaudeBot/1.0; +claudebot@anthropic.com)" "-"
81.167.26.0 - - [21/Jun/2026:00:20:24 +0200] "GET /index.php?lokasie=/homepages/43/d94378440/phpinilist&loknya=/homepages/43/d94378440 HTTP/1.1" 200 4067 frangenheim.de "-" "Mozilla/5.0 (compatible; MJ12bot/v1.4.8; http://mj12bot.com/)" "-"
216.73.216.0 - - [21/Jun/2026:00:20:25 +0200] "GET /items/01430783397?loknya=%2Fhomepages%2F46%2Fd94061663%2Fhtdocs%2Fclickandbuilds HTTP/1.1" 429 267 frangenheim.de "-" "Mozilla/5.0 AppleWebKit/537.36 (KHTML, like Gecko; compatible; ClaudeBot/1.0; +claudebot@anthropic.com)" "-"
216.73.216.0 - - [21/Jun/2026:00:20:28 +0200] "GET /items/01682327453?loknya=%2Fhomepages%2F46%2Fd94061663%2Fhtdocs%2Fdeutsch HTTP/1.1" 429 267 frangenheim.de "-" "Mozilla/5.0 AppleWebKit/537.36 (KHTML, like Gecko; compatible; ClaudeBot/1.0; +claudebot@anthropic.com)" "-"
3.226.34.0 - - [21/Jun/2026:00:20:28 +0200] "GET /?loknya=/homepages/46/d171079341 HTTP/1.1" 200 21730 www.frangenheim.de "-" "Mozilla/5.0 AppleWebKit/537.36 (KHTML, like Gecko; compatible; Amazonbot/0.1; +https://developer.amazon.com/support/amazonbot) Chrome/119.0.6045.214 Safari/537.36" "-"
81.167.26.0 - - [21/Jun/2026:00:20:29 +0200] "GET /index.php?lokasie=/homepages/43/d94387229/.htaccessold&loknya=/homepages/43/d94387229 HTTP/1.1" 200 4069 frangenheim.de "-" "Mozilla/5.0 (compatible; MJ12bot/v1.4.8; http://mj12bot.com/)" "-"
216.73.216.0 - - [21/Jun/2026:00:20:31 +0200] "GET /item/014204555483?loknya=%2Fhomepages%2F46%2Fd94061663%2Fhtdocs%2Fclickandbuilds%2FAlexanderFrangenheim%2Fwp-includes%2Fphp-compat HTTP/1.1" 429 267 frangenheim.de "-" "Mozilla/5.0 AppleWebKit/537.36 (KHTML, like Gecko; compatible; ClaudeBot/1.0; +claudebot@anthropic.com)" "-"
198.244.183.0 - - [21/Jun/2026:00:20:32 +0200] "GET /market/011768438094 HTTP/1.1" 200 42265 frangenheim.de "-" "Mozilla/5.0 (compatible; AhrefsBot/7.0; +http://ahrefs.com/robot/)" "-"
216.73.216.0 - - [21/Jun/2026:00:20:34 +0200] "GET /items/012863187534?lokasie=%2Fhomepages%2F46%2Fd94061663%2Fhtdocs%2Fclickandbuilds%2FAlexanderFrangenheim%2Fwp-admin%2Fload-scripts.php&loknya=%2Fhomepages%2F46%2Fd94061663%2Fhtdocs%2Fclickandbuilds%2FAlexanderFrangenheim%2Fwp-admin HTTP/1.1" 429 267 frangenheim.de "-" "Mozilla/5.0 AppleWebKit/537.36 (KHTML, like Gecko; compatible; ClaudeBot/1.0; +claudebot@anthropic.com)" "-"
81.167.26.0 - - [21/Jun/2026:00:20:34 +0200] "GET /index.php?lokasie=/homepages/43/d94387229/DASTOOLSTART&loknya=/homepages/43/d94387229 HTTP/1.1" 200 4069 frangenheim.de "-" "Mozilla/5.0 (compatible; MJ12bot/v1.4.8; http://mj12bot.com/)" "-"
216.73.216.0 - - [21/Jun/2026:00:20:37 +0200] "GET /items/01682327453?loknya=%2Fhomepages%2F46%2Fd94061663%2Fhtdocs%2Farchiv HTTP/1.1" 429 267 frangenheim.de "-" "Mozilla/5.0 AppleWebKit/537.36 (KHTML, like Gecko; compatible; ClaudeBot/1.0; +claudebot@anthropic.com)" "-"
81.167.26.0 - - [21/Jun/2026:00:20:38 +0200] "GET /index.php?lokasie=/homepages/43/d94387229/htaccesslist&loknya=/homepages/43/d94387229 HTTP/1.1" 200 4069 frangenheim.de "-" "Mozilla/5.0 (compatible; MJ12bot/v1.4.8; http://mj12bot.com/)" "-"
216.73.216.0 - - [21/Jun/2026:00:20:43 +0200] "GET /entity/011912733086?loknya=%2Fhomepages%2F46%2Fd94061663%2Fhtdocs%2Fclickandbuilds HTTP/1.1" 429 267 frangenheim.de "-" "Mozilla/5.0 AppleWebKit/537.36 (KHTML, like Gecko; compatible; ClaudeBot/1.0; +claudebot@anthropic.com)" "-"
216.73.216.0 - - [21/Jun/2026:00:20:43 +0200] "GET /items/014205260997?loknya=%2Fhomepages%2F46%2Fd94061663%2Fhtdocs%2Farchiv HTTP/1.1" 429 267 frangenheim.de "-" "Mozilla/5.0 AppleWebKit/537.36 (KHTML, like Gecko; compatible; ClaudeBot/1.0; +claudebot@anthropic.com)" "-"
81.167.26.0 - - [21/Jun/2026:00:20:43 +0200] "GET /index.php?lokasie=/homepages/43/d94387229/htpasswd&loknya=/homepages/43/d94387229 HTTP/1.1" 200 4065 frangenheim.de "-" "Mozilla/5.0 (compatible; MJ12bot/v1.4.8; http://mj12bot.com/)" "-"
216.73.216.0 - - [21/Jun/2026:00:20:46 +0200] "GET /items/01665376001?lokasie=%2Fhomepages%2F46%2Fd94061663%2Fhtdocs%2Fclickandbuilds%2FAlexanderFrangenheim%2Fwp-includes%2Fclass-wp-editor.php&loknya=%2Fhomepages%2F46%2Fd94061663%2Fhtdocs%2Fclickandbuilds%2FAlexanderFrangenheim%2Fwp-includes HTTP/1.1" 429 267 frangenheim.de "-" "Mozilla/5.0 AppleWebKit/537.36 (KHTML, like Gecko; compatible; ClaudeBot/1.0; +claudebot@anthropic.com)" "-"
81.167.26.0 - - [21/Jun/2026:00:20:48 +0200] "GET /index.php?lokasie=/homepages/43/d94387229/phpinilist&loknya=/homepages/43/d94387229 HTTP/1.1" 200 4067 frangenheim.de "-" "Mozilla/5.0 (compatible; MJ12bot/v1.4.8; http://mj12bot.com/)" "-"
216.73.216.0 - - [21/Jun/2026:00:20:49 +0200] "GET /entity/012685113183?loknya=%2F HTTP/1.1" 429 267 frangenheim.de "-" "Mozilla/5.0 AppleWebKit/537.36 (KHTML, like Gecko; compatible; ClaudeBot/1.0; +claudebot@anthropic.com)" "-"
216.73.216.0 - - [21/Jun/2026:00:20:52 +0200] "GET /items/011462011356?loknya=%2Fhomepages%2F46%2Fd94061663%2Fhtdocs%2Fclickandbuilds%2FAlexanderFrangenheim%2Fwp-includes%2Fstyle-engine HTTP/1.1" 429 267 frangenheim.de "-" "Mozilla/5.0 AppleWebKit/537.36 (KHTML, like Gecko; compatible; ClaudeBot/1.0; +claudebot@anthropic.com)" "-"
81.167.26.0 - - [21/Jun/2026:00:20:52 +0200] "GET /index.php?lokasie=/homepages/44/d171065286/.created&loknya=/homepages/44/d171065286 HTTP/1.1" 200 4079 frangenheim.de "-" "Mozilla/5.0 (compatible; MJ12bot/v1.4.8; http://mj12bot.com/)" "-"
216.73.216.0 - - [21/Jun/2026:00:20:55 +0200] "GET /entity/014119139773?loknya=%2Fhomepages%2F46%2Fd94061663%2Fhtdocs%2Fclickandbuilds HTTP/1.1" 200 9256 frangenheim.de "-" "Mozilla/5.0 AppleWebKit/537.36 (KHTML, like Gecko; compatible; ClaudeBot/1.0; +claudebot@anthropic.com)" "-"
66.249.68.0 - - [21/Jun/2026:00:20:55 +0200] "GET /product/801772142733 HTTP/1.1" 200 199212 frangenheim.de "-" "Mozilla/5.0 (Linux; Android 6.0.1; Nexus 5X Build/MMB29P) AppleWebKit/537.36 (KHTML, like Gecko) Chrome/148.0.7778.96 Mobile Safari/537.36 (compatible; GoogleOther)" "-"
81.167.26.0 - - [21/Jun/2026:00:20:57 +0200] "GET /index.php?lokasie=/homepages/44/d171065286/.htaccessold&loknya=/homepages/44/d171065286 HTTP/1.1" 200 4072 frangenheim.de "-" "Mozilla/5.0 (compatible; MJ12bot/v1.4.8; http://mj12bot.com/)" "-"
74.7.241.0 - - [21/Jun/2026:00:20:57 +0200] "GET /?loknya=/homepages/34/d171193492 HTTP/1.1" 200 17636 frangenheim.de "http://frangenheim.de/?loknya=/homepages/34" "Mozilla/5.0 AppleWebKit/537.36 (KHTML, like Gecko; compatible; GPTBot/1.4; +https://openai.com/gptbot)" "-"
216.73.216.0 - - [21/Jun/2026:00:20:58 +0200] "GET /entity/013093934089?loknya=%2Fhomepages%2F46%2Fd94061663%2Fhtdocs%2Fclickandbuilds%2F HTTP/1.1" 200 9266 frangenheim.de "-" "Mozilla/5.0 AppleWebKit/537.36 (KHTML, like Gecko; compatible; ClaudeBot/1.0; +claudebot@anthropic.com)" "-"
81.167.26.0 - - [21/Jun/2026:00:21:01 +0200] "GET /index.php?lokasie=/homepages/44/d171065286/DASTOOLSTART&loknya=/homepages/44/d171065286 HTTP/1.1" 429 267 frangenheim.de "-" "Mozilla/5.0 (compatible; MJ12bot/v1.4.8; http://mj12bot.com/)" "-"
216.73.216.0 - - [21/Jun/2026:00:21:01 +0200] "GET /entity/01915115185?lokasie=%2Fhomepages%2F46%2Fd94061663%2Fhtdocs%2Fmenue.html&loknya=%2Fhomepages%2F46%2Fd94061663%2Fhtdocs HTTP/1.1" 200 6431 frangenheim.de "-" "Mozilla/5.0 AppleWebKit/537.36 (KHTML, like Gecko; compatible; ClaudeBot/1.0; +claudebot@anthropic.com)" "-"
216.73.216.0 - - [21/Jun/2026:00:21:04 +0200] "GET /entity/01634149233?lokasie=%2Fhomepages%2F46%2Fd94061663%2Fhtdocs%2Fclickandbuilds%2FAlexanderFrangenheim%2Fwp-includes%2Fclass-wpdb.php&loknya=%2Fhomepages%2F46%2Fd94061663%2Fhtdocs%2Fclickandbuilds%2FAlexanderFrangenheim%2Fwp-includes HTTP/1.1" 200 127110 frangenheim.de "-" "Mozilla/5.0 AppleWebKit/537.36 (KHTML, like Gecko; compatible; ClaudeBot/1.0; +claudebot@anthropic.com)" "-"
81.167.26.0 - - [21/Jun/2026:00:21:05 +0200] "GET /index.php?lokasie=/homepages/44/d171065286/htaccesslist&loknya=/homepages/44/d171065286 HTTP/1.1" 429 267 frangenheim.de "-" "Mozilla/5.0 (compatible; MJ12bot/v1.4.8; http://mj12bot.com/)" "-"
216.73.216.0 - - [21/Jun/2026:00:21:07 +0200] "GET /goodscode/011010894850?loknya=%2Fhomepages%2F46%2Fd94061663%2Fhtdocs%2Fclickandbuilds%2FAlexanderFrangenheim%2Fwp-admin%2Fuser HTTP/1.1" 200 23361 frangenheim.de "-" "Mozilla/5.0 AppleWebKit/537.36 (KHTML, like Gecko; compatible; ClaudeBot/1.0; +claudebot@anthropic.com)" "-"
81.167.26.0 - - [21/Jun/2026:00:21:08 +0200] "GET /index.php?lokasie=/homepages/44/d171065286/htpasswd&loknya=/homepages/44/d171065286 HTTP/1.1" 429 267 frangenheim.de "-" "Mozilla/5.0 (compatible; MJ12bot/v1.4.8; http://mj12bot.com/)" "-"
66.249.68.0 - - [21/Jun/2026:00:21:09 +0200] "GET /detail/752880195949 HTTP/1.1" 200 198908 frangenheim.de "-" "Mozilla/5.0 (Linux; Android 6.0.1; Nexus 5X Build/MMB29P) AppleWebKit/537.36 (KHTML, like Gecko) Chrome/148.0.7778.96 Mobile Safari/537.36 (compatible; GoogleOther)" "-"
216.73.216.0 - - [21/Jun/2026:00:21:10 +0200] "GET /entity/011030718331?loknya=%2Fhomepages%2F46%2Fd94061663%2Fhtdocs%2Fclickandbuilds%2FAlexanderFrangenheim%2Fwp-admin HTTP/1.1" 200 165663 frangenheim.de "-" "Mozilla/5.0 AppleWebKit/537.36 (KHTML, like Gecko; compatible; ClaudeBot/1.0; +claudebot@anthropic.com)" "-"
81.167.26.0 - - [21/Jun/2026:00:21:12 +0200] "GET /index.php?lokasie=/homepages/44/d171065286/httpd.conf&loknya=/homepages/44/d171065286 HTTP/1.1" 429 267 frangenheim.de "-" "Mozilla/5.0 (compatible; MJ12bot/v1.4.8; http://mj12bot.com/)" "-"
100.28.133.0 - - [21/Jun/2026:00:21:12 +0200] "GET /?loknya=/homepages/46/d94061663/htdocs/clickandbuilds/AlexanderFrangenheim/wp-content/ngg HTTP/1.1" 200 7421 www.frangenheim.de "-" "Mozilla/5.0 AppleWebKit/537.36 (KHTML, like Gecko; compatible; Amazonbot/0.1; +https://developer.amazon.com/support/amazonbot) Chrome/119.0.6045.214 Safari/537.36" "-"
