74.7.241.0 - - [21/Jun/2026:03:20:43 +0200] "GET /?lokasie=/homepages/34/d171266906/phpinilist&loknya=/homepages/34/d171266906 HTTP/1.1" 429 267 frangenheim.de "http://frangenheim.de/?loknya=/homepages/34/d171266906" "Mozilla/5.0 AppleWebKit/537.36 (KHTML, like Gecko; compatible; GPTBot/1.4; +https://openai.com/gptbot)" "-"
216.73.216.0 - - [21/Jun/2026:03:20:44 +0200] "GET /entity/012844528156?lokasie=%2Fhomepages%2F46%2Fd94061663%2Fhtdocs%2Fclickandbuilds%2FAlexanderFrangenheim%2Fwp-includes%2Fscript-loader.php&loknya=%2Fhomepages%2F46%2Fd94061663%2Fhtdocs%2Fclickandbuilds%2FAlexanderFrangenheim%2Fwp-includes HTTP/1.1" 429 267 frangenheim.de "-" "Mozilla/5.0 AppleWebKit/537.36 (KHTML, like Gecko; compatible; ClaudeBot/1.0; +claudebot@anthropic.com)" "-"
216.73.216.0 - - [21/Jun/2026:03:20:51 +0200] "GET /items/014004491156?loknya=%2Fhomepages%2F46%2Fd94061663%2Fhtdocs HTTP/1.1" 200 31074 frangenheim.de "-" "Mozilla/5.0 AppleWebKit/537.36 (KHTML, like Gecko; compatible; ClaudeBot/1.0; +claudebot@anthropic.com)" "-"
216.73.216.0 - - [21/Jun/2026:03:20:53 +0200] "GET /goodscode/012348921151?loknya=%2Fhomepages%2F46%2Fd94061663%2Fhtdocs HTTP/1.1" 200 31074 frangenheim.de "-" "Mozilla/5.0 AppleWebKit/537.36 (KHTML, like Gecko; compatible; ClaudeBot/1.0; +claudebot@anthropic.com)" "-"
216.73.216.0 - - [21/Jun/2026:03:20:57 +0200] "GET /entity/013423206680?lokasie=%2Fhomepages%2F46%2Fd94061663%2Fhtdocs%2Fclickandbuilds%2FAlexanderFrangenheim%2Fwp-includes%2Fclass.wp-scripts.php&loknya=%2Fhomepages%2F46%2Fd94061663%2Fhtdocs%2Fclickandbuilds%2FAlexanderFrangenheim%2Fwp-includes HTTP/1.1" 200 4848 frangenheim.de "-" "Mozilla/5.0 AppleWebKit/537.36 (KHTML, like Gecko; compatible; ClaudeBot/1.0; +claudebot@anthropic.com)" "-"
216.73.216.0 - - [21/Jun/2026:03:21:01 +0200] "GET /goodscode/013911809200?loknya=%2Fhomepages%2F46%2Fd94061663%2Fhtdocs%2Fclickandbuilds%2FAlexanderFrangenheim%2Fwp-includes%2FText HTTP/1.1" 200 11895 frangenheim.de "-" "Mozilla/5.0 AppleWebKit/537.36 (KHTML, like Gecko; compatible; ClaudeBot/1.0; +claudebot@anthropic.com)" "-"
216.73.216.0 - - [21/Jun/2026:03:21:05 +0200] "GET /entity/013846995384?lokasie=%2Fhomepages%2F46%2Fd94061663%2Fhtdocs%2Fclickandbuilds%2FAlexanderFrangenheim%2Fwp-includes%2Fclass-wp-scripts.php&loknya=%2Fhomepages%2F46%2Fd94061663%2Fhtdocs%2Fclickandbuilds%2FAlexanderFrangenheim%2Fwp-includes HTTP/1.1" 200 24606 frangenheim.de "-" "Mozilla/5.0 AppleWebKit/537.36 (KHTML, like Gecko; compatible; ClaudeBot/1.0; +claudebot@anthropic.com)" "-"
216.73.216.0 - - [21/Jun/2026:03:21:09 +0200] "GET /info/012055186565?loknya=%2Fhomepages%2F46%2Fd94061663%2Fhtdocs HTTP/1.1" 200 31074 frangenheim.de "-" "Mozilla/5.0 AppleWebKit/537.36 (KHTML, like Gecko; compatible; ClaudeBot/1.0; +claudebot@anthropic.com)" "-"
216.73.216.0 - - [21/Jun/2026:03:21:13 +0200] "GET /items/012660194652?loknya=%2Fhomepages%2F46%2Fd94061663%2Fhtdocs%2Fclickandbuilds%2FAlexanderFrangenheim%2Fwp-includes%2FText HTTP/1.1" 200 11895 frangenheim.de "-" "Mozilla/5.0 AppleWebKit/537.36 (KHTML, like Gecko; compatible; ClaudeBot/1.0; +claudebot@anthropic.com)" "-"
216.73.216.0 - - [21/Jun/2026:03:21:17 +0200] "GET /items/013512862385?loknya=%2Fhomepages%2F46%2Fd94061663%2Fhtdocs HTTP/1.1" 200 31074 frangenheim.de "-" "Mozilla/5.0 AppleWebKit/537.36 (KHTML, like Gecko; compatible; ClaudeBot/1.0; +claudebot@anthropic.com)" "-"
51.195.215.0 - - [21/Jun/2026:03:21:21 +0200] "GET /shopping/012088401564 HTTP/1.1" 200 42264 frangenheim.de "-" "Mozilla/5.0 (compatible; AhrefsBot/7.0; +http://ahrefs.com/robot/)" "-"
66.249.68.0 - - [21/Jun/2026:03:21:25 +0200] "GET /detail/75747402694 HTTP/1.1" 200 198770 frangenheim.de "-" "Mozilla/5.0 (Linux; Android 6.0.1; Nexus 5X Build/MMB29P) AppleWebKit/537.36 (KHTML, like Gecko) Chrome/148.0.7778.96 Mobile Safari/537.36 (compatible; GoogleOther)" "-"
216.73.216.0 - - [21/Jun/2026:03:21:29 +0200] "GET /goodscode/012256708593?loknya=%2F HTTP/1.1" 200 29688 frangenheim.de "-" "Mozilla/5.0 AppleWebKit/537.36 (KHTML, like Gecko; compatible; ClaudeBot/1.0; +claudebot@anthropic.com)" "-"
74.7.241.0 - - [21/Jun/2026:03:21:34 +0200] "GET /?lokasie=/homepages/31/d171256798/phpinilist&loknya=/homepages/31/d171256798 HTTP/1.1" 200 4069 frangenheim.de "http://frangenheim.de/?loknya=/homepages/31/d171256798" "Mozilla/5.0 AppleWebKit/537.36 (KHTML, like Gecko; compatible; GPTBot/1.4; +https://openai.com/gptbot)" "-"
216.73.216.0 - - [21/Jun/2026:03:21:35 +0200] "GET /goodscode/01314930832?loknya=%2F HTTP/1.1" 200 29688 frangenheim.de "-" "Mozilla/5.0 AppleWebKit/537.36 (KHTML, like Gecko; compatible; ClaudeBot/1.0; +claudebot@anthropic.com)" "-"
216.73.216.0 - - [21/Jun/2026:03:21:39 +0200] "GET /items/01583918964?lokasie=%2Fbin%2Fphp7.4-cli&loknya=%2Fbin HTTP/1.1" 200 3943 frangenheim.de "-" "Mozilla/5.0 AppleWebKit/537.36 (KHTML, like Gecko; compatible; ClaudeBot/1.0; +claudebot@anthropic.com)" "-"
216.73.216.0 - - [21/Jun/2026:03:21:43 +0200] "GET /goodscode/011875202881?lokasie=%2Fhomepages%2F46%2Fd94061663%2Fhtdocs%2Fclickandbuilds%2FAlexanderFrangenheim%2Fwp-includes%2Fclass-wp-error.php&loknya=%2Fhomepages%2F46%2Fd94061663%2Fhtdocs%2Fclickandbuilds%2FAlexanderFrangenheim%2Fwp-includes HTTP/1.1" 200 12107 frangenheim.de "-" "Mozilla/5.0 AppleWebKit/537.36 (KHTML, like Gecko; compatible; ClaudeBot/1.0; +claudebot@anthropic.com)" "-"
216.73.216.0 - - [21/Jun/2026:03:21:47 +0200] "GET /entity/012844528156?loknya=%2Fhomepages%2F46%2Fd94061663%2Fhtdocs%2Fclickandbuilds%2FAlexanderFrangenheim%2Fwp-includes%2FRequests HTTP/1.1" 200 10019 frangenheim.de "-" "Mozilla/5.0 AppleWebKit/537.36 (KHTML, like Gecko; compatible; ClaudeBot/1.0; +claudebot@anthropic.com)" "-"
216.73.216.0 - - [21/Jun/2026:03:21:51 +0200] "GET /goodscode/014098376711?lokasie=%2Fhomepages%2F46%2Fd94061663%2Fhtdocs%2Fclickandbuilds%2FAlexanderFrangenheim%2Fwp-admin%2Fload-scripts.php&loknya=%2Fhomepages%2F46%2Fd94061663%2Fhtdocs%2Fclickandbuilds%2FAlexanderFrangenheim%2Fwp-admin HTTP/1.1" 200 6259 frangenheim.de "-" "Mozilla/5.0 AppleWebKit/537.36 (KHTML, like Gecko; compatible; ClaudeBot/1.0; +claudebot@anthropic.com)" "-"
216.73.216.0 - - [21/Jun/2026:03:21:56 +0200] "GET /goodscode/014063059487?lokasie=%2Fhomepages%2F46%2Fd94061663%2Fhtdocs%2Fclickandbuilds%2FAlexanderFrangenheim%2Fwp-includes%2FSimplePie%2FIRI.php&loknya=%2Fhomepages%2F46%2Fd94061663%2Fhtdocs%2Fclickandbuilds%2FAlexanderFrangenheim%2Fwp-includes%2FSimplePie HTTP/1.1" 200 34807 frangenheim.de "-" "Mozilla/5.0 AppleWebKit/537.36 (KHTML, like Gecko; compatible; ClaudeBot/1.0; +claudebot@anthropic.com)" "-"
216.73.216.0 - - [21/Jun/2026:03:21:59 +0200] "GET /items/0160930010?loknya=%2Fhomepages%2F46%2Fd94061663%2Fhtdocs%2Fclickandbuilds%2FAlexanderFrangenheim%2Fwp-admin HTTP/1.1" 200 165663 frangenheim.de "-" "Mozilla/5.0 AppleWebKit/537.36 (KHTML, like Gecko; compatible; ClaudeBot/1.0; +claudebot@anthropic.com)" "-"
216.73.216.0 - - [21/Jun/2026:03:22:03 +0200] "GET /entity/01428582583?loknya=%2Fhomepages%2F46%2Fd94061663%2Fhtdocs%2Fclickandbuilds%2F HTTP/1.1" 200 9266 frangenheim.de "-" "Mozilla/5.0 AppleWebKit/537.36 (KHTML, like Gecko; compatible; ClaudeBot/1.0; +claudebot@anthropic.com)" "-"
66.249.68.0 - - [21/Jun/2026:03:22:03 +0200] "GET /detail/691667333677 HTTP/1.1" 200 200685 frangenheim.de "-" "Mozilla/5.0 (Linux; Android 6.0.1; Nexus 5X Build/MMB29P) AppleWebKit/537.36 (KHTML, like Gecko) Chrome/148.0.7778.96 Mobile Safari/537.36 (compatible; GoogleOther)" "-"
216.73.216.0 - - [21/Jun/2026:03:22:07 +0200] "GET /entity/01837215955?lokasie=%2Fhomepages%2F46%2Fd94061663%2Fhtdocs%2Fclickandbuilds%2FAlexanderFrangenheim%2Fwp-includes%2Fclass-wp-walker.php&loknya=%2Fhomepages%2F46%2Fd94061663%2Fhtdocs%2Fclickandbuilds%2FAlexanderFrangenheim%2Fwp-includes HTTP/1.1" 200 17905 frangenheim.de "-" "Mozilla/5.0 AppleWebKit/537.36 (KHTML, like Gecko; compatible; ClaudeBot/1.0; +claudebot@anthropic.com)" "-"
216.73.216.0 - - [21/Jun/2026:03:22:11 +0200] "GET /items/013395329092?loknya=%2Fhomepages%2F46%2Fd94061663%2Fhtdocs%2Fclickandbuilds%2F HTTP/1.1" 200 9266 frangenheim.de "-" "Mozilla/5.0 AppleWebKit/537.36 (KHTML, like Gecko; compatible; ClaudeBot/1.0; +claudebot@anthropic.com)" "-"
216.73.216.0 - - [21/Jun/2026:03:22:15 +0200] "GET /info/013304867657?loknya=%2Fhomepages%2F46%2Fd94061663%2Fhtdocs%2Fclickandbuilds HTTP/1.1" 200 9256 frangenheim.de "-" "Mozilla/5.0 AppleWebKit/537.36 (KHTML, like Gecko; compatible; ClaudeBot/1.0; +claudebot@anthropic.com)" "-"
216.73.216.0 - - [21/Jun/2026:03:22:19 +0200] "GET /special/011853910171?loknya=%2Fhomepages%2F46%2Fd94061663%2Fhtdocs HTTP/1.1" 429 267 frangenheim.de "-" "Mozilla/5.0 AppleWebKit/537.36 (KHTML, like Gecko; compatible; ClaudeBot/1.0; +claudebot@anthropic.com)" "-"
216.73.216.0 - - [21/Jun/2026:03:22:26 +0200] "GET /entity/011172811778?lokasie=%2Fhomepages%2F46%2Fd94061663%2Fhtdocs%2Fclickandbuilds%2FAlexanderFrangenheim%2Fwp-includes%2Fclass-wp.php&loknya=%2Fhomepages%2F46%2Fd94061663%2Fhtdocs%2Fclickandbuilds%2FAlexanderFrangenheim%2Fwp-includes HTTP/1.1" 429 267 frangenheim.de "-" "Mozilla/5.0 AppleWebKit/537.36 (KHTML, like Gecko; compatible; ClaudeBot/1.0; +claudebot@anthropic.com)" "-"
66.249.68.0 - - [21/Jun/2026:03:22:26 +0200] "GET /detail/69946731465 HTTP/1.1" 200 199658 frangenheim.de "-" "Mozilla/5.0 (Linux; Android 6.0.1; Nexus 5X Build/MMB29P) AppleWebKit/537.36 (KHTML, like Gecko) Chrome/148.0.7778.96 Mobile Safari/537.36 (compatible; GoogleOther)" "-"
216.73.216.0 - - [21/Jun/2026:03:22:28 +0200] "GET /entity/014285323622?loknya=%2Fhomepages%2F46%2Fd94061663%2Fhtdocs%2Fclickandbuilds HTTP/1.1" 429 267 frangenheim.de "-" "Mozilla/5.0 AppleWebKit/537.36 (KHTML, like Gecko; compatible; ClaudeBot/1.0; +claudebot@anthropic.com)" "-"
216.73.216.0 - - [21/Jun/2026:03:22:33 +0200] "GET /detail/011564832751 HTTP/1.1" 429 267 frangenheim.de "-" "Mozilla/5.0 AppleWebKit/537.36 (KHTML, like Gecko; compatible; ClaudeBot/1.0; +claudebot@anthropic.com)" "-"
74.7.241.0 - - [21/Jun/2026:03:22:36 +0200] "GET /?lokasie=/homepages/32/d171190858/phpinilist&loknya=/homepages/32/d171190858 HTTP/1.1" 429 267 frangenheim.de "http://frangenheim.de/?loknya=/homepages/32/d171190858" "Mozilla/5.0 AppleWebKit/537.36 (KHTML, like Gecko; compatible; GPTBot/1.4; +https://openai.com/gptbot)" "-"
216.73.216.0 - - [21/Jun/2026:03:22:38 +0200] "GET /info/014074511370?loknya=%2Fhomepages%2F46%2Fd94061663%2Fhtdocs%2Fclickandbuilds%2FAlexanderFrangenheim%2Fwp-includes%2Fcustomize HTTP/1.1" 429 267 frangenheim.de "-" "Mozilla/5.0 AppleWebKit/537.36 (KHTML, like Gecko; compatible; ClaudeBot/1.0; +claudebot@anthropic.com)" "-"
66.249.68.0 - - [21/Jun/2026:03:22:42 +0200] "GET /detail/702903511206 HTTP/1.1" 200 199530 frangenheim.de "-" "Mozilla/5.0 (Linux; Android 6.0.1; Nexus 5X Build/MMB29P) AppleWebKit/537.36 (KHTML, like Gecko) Chrome/148.0.7778.96 Mobile Safari/537.36 (compatible; Googlebot/2.1; +http://www.google.com/bot.html)" "-"
216.73.216.0 - - [21/Jun/2026:03:22:43 +0200] "GET /entity/012095715225?loknya=%2Fhomepages%2F46%2Fd94061663%2Fhtdocs%2Fdeutsch%2Fstudioboerne HTTP/1.1" 429 267 frangenheim.de "-" "Mozilla/5.0 AppleWebKit/537.36 (KHTML, like Gecko; compatible; ClaudeBot/1.0; +claudebot@anthropic.com)" "-"
54.38.147.0 - - [21/Jun/2026:03:22:44 +0200] "GET /shopping/011965017700 HTTP/1.1" 200 42264 frangenheim.de "-" "Mozilla/5.0 (compatible; AhrefsBot/7.0; +http://ahrefs.com/robot/)" "-"
66.249.68.0 - - [21/Jun/2026:03:22:47 +0200] "GET /detail/02201389657 HTTP/1.1" 200 198000 frangenheim.de "-" "Mozilla/5.0 (Linux; Android 6.0.1; Nexus 5X Build/MMB29P) AppleWebKit/537.36 (KHTML, like Gecko) Chrome/148.0.7778.96 Mobile Safari/537.36 (compatible; Googlebot/2.1; +http://www.google.com/bot.html)" "-"
216.73.216.0 - - [21/Jun/2026:03:22:49 +0200] "GET /info/013190878889?loknya=%2Fhomepages%2F46%2Fd94061663%2Fhtdocs%2Fclickandbuilds%2FAlexanderFrangenheim%2Fwp-admin HTTP/1.1" 429 267 frangenheim.de "-" "Mozilla/5.0 AppleWebKit/537.36 (KHTML, like Gecko; compatible; ClaudeBot/1.0; +claudebot@anthropic.com)" "-"
66.249.68.0 - - [21/Jun/2026:03:22:50 +0200] "GET /info/741978869390 HTTP/1.1" 200 198225 frangenheim.de "-" "Mozilla/5.0 (Linux; Android 6.0.1; Nexus 5X Build/MMB29P) AppleWebKit/537.36 (KHTML, like Gecko) Chrome/148.0.7778.96 Mobile Safari/537.36 (compatible; GoogleOther)" "-"
216.73.216.0 - - [21/Jun/2026:03:22:54 +0200] "GET /info/013304867657?loknya=%2F HTTP/1.1" 429 267 frangenheim.de "-" "Mozilla/5.0 AppleWebKit/537.36 (KHTML, like Gecko; compatible; ClaudeBot/1.0; +claudebot@anthropic.com)" "-"
216.73.216.0 - - [21/Jun/2026:03:22:59 +0200] "GET /entity/01837215955?lokasie=%2Fhomepages%2F46%2Fd94061663%2Fhtdocs%2Fclickandbuilds%2FAlexanderFrangenheim%2Fwp-includes%2F%2Fclass-phpass.php&loknya=%2Fhomepages%2F46%2Fd94061663%2Fhtdocs%2Fclickandbuilds%2FAlexanderFrangenheim%2Fwp-includes%2F HTTP/1.1" 429 267 frangenheim.de "-" "Mozilla/5.0 AppleWebKit/537.36 (KHTML, like Gecko; compatible; ClaudeBot/1.0; +claudebot@anthropic.com)" "-"
216.73.216.0 - - [21/Jun/2026:03:23:03 +0200] "GET /entity/01567303672?loknya=%2Fhomepages%2F46%2Fd94061663%2Fhtdocs%2Fclickandbuilds%2FAlexanderFrangenheim%2Fwp-includes HTTP/1.1" 429 267 frangenheim.de "-" "Mozilla/5.0 AppleWebKit/537.36 (KHTML, like Gecko; compatible; ClaudeBot/1.0; +claudebot@anthropic.com)" "-"
66.249.68.0 - - [21/Jun/2026:03:23:06 +0200] "GET /detail/694089499596 HTTP/1.1" 200 196246 frangenheim.de "-" "Mozilla/5.0 (Linux; Android 6.0.1; Nexus 5X Build/MMB29P) AppleWebKit/537.36 (KHTML, like Gecko) Chrome/148.0.7778.96 Mobile Safari/537.36 (compatible; GoogleOther)" "-"
216.73.216.0 - - [21/Jun/2026:03:23:08 +0200] "GET /entity/01121990142?loknya=%2Fhomepages%2F46%2Fd94061663%2Fhtdocs%2Fclickandbuilds HTTP/1.1" 429 267 frangenheim.de "-" "Mozilla/5.0 AppleWebKit/537.36 (KHTML, like Gecko; compatible; ClaudeBot/1.0; +claudebot@anthropic.com)" "-"
216.73.216.0 - - [21/Jun/2026:03:23:14 +0200] "GET /entity/014265798318?lokasie=%2Fhomepages%2F46%2Fd94061663%2Fhtdocs%2Fclickandbuilds%2FAlexanderFrangenheim%2Fwp-includes%2Fclass-wp-error.php&loknya=%2Fhomepages%2F46%2Fd94061663%2Fhtdocs%2Fclickandbuilds%2FAlexanderFrangenheim%2Fwp-includes HTTP/1.1" 429 267 frangenheim.de "-" "Mozilla/5.0 AppleWebKit/537.36 (KHTML, like Gecko; compatible; ClaudeBot/1.0; +claudebot@anthropic.com)" "-"
216.73.216.0 - - [21/Jun/2026:03:23:18 +0200] "GET /goodscode/011529220829?loknya=%2Fhomepages%2F46%2Fd94061663%2Fhtdocs%2Fclickandbuilds%2FAlexanderFrangenheim%2Fwp-includes%2Fstyle-engine HTTP/1.1" 429 267 frangenheim.de "-" "Mozilla/5.0 AppleWebKit/537.36 (KHTML, like Gecko; compatible; ClaudeBot/1.0; +claudebot@anthropic.com)" "-"
45.227.253.0 - - [21/Jun/2026:03:23:19 +0200] "GET /index.php/jk HTTP/1.1" 200 43 frangenheim.de "-" "Mozilla/5.0 (Macintosh; Intel Mac OS X 10.12; rv:103.0) Gecko/20100101 Firefox/103.0" "-"
216.73.216.0 - - [21/Jun/2026:03:23:23 +0200] "GET /entity/012301376260?lokasie=%2Fhomepages%2F46%2Fd94061663%2Fhtdocs%2Fclickandbuilds%2FAlexanderFrangenheim%2Fwp-includes%2Fclass-wp-editor.php&loknya=%2Fhomepages%2F46%2Fd94061663%2Fhtdocs%2Fclickandbuilds%2FAlexanderFrangenheim%2Fwp-includes HTTP/1.1" 200 79986 frangenheim.de "-" "Mozilla/5.0 AppleWebKit/537.36 (KHTML, like Gecko; compatible; ClaudeBot/1.0; +claudebot@anthropic.com)" "-"
216.73.216.0 - - [21/Jun/2026:03:23:28 +0200] "GET /entity/012138041595?lokasie=%2Ftmp%2Fpope_cache&loknya=%2Ftmp HTTP/1.1" 200 3945 frangenheim.de "-" "Mozilla/5.0 AppleWebKit/537.36 (KHTML, like Gecko; compatible; ClaudeBot/1.0; +claudebot@anthropic.com)" "-"
74.7.241.0 - - [21/Jun/2026:03:23:30 +0200] "GET /?lokasie=/homepages/43/d171108995/phpinilist&loknya=/homepages/43/d171108995 HTTP/1.1" 200 4069 frangenheim.de "http://frangenheim.de/?loknya=/homepages/43/d171108995" "Mozilla/5.0 AppleWebKit/537.36 (KHTML, like Gecko; compatible; GPTBot/1.4; +https://openai.com/gptbot)" "-"
216.73.216.0 - - [21/Jun/2026:03:23:33 +0200] "GET /goodscode/01445414404?loknya=%2F HTTP/1.1" 200 29688 frangenheim.de "-" "Mozilla/5.0 AppleWebKit/537.36 (KHTML, like Gecko; compatible; ClaudeBot/1.0; +claudebot@anthropic.com)" "-"
66.249.68.0 - - [21/Jun/2026:03:23:34 +0200] "GET /detail/06932019802 HTTP/1.1" 200 202193 frangenheim.de "-" "Mozilla/5.0 (Linux; Android 6.0.1; Nexus 5X Build/MMB29P) AppleWebKit/537.36 (KHTML, like Gecko) Chrome/148.0.7778.96 Mobile Safari/537.36 (compatible; GoogleOther)" "-"
216.73.216.0 - - [21/Jun/2026:03:23:42 +0200] "GET /goodscode/01623330722?loknya=%2Fhomepages%2F46%2Fd94061663%2Fhtdocs%2Fclickandbuilds HTTP/1.1" 200 9256 frangenheim.de "-" "Mozilla/5.0 AppleWebKit/537.36 (KHTML, like Gecko; compatible; ClaudeBot/1.0; +claudebot@anthropic.com)" "-"
216.73.216.0 - - [21/Jun/2026:03:23:44 +0200] "GET /info/01565398266?loknya=%2Fboot HTTP/1.1" 200 5012 frangenheim.de "-" "Mozilla/5.0 AppleWebKit/537.36 (KHTML, like Gecko; compatible; ClaudeBot/1.0; +claudebot@anthropic.com)" "-"
216.73.216.0 - - [21/Jun/2026:03:23:49 +0200] "GET /entity/01855737859?loknya=%2Fhomepages%2F46%2Fd94061663%2Fhtdocs%2Fclickandbuilds%2FAlexanderFrangenheim%2Fwp-includes HTTP/1.1" 200 406106 frangenheim.de "-" "Mozilla/5.0 AppleWebKit/537.36 (KHTML, like Gecko; compatible; ClaudeBot/1.0; +claudebot@anthropic.com)" "-"
66.249.68.0 - - [21/Jun/2026:03:23:51 +0200] "GET /detail/693993759399 HTTP/1.1" 200 200660 frangenheim.de "-" "Mozilla/5.0 (Linux; Android 6.0.1; Nexus 5X Build/MMB29P) AppleWebKit/537.36 (KHTML, like Gecko) Chrome/148.0.7778.96 Mobile Safari/537.36 (compatible; GoogleOther)" "-"
216.73.216.0 - - [21/Jun/2026:03:23:54 +0200] "GET /shopdetail/01133454308?lokasie=%2Fhomepages%2F46%2Fd94061663%2Fhtdocs%2Fclickandbuilds%2FAlexanderFrangenheim%2Fwp-includes%2Fhttps-detection.php&loknya=%2Fhomepages%2F46%2Fd94061663%2Fhtdocs%2Fclickandbuilds%2FAlexanderFrangenheim%2Fwp-includes HTTP/1.1" 200 11402 frangenheim.de "-" "Mozilla/5.0 AppleWebKit/537.36 (KHTML, like Gecko; compatible; ClaudeBot/1.0; +claudebot@anthropic.com)" "-"
51.195.215.0 - - [21/Jun/2026:03:23:55 +0200] "GET /shopdetail/013306705925 HTTP/1.1" 200 42265 frangenheim.de "-" "Mozilla/5.0 (compatible; AhrefsBot/7.0; +http://ahrefs.com/robot/)" "-"
216.73.216.0 - - [21/Jun/2026:03:23:59 +0200] "GET /goodscode/013553220274?lokasie=%2Fhomepages%2F46%2Fd94061663%2Fhtdocs%2Fclickandbuilds%2FAlexanderFrangenheim%2Fwp-includes%2Fcache.php&loknya=%2Fhomepages%2F46%2Fd94061663%2Fhtdocs%2Fclickandbuilds%2FAlexanderFrangenheim%2Fwp-includes HTTP/1.1" 200 18020 frangenheim.de "-" "Mozilla/5.0 AppleWebKit/537.36 (KHTML, like Gecko; compatible; ClaudeBot/1.0; +claudebot@anthropic.com)" "-"
66.249.68.0 - - [21/Jun/2026:03:24:02 +0200] "GET /detail/853465138790 HTTP/1.1" 200 199439 frangenheim.de "-" "Mozilla/5.0 (Linux; Android 6.0.1; Nexus 5X Build/MMB29P) AppleWebKit/537.36 (KHTML, like Gecko) Chrome/148.0.7778.96 Mobile Safari/537.36 (compatible; Googlebot/2.1; +http://www.google.com/bot.html)" "-"
66.249.68.0 - - [21/Jun/2026:03:24:04 +0200] "GET /info/69932673246 HTTP/1.1" 200 193222 frangenheim.de "-" "Mozilla/5.0 (Linux; Android 6.0.1; Nexus 5X Build/MMB29P) AppleWebKit/537.36 (KHTML, like Gecko) Chrome/148.0.7778.96 Mobile Safari/537.36 (compatible; Googlebot/2.1; +http://www.google.com/bot.html)" "-"
216.73.216.0 - - [21/Jun/2026:03:24:05 +0200] "GET /items/01486896341?lokasie=%2Fhomepages%2F46%2Fd94061663%2Fhtdocs%2Fclickandbuilds%2FAlexanderFrangenheim%2Fwp-admin%2Fplugins.php&loknya=%2Fhomepages%2F46%2Fd94061663%2Fhtdocs%2Fclickandbuilds%2FAlexanderFrangenheim%2Fwp-admin HTTP/1.1" 200 36704 frangenheim.de "-" "Mozilla/5.0 AppleWebKit/537.36 (KHTML, like Gecko; compatible; ClaudeBot/1.0; +claudebot@anthropic.com)" "-"
207.46.13.0 - - [21/Jun/2026:03:24:05 +0200] "GET /info/0147540020 HTTP/1.1" 200 193732 www.frangenheim.de "-" "Mozilla/5.0 AppleWebKit/537.36 (KHTML, like Gecko; compatible; bingbot/2.0; +http://www.bing.com/bingbot.htm) Chrome/116.0.1938.76 Safari/537.36" "-"
52.167.144.0 - - [21/Jun/2026:03:24:09 +0200] "GET /info/01970773429 HTTP/1.1" 200 197155 www.frangenheim.de "-" "Mozilla/5.0 AppleWebKit/537.36 (KHTML, like Gecko; compatible; bingbot/2.0; +http://www.bing.com/bingbot.htm) Chrome/116.0.1938.76 Safari/537.36" "-"
216.73.216.0 - - [21/Jun/2026:03:24:10 +0200] "GET /special/012652743849?loknya=%2Fhomepages%2F46%2Fd94061663%2Fhtdocs HTTP/1.1" 200 31074 frangenheim.de "-" "Mozilla/5.0 AppleWebKit/537.36 (KHTML, like Gecko; compatible; ClaudeBot/1.0; +claudebot@anthropic.com)" "-"
66.249.68.0 - - [21/Jun/2026:03:24:12 +0200] "GET /detail/763124995660 HTTP/1.1" 200 197777 frangenheim.de "-" "Mozilla/5.0 (Linux; Android 6.0.1; Nexus 5X Build/MMB29P) AppleWebKit/537.36 (KHTML, like Gecko) Chrome/148.0.7778.96 Mobile Safari/537.36 (compatible; Googlebot/2.1; +http://www.google.com/bot.html)" "-"
216.73.216.0 - - [21/Jun/2026:03:24:15 +0200] "GET /entity/01707752972?lokasie=%2Fhomepages%2F46%2Fd94061663%2Fhtdocs%2Fclickandbuilds%2FAlexanderFrangenheim%2Fwp-includes%2Fclass-wp-hook.php&loknya=%2Fhomepages%2F46%2Fd94061663%2Fhtdocs%2Fclickandbuilds%2FAlexanderFrangenheim%2Fwp-includes HTTP/1.1" 200 20503 frangenheim.de "-" "Mozilla/5.0 AppleWebKit/537.36 (KHTML, like Gecko; compatible; ClaudeBot/1.0; +claudebot@anthropic.com)" "-"
216.73.216.0 - - [21/Jun/2026:03:24:20 +0200] "GET /items/012385180505?lokasie=%2Fhomepages%2F46%2Fd94061663%2Fhtdocs%2Fclickandbuilds%2FAlexanderFrangenheim%2Fwp-includes%2Fclass-wp-embed.php&loknya=%2Fhomepages%2F46%2Fd94061663%2Fhtdocs%2Fclickandbuilds%2FAlexanderFrangenheim%2Fwp-includes HTTP/1.1" 200 20863 frangenheim.de "-" "Mozilla/5.0 AppleWebKit/537.36 (KHTML, like Gecko; compatible; ClaudeBot/1.0; +claudebot@anthropic.com)" "-"
66.249.68.0 - - [21/Jun/2026:03:24:20 +0200] "GET /detail/68202113177 HTTP/1.1" 200 194097 frangenheim.de "-" "Mozilla/5.0 (Linux; Android 6.0.1; Nexus 5X Build/MMB29P) AppleWebKit/537.36 (KHTML, like Gecko) Chrome/148.0.7778.96 Mobile Safari/537.36 (compatible; GoogleOther)" "-"
216.73.216.0 - - [21/Jun/2026:03:24:26 +0200] "GET /entity/01842015960?lokasie=%2Fhomepages%2F46%2Fd94061663%2Fhtdocs%2Fclickandbuilds%2FAlexanderFrangenheim%2Fwp-admin%2Fms-admin.php&loknya=%2Fhomepages%2F46%2Fd94061663%2Fhtdocs%2Fclickandbuilds%2FAlexanderFrangenheim%2Fwp-admin HTTP/1.1" 200 4684 frangenheim.de "-" "Mozilla/5.0 AppleWebKit/537.36 (KHTML, like Gecko; compatible; ClaudeBot/1.0; +claudebot@anthropic.com)" "-"
216.73.216.0 - - [21/Jun/2026:03:24:31 +0200] "GET /entity/01902066578?loknya=%2Fhomepages%2F46%2Fd94061663%2Fhtdocs%2Fclickandbuilds HTTP/1.1" 200 9256 frangenheim.de "-" "Mozilla/5.0 AppleWebKit/537.36 (KHTML, like Gecko; compatible; ClaudeBot/1.0; +claudebot@anthropic.com)" "-"
74.7.241.0 - - [21/Jun/2026:03:24:34 +0200] "GET /?loknya=/homepages/23/d171258764/htdocs HTTP/1.1" 200 5251 frangenheim.de "http://frangenheim.de/?loknya=/homepages/23/d171258764" "Mozilla/5.0 AppleWebKit/537.36 (KHTML, like Gecko; compatible; GPTBot/1.4; +https://openai.com/gptbot)" "-"
216.73.216.0 - - [21/Jun/2026:03:24:36 +0200] "GET /products/011817315076?lokasie=%2Fhomepages%2F46%2Fd94061663%2Fhtdocs%2Fabout%2Fimprovisation.html&loknya=%2Fhomepages%2F46%2Fd94061663%2Fhtdocs%2Fabout HTTP/1.1" 200 8282 frangenheim.de "-" "Mozilla/5.0 AppleWebKit/537.36 (KHTML, like Gecko; compatible; ClaudeBot/1.0; +claudebot@anthropic.com)" "-"
216.73.216.0 - - [21/Jun/2026:03:24:42 +0200] "GET /market/011747658790 HTTP/1.1" 200 42265 frangenheim.de "-" "Mozilla/5.0 AppleWebKit/537.36 (KHTML, like Gecko; compatible; ClaudeBot/1.0; +claudebot@anthropic.com)" "-"
216.73.216.0 - - [21/Jun/2026:03:24:49 +0200] "GET /goodscode/01434779358?loknya=%2Fhomepages%2F46%2Fd94061663%2Fhtdocs%2Fclickandbuilds%2FAlexanderFrangenheim%2Fwp-includes HTTP/1.1" 200 406106 frangenheim.de "-" "Mozilla/5.0 AppleWebKit/537.36 (KHTML, like Gecko; compatible; ClaudeBot/1.0; +claudebot@anthropic.com)" "-"
179.60.66.0 - - [21/Jun/2026:03:24:52 +0200] "GET /feed/ HTTP/1.1" 500 3474 studioboerne45.de "-" "Mozilla/5.0 (Macintosh; Intel Mac OS X 11_1_0) AppleWebKit/537.36 (KHTML, like Gecko) Brave Chrome/89.0.4389.105 Safari/537.36" "-"
216.73.216.0 - - [21/Jun/2026:03:24:56 +0200] "GET /entity/01837215955?lokasie=%2Fhomepages%2F46%2Fd94061663%2Fhtdocs%2Fclickandbuilds%2FAlexanderFrangenheim%2Fwp-includes%2Fclass-http.php&loknya=%2Fhomepages%2F46%2Fd94061663%2Fhtdocs%2Fclickandbuilds%2FAlexanderFrangenheim%2Fwp-includes HTTP/1.1" 200 4866 frangenheim.de "-" "Mozilla/5.0 AppleWebKit/537.36 (KHTML, like Gecko; compatible; ClaudeBot/1.0; +claudebot@anthropic.com)" "-"
66.249.68.0 - - [21/Jun/2026:03:24:56 +0200] "GET /info/691360848055 HTTP/1.1" 200 200194 frangenheim.de "-" "Mozilla/5.0 (Linux; Android 6.0.1; Nexus 5X Build/MMB29P) AppleWebKit/537.36 (KHTML, like Gecko) Chrome/148.0.7778.96 Mobile Safari/537.36 (compatible; GoogleOther)" "-"
216.73.216.0 - - [21/Jun/2026:03:25:03 +0200] "GET /goodscode/013310090313?lokasie=%2Fhomepages%2F46%2Fd94061663%2Fhtdocs%2Fclickandbuilds%2FAlexanderFrangenheim%2Fwp-includes%2Fcache.php&loknya=%2Fhomepages%2F46%2Fd94061663%2Fhtdocs%2Fclickandbuilds%2FAlexanderFrangenheim%2Fwp-includes HTTP/1.1" 200 18020 frangenheim.de "-" "Mozilla/5.0 AppleWebKit/537.36 (KHTML, like Gecko; compatible; ClaudeBot/1.0; +claudebot@anthropic.com)" "-"
66.249.68.0 - - [21/Jun/2026:03:25:08 +0200] "GET /entity/80367252090 HTTP/1.1" 200 200231 frangenheim.de "-" "Mozilla/5.0 (Linux; Android 6.0.1; Nexus 5X Build/MMB29P) AppleWebKit/537.36 (KHTML, like Gecko) Chrome/148.0.7778.96 Mobile Safari/537.36 (compatible; GoogleOther)" "-"
216.73.216.0 - - [21/Jun/2026:03:25:10 +0200] "GET /entity/012328149720?loknya=%2Fhomepages%2F46%2Fd94061663%2Fhtdocs%2Fclickandbuilds%2FAlexanderFrangenheim%2Fwp-content%2Fplugins%2Fwp-colorbox HTTP/1.1" 200 22269 frangenheim.de "-" "Mozilla/5.0 AppleWebKit/537.36 (KHTML, like Gecko; compatible; ClaudeBot/1.0; +claudebot@anthropic.com)" "-"
216.73.216.0 - - [21/Jun/2026:03:25:14 +0200] "GET /info/013869204859?lokasie=%2Fhomepages%2F46%2Fd94061663%2Fhtdocs%2Fclickandbuilds%2FAlexanderFrangenheim%2Fwp-content%2Fplugins%2Fphp.ini&loknya=%2Fhomepages%2F46%2Fd94061663%2Fhtdocs%2Fclickandbuilds%2FAlexanderFrangenheim%2Fwp-content%2Fplugins HTTP/1.1" 429 267 frangenheim.de "-" "Mozilla/5.0 AppleWebKit/537.36 (KHTML, like Gecko; compatible; ClaudeBot/1.0; +claudebot@anthropic.com)" "-"
216.73.216.0 - - [21/Jun/2026:03:25:22 +0200] "GET /items/012751784492?lokasie=%2Fhomepages%2F46%2Fd94061663%2Fhtdocs%2Fclickandbuilds%2FAlexanderFrangenheim%2Fwp-admin%2Fcss%2Fabout.css&loknya=%2Fhomepages%2F46%2Fd94061663%2Fhtdocs%2Fclickandbuilds%2FAlexanderFrangenheim%2Fwp-admin%2Fcss HTTP/1.1" 429 267 frangenheim.de "-" "Mozilla/5.0 AppleWebKit/537.36 (KHTML, like Gecko; compatible; ClaudeBot/1.0; +claudebot@anthropic.com)" "-"
198.244.183.0 - - [21/Jun/2026:03:25:24 +0200] "GET /shopdetail/012217992469 HTTP/1.1" 200 42266 frangenheim.de "-" "Mozilla/5.0 (compatible; AhrefsBot/7.0; +http://ahrefs.com/robot/)" "-"
66.249.68.0 - - [21/Jun/2026:03:25:27 +0200] "GET /detail/023492086895 HTTP/1.1" 200 198087 frangenheim.de "-" "Mozilla/5.0 (Linux; Android 6.0.1; Nexus 5X Build/MMB29P) AppleWebKit/537.36 (KHTML, like Gecko) Chrome/148.0.7778.96 Mobile Safari/537.36 (compatible; Googlebot/2.1; +http://www.google.com/bot.html)" "-"
216.73.216.0 - - [21/Jun/2026:03:25:28 +0200] "GET /special/012528578748?loknya=%2Fhomepages%2F46%2Fd94061663%2Fhtdocs%2Fabout HTTP/1.1" 429 267 frangenheim.de "-" "Mozilla/5.0 AppleWebKit/537.36 (KHTML, like Gecko; compatible; ClaudeBot/1.0; +claudebot@anthropic.com)" "-"
74.7.241.0 - - [21/Jun/2026:03:25:33 +0200] "GET /?loknya=/homepages/34/d171245850/htdocs HTTP/1.1" 429 267 frangenheim.de "http://frangenheim.de/?loknya=/homepages/34/d171245850" "Mozilla/5.0 AppleWebKit/537.36 (KHTML, like Gecko; compatible; GPTBot/1.4; +https://openai.com/gptbot)" "-"
66.249.68.0 - - [21/Jun/2026:03:25:34 +0200] "GET /shopbrand/661931528875 HTTP/1.1" 200 200401 frangenheim.de "-" "Mozilla/5.0 (Linux; Android 6.0.1; Nexus 5X Build/MMB29P) AppleWebKit/537.36 (KHTML, like Gecko) Chrome/148.0.7778.96 Mobile Safari/537.36 (compatible; Googlebot/2.1; +http://www.google.com/bot.html)" "-"
216.73.216.0 - - [21/Jun/2026:03:25:35 +0200] "GET /goodscode/012037358330?lokasie=%2Fhomepages%2F46%2Fd94061663%2Fhtdocs%2Fclickandbuilds%2Fworksec.php&loknya=%2Fhomepages%2F46%2Fd94061663%2Fhtdocs%2Fclickandbuilds HTTP/1.1" 429 267 frangenheim.de "-" "Mozilla/5.0 AppleWebKit/537.36 (KHTML, like Gecko; compatible; ClaudeBot/1.0; +claudebot@anthropic.com)" "-"
216.73.216.0 - - [21/Jun/2026:03:25:42 +0200] "GET /entity/014230750205?loknya=%2Fhomepages%2F46%2Fd94061663%2Fhtdocs%2Fclickandbuilds%2FAlexanderFrangenheim%2Fwp-includes%2Ftheme-compat HTTP/1.1" 429 267 frangenheim.de "-" "Mozilla/5.0 AppleWebKit/537.36 (KHTML, like Gecko; compatible; ClaudeBot/1.0; +claudebot@anthropic.com)" "-"
66.249.68.0 - - [21/Jun/2026:03:25:46 +0200] "GET /detail/661061805937 HTTP/1.1" 200 199980 frangenheim.de "-" "Mozilla/5.0 (Linux; Android 6.0.1; Nexus 5X Build/MMB29P) AppleWebKit/537.36 (KHTML, like Gecko) Chrome/148.0.7778.96 Mobile Safari/537.36 (compatible; GoogleOther)" "-"
216.73.216.0 - - [21/Jun/2026:03:25:49 +0200] "GET /entity/012724715416?loknya=%2Fhomepages%2F46%2Fd94061663%2Fhtdocs%2Fclickandbuilds%2FAlexanderFrangenheim%2Fwp-includes HTTP/1.1" 429 267 frangenheim.de "-" "Mozilla/5.0 AppleWebKit/537.36 (KHTML, like Gecko; compatible; ClaudeBot/1.0; +claudebot@anthropic.com)" "-"
216.73.216.0 - - [21/Jun/2026:03:25:54 +0200] "GET /entity/012915701979?lokasie=%2Flib%2Fx86_64-linux-gnu%2Flibfcgi++.so.0&loknya=%2Flib%2Fx86_64-linux-gnu HTTP/1.1" 429 267 frangenheim.de "-" "Mozilla/5.0 AppleWebKit/537.36 (KHTML, like Gecko; compatible; ClaudeBot/1.0; +claudebot@anthropic.com)" "-"
216.73.216.0 - - [21/Jun/2026:03:26:01 +0200] "GET /goodscode/011481153871?loknya=%2Fhomepages%2F46%2Fd94061663%2Fhtdocs%2Fclickandbuilds%2F HTTP/1.1" 429 267 frangenheim.de "-" "Mozilla/5.0 AppleWebKit/537.36 (KHTML, like Gecko; compatible; ClaudeBot/1.0; +claudebot@anthropic.com)" "-"
216.73.216.0 - - [21/Jun/2026:03:26:08 +0200] "GET /goodscode/01428076030?loknya=%2Fhomepages%2F46%2Fd94061663%2Fhtdocs%2Fclickandbuilds%2FAlexanderFrangenheim%2Fwp-includes HTTP/1.1" 429 267 frangenheim.de "-" "Mozilla/5.0 AppleWebKit/537.36 (KHTML, like Gecko; compatible; ClaudeBot/1.0; +claudebot@anthropic.com)" "-"
66.249.68.0 - - [21/Jun/2026:03:26:11 +0200] "GET /detail/854148585600 HTTP/1.1" 200 200517 frangenheim.de "-" "Mozilla/5.0 (Linux; Android 6.0.1; Nexus 5X Build/MMB29P) AppleWebKit/537.36 (KHTML, like Gecko) Chrome/148.0.7778.96 Mobile Safari/537.36 (compatible; Googlebot/2.1; +http://www.google.com/bot.html)" "-"
66.249.68.0 - - [21/Jun/2026:03:26:14 +0200] "GET /detail/681550356520 HTTP/1.1" 200 202343 frangenheim.de "-" "Mozilla/5.0 (Linux; Android 6.0.1; Nexus 5X Build/MMB29P) AppleWebKit/537.36 (KHTML, like Gecko) Chrome/148.0.7778.96 Mobile Safari/537.36 (compatible; GoogleOther)" "-"
216.73.216.0 - - [21/Jun/2026:03:26:15 +0200] "GET /item/012620600828?loknya=%2Fhomepages%2F46%2Fd94061663%2Fhtdocs HTTP/1.1" 200 31074 frangenheim.de "-" "Mozilla/5.0 AppleWebKit/537.36 (KHTML, like Gecko; compatible; ClaudeBot/1.0; +claudebot@anthropic.com)" "-"
66.249.68.0 - - [21/Jun/2026:03:26:15 +0200] "GET /market/702605438598 HTTP/1.1" 200 198400 frangenheim.de "-" "Mozilla/5.0 (Linux; Android 6.0.1; Nexus 5X Build/MMB29P) AppleWebKit/537.36 (KHTML, like Gecko) Chrome/148.0.7778.96 Mobile Safari/537.36 (compatible; Googlebot/2.1; +http://www.google.com/bot.html)" "-"
144.172.109.0 - - [21/Jun/2026:03:26:22 +0200] "GET / HTTP/1.1" 200 1516 concepts-of-doing.de "-" "Mozilla/5.0 (Windows NT 10.0; Win64; x64) AppleWebKit/537.36 (KHTML, like Gecko) Chrome/120.0.0.0 Safari/537.36" "-"
216.73.216.0 - - [21/Jun/2026:03:26:22 +0200] "GET /items/012484078957?lokasie=%2Fhomepages%2F46%2Fd94061663%2Fhtdocs%2Fclickandbuilds%2FAlexanderFrangenheim%2Fwp-includes%2Fclass-wp-editor.php&loknya=%2Fhomepages%2F46%2Fd94061663%2Fhtdocs%2Fclickandbuilds%2FAlexanderFrangenheim%2Fwp-includes HTTP/1.1" 200 79986 frangenheim.de "-" "Mozilla/5.0 AppleWebKit/537.36 (KHTML, like Gecko; compatible; ClaudeBot/1.0; +claudebot@anthropic.com)" "-"
74.7.241.0 - - [21/Jun/2026:03:26:26 +0200] "GET /?loknya=/homepages/43/d171258032/htdocs HTTP/1.1" 200 5251 frangenheim.de "http://frangenheim.de/?loknya=/homepages/43/d171258032" "Mozilla/5.0 AppleWebKit/537.36 (KHTML, like Gecko; compatible; GPTBot/1.4; +https://openai.com/gptbot)" "-"
216.73.216.0 - - [21/Jun/2026:03:26:27 +0200] "GET /entity/01546243731?lokasie=%2Fhomepages%2F46%2Fd94061663%2Fhtdocs%2Fclickandbuilds%2FAlexanderFrangenheim%2Fwp-includes%2Fcomment-template.php&loknya=%2Fhomepages%2F46%2Fd94061663%2Fhtdocs%2Fclickandbuilds%2FAlexanderFrangenheim%2Fwp-includes HTTP/1.1" 200 107189 frangenheim.de "-" "Mozilla/5.0 AppleWebKit/537.36 (KHTML, like Gecko; compatible; ClaudeBot/1.0; +claudebot@anthropic.com)" "-"
66.249.68.0 - - [21/Jun/2026:03:26:29 +0200] "GET /detail/663471350103 HTTP/1.1" 200 192348 frangenheim.de "-" "Mozilla/5.0 (Linux; Android 6.0.1; Nexus 5X Build/MMB29P) AppleWebKit/537.36 (KHTML, like Gecko) Chrome/148.0.7778.96 Mobile Safari/537.36 (compatible; GoogleOther)" "-"
216.73.216.0 - - [21/Jun/2026:03:26:34 +0200] "GET /entity/011229093411?loknya=%2Fhomepages%2F46%2Fd94061663%2Fhtdocs%2Fclickandbuilds%2FAlexanderFrangenheim%2Fwp-includes HTTP/1.1" 200 406106 frangenheim.de "-" "Mozilla/5.0 AppleWebKit/537.36 (KHTML, like Gecko; compatible; ClaudeBot/1.0; +claudebot@anthropic.com)" "-"
46.105.38.0 - - [21/Jun/2026:03:26:36 +0200] "GET /robots.txt HTTP/1.1" 200 114 studioboerne45.de "-" "Mozilla/5.0 (compatible; MJ12bot/v2.0.5; http://mj12bot.com/)" "-"
114.119.148.0 - - [21/Jun/2026:03:26:37 +0200] "GET /sitemap.html HTTP/1.1" 200 1332 studioboerne45.de "-" "Mozilla/5.0 (Linux; Android 7.0;) AppleWebKit/537.36 (KHTML, like Gecko) Mobile Safari/537.36 (compatible; PetalBot;+https://webmaster.petalsearch.com/site/petalbot)" "-"
46.105.38.0 - - [21/Jun/2026:03:26:37 +0200] "GET / HTTP/1.1" 200 12396 studioboerne45.de "-" "Mozilla/5.0 (compatible; MJ12bot/v2.0.5; http://mj12bot.com/)" "-"
216.73.216.0 - - [21/Jun/2026:03:26:41 +0200] "GET /items/013324894232?lokasie=%2Fhomepages%2F46%2Fd94061663%2Fhtdocs%2Fclickandbuilds%2FAlexanderFrangenheim%2Fwp-admin%2Ftheme-editor.php&loknya=%2Fhomepages%2F46%2Fd94061663%2Fhtdocs%2Fclickandbuilds%2FAlexanderFrangenheim%2Fwp-admin HTTP/1.1" 200 22434 frangenheim.de "-" "Mozilla/5.0 AppleWebKit/537.36 (KHTML, like Gecko; compatible; ClaudeBot/1.0; +claudebot@anthropic.com)" "-"
51.89.129.0 - - [21/Jun/2026:03:26:47 +0200] "GET /shopdetail/011983361425 HTTP/1.1" 200 42264 frangenheim.de "-" "Mozilla/5.0 (compatible; AhrefsBot/7.0; +http://ahrefs.com/robot/)" "-"
216.73.216.0 - - [21/Jun/2026:03:26:48 +0200] "GET /entity/01837215955?lokasie=%2Fhomepages%2F46%2Fd94061663%2Fhtdocs%2Fclickandbuilds%2FAlexanderFrangenheim%2Fwp-includes%2F%2Frobots-template.php&loknya=%2Fhomepages%2F46%2Fd94061663%2Fhtdocs%2Fclickandbuilds%2FAlexanderFrangenheim%2Fwp-includes%2F HTTP/1.1" 200 9729 frangenheim.de "-" "Mozilla/5.0 AppleWebKit/537.36 (KHTML, like Gecko; compatible; ClaudeBot/1.0; +claudebot@anthropic.com)" "-"
66.249.68.0 - - [21/Jun/2026:03:26:51 +0200] "GET /detail/713878597216 HTTP/1.1" 200 196275 frangenheim.de "-" "Mozilla/5.0 (Linux; Android 6.0.1; Nexus 5X Build/MMB29P) AppleWebKit/537.36 (KHTML, like Gecko) Chrome/148.0.7778.96 Mobile Safari/537.36 (compatible; GoogleOther)" "-"
216.73.216.0 - - [21/Jun/2026:03:26:56 +0200] "GET /entity/012301376260?lokasie=%2Fhomepages%2F46%2Fd94061663%2Fhtdocs%2Fclickandbuilds%2FAlexanderFrangenheim%2Fwp-includes%2Fcache-compat.php&loknya=%2Fhomepages%2F46%2Fd94061663%2Fhtdocs%2Fclickandbuilds%2FAlexanderFrangenheim%2Fwp-includes HTTP/1.1" 200 10479 frangenheim.de "-" "Mozilla/5.0 AppleWebKit/537.36 (KHTML, like Gecko; compatible; ClaudeBot/1.0; +claudebot@anthropic.com)" "-"
216.73.216.0 - - [21/Jun/2026:03:27:00 +0200] "GET /entity/01546243731?lokasie=%2Fhomepages%2F46%2Fd94061663%2Fhtdocs%2Fclickandbuilds%2FAlexanderFrangenheim%2Fwp-includes%2Fclass-simplepie.php&loknya=%2Fhomepages%2F46%2Fd94061663%2Fhtdocs%2Fclickandbuilds%2FAlexanderFrangenheim%2Fwp-includes HTTP/1.1" 200 105849 frangenheim.de "-" "Mozilla/5.0 AppleWebKit/537.36 (KHTML, like Gecko; compatible; ClaudeBot/1.0; +claudebot@anthropic.com)" "-"
37.59.204.0 - - [21/Jun/2026:03:27:05 +0200] "GET /robots.txt HTTP/1.1" 200 114 studioboerne45.de "-" "Mozilla/5.0 (compatible; AhrefsBot/7.0; +http://ahrefs.com/robot/)" "-"
54.37.118.0 - - [21/Jun/2026:03:27:07 +0200] "GET /sitemap.xml HTTP/1.1" 200 496 studioboerne45.de "-" "Mozilla/5.0 (compatible; AhrefsBot/7.0; +http://ahrefs.com/robot/)" "-"
216.73.216.0 - - [21/Jun/2026:03:27:07 +0200] "GET /goodscode/01445414404?loknya=%2Fhomepages%2F46%2Fd94061663%2Fhtdocs%2Fclickandbuilds%2FAlexanderFrangenheim%2Fwp-admin HTTP/1.1" 200 165663 frangenheim.de "-" "Mozilla/5.0 AppleWebKit/537.36 (KHTML, like Gecko; compatible; ClaudeBot/1.0; +claudebot@anthropic.com)" "-"
54.37.118.0 - - [21/Jun/2026:03:27:08 +0200] "GET /sitemap-misc.xml HTTP/1.1" 200 514 studioboerne45.de "-" "Mozilla/5.0 (compatible; AhrefsBot/7.0; +http://ahrefs.com/robot/)" "-"
54.37.118.0 - - [21/Jun/2026:03:27:10 +0200] "GET /sitemap-pt-page-2014-09.xml HTTP/1.1" 200 522 studioboerne45.de "-" "Mozilla/5.0 (compatible; AhrefsBot/7.0; +http://ahrefs.com/robot/)" "-"
66.249.68.0 - - [21/Jun/2026:03:27:10 +0200] "GET /detail/8238216445 HTTP/1.1" 200 192895 frangenheim.de "-" "Mozilla/5.0 (Linux; Android 6.0.1; Nexus 5X Build/MMB29P) AppleWebKit/537.36 (KHTML, like Gecko) Chrome/148.0.7778.96 Mobile Safari/537.36 (compatible; GoogleOther)" "-"
54.37.118.0 - - [21/Jun/2026:03:27:11 +0200] "GET /sitemap-pt-page-2014-08.xml HTTP/1.1" 200 543 studioboerne45.de "-" "Mozilla/5.0 (compatible; AhrefsBot/7.0; +http://ahrefs.com/robot/)" "-"
216.73.216.0 - - [21/Jun/2026:03:27:14 +0200] "GET /item/011295982517?loknya=%2Fhomepages%2F46%2Fd94061663%2Fhtdocs HTTP/1.1" 200 31074 frangenheim.de "-" "Mozilla/5.0 AppleWebKit/537.36 (KHTML, like Gecko; compatible; ClaudeBot/1.0; +claudebot@anthropic.com)" "-"
3.89.170.0 - - [21/Jun/2026:03:27:17 +0200] "GET /?lokasie=/bin/git-upload-pack&loknya=/bin HTTP/1.1" 200 3946 www.frangenheim.de "-" "Mozilla/5.0 AppleWebKit/537.36 (KHTML, like Gecko; compatible; Amazonbot/0.1; +https://developer.amazon.com/support/amazonbot) Chrome/119.0.6045.214 Safari/537.36" "-"
23.23.214.0 - - [21/Jun/2026:03:27:17 +0200] "GET /feed?lokasie=/bin/look&loknya=/bin HTTP/1.1" 200 3936 frangenheim.de "-" "Mozilla/5.0 AppleWebKit/537.36 (KHTML, like Gecko; compatible; Amazonbot/0.1; +https://developer.amazon.com/support/amazonbot) Chrome/119.0.6045.214 Safari/537.36" "-"
66.249.68.0 - - [21/Jun/2026:03:27:18 +0200] "GET /market/653449964932 HTTP/1.1" 200 196356 frangenheim.de "-" "Mozilla/5.0 (Linux; Android 6.0.1; Nexus 5X Build/MMB29P) AppleWebKit/537.36 (KHTML, like Gecko) Chrome/148.0.7778.96 Mobile Safari/537.36 (compatible; GoogleOther)" "-"
98.83.72.0 - - [21/Jun/2026:03:27:20 +0200] "GET /feed?lokasie=/bin/view&loknya=/bin HTTP/1.1" 200 3934 frangenheim.de "-" "Mozilla/5.0 AppleWebKit/537.36 (KHTML, like Gecko; compatible; Amazonbot/0.1; +https://developer.amazon.com/support/amazonbot) Chrome/119.0.6045.214 Safari/537.36" "-"
216.73.216.0 - - [21/Jun/2026:03:27:21 +0200] "GET /entity/013846995384?lokasie=%2Fhomepages%2F46%2Fd94061663%2Fhtdocs%2Fclickandbuilds%2FAlexanderFrangenheim%2Fwp-includes%2Frss-functions.php&loknya=%2Fhomepages%2F46%2Fd94061663%2Fhtdocs%2Fclickandbuilds%2FAlexanderFrangenheim%2Fwp-includes HTTP/1.1" 200 4757 frangenheim.de "-" "Mozilla/5.0 AppleWebKit/537.36 (KHTML, like Gecko; compatible; ClaudeBot/1.0; +claudebot@anthropic.com)" "-"
54.157.99.0 - - [21/Jun/2026:03:27:23 +0200] "GET /?lokasie=/bin/palmtopnm&loknya=/bin HTTP/1.1" 200 3941 www.frangenheim.de "-" "Mozilla/5.0 AppleWebKit/537.36 (KHTML, like Gecko; compatible; Amazonbot/0.1; +https://developer.amazon.com/support/amazonbot) Chrome/119.0.6045.214 Safari/537.36" "-"
34.226.89.0 - - [21/Jun/2026:03:27:23 +0200] "GET /page/2?lokasie=/bin/yuvsplittoppm&loknya=/bin HTTP/1.1" 200 3945 frangenheim.de "-" "Mozilla/5.0 AppleWebKit/537.36 (KHTML, like Gecko; compatible; Amazonbot/0.1; +https://developer.amazon.com/support/amazonbot) Chrome/119.0.6045.214 Safari/537.36" "-"
34.194.14.0 - - [21/Jun/2026:03:27:26 +0200] "GET /?lokasie=/etc/deluser.conf&loknya=/etc HTTP/1.1" 200 4568 www.frangenheim.de "-" "Mozilla/5.0 AppleWebKit/537.36 (KHTML, like Gecko; compatible; Amazonbot/0.1; +https://developer.amazon.com/support/amazonbot) Chrome/119.0.6045.214 Safari/537.36" "-"
216.73.216.0 - - [21/Jun/2026:03:27:28 +0200] "GET /entity/013846995384?lokasie=%2Fhomepages%2F46%2Fd94061663%2Fhtdocs%2Fclickandbuilds%2FAlexanderFrangenheim%2Fwp-includes%2Fclass.wp-styles.php&loknya=%2Fhomepages%2F46%2Fd94061663%2Fhtdocs%2Fclickandbuilds%2FAlexanderFrangenheim%2Fwp-includes HTTP/1.1" 200 4842 frangenheim.de "-" "Mozilla/5.0 AppleWebKit/537.36 (KHTML, like Gecko; compatible; ClaudeBot/1.0; +claudebot@anthropic.com)" "-"
54.147.238.0 - - [21/Jun/2026:03:27:28 +0200] "GET /page/2?lokasie=/bin/unzip&loknya=/bin HTTP/1.1" 200 3937 frangenheim.de "-" "Mozilla/5.0 AppleWebKit/537.36 (KHTML, like Gecko; compatible; Amazonbot/0.1; +https://developer.amazon.com/support/amazonbot) Chrome/119.0.6045.214 Safari/537.36" "-"
52.202.233.0 - - [21/Jun/2026:03:27:29 +0200] "GET /index.php?loknya=/homepages/30 HTTP/1.1" 200 45380 www.frangenheim.de "-" "Mozilla/5.0 AppleWebKit/537.36 (KHTML, like Gecko; compatible; Amazonbot/0.1; +https://developer.amazon.com/support/amazonbot) Chrome/119.0.6045.214 Safari/537.36" "-"
74.7.241.0 - - [21/Jun/2026:03:27:30 +0200] "GET /?lokasie=/homepages/34/d171245850/htaccesslist&loknya=/homepages/34/d171245850 HTTP/1.1" 200 4071 frangenheim.de "http://frangenheim.de/?loknya=/homepages/34/d171245850" "Mozilla/5.0 AppleWebKit/537.36 (KHTML, like Gecko; compatible; GPTBot/1.4; +https://openai.com/gptbot)" "-"
124.156.226.0 - - [21/Jun/2026:03:27:31 +0200] "GET / HTTP/1.1" 200 42266 www.frangenheim.de "-" "Mozilla/5.0 (iPhone; CPU iPhone OS 13_2_3 like Mac OS X) AppleWebKit/605.1.15 (KHTML, like Gecko) Version/13.0.3 Mobile/15E148 Safari/604.1" "-"
50.16.248.0 - - [21/Jun/2026:03:27:32 +0200] "GET /page/2?lokasie=/bin/pear7.4&loknya=/bin HTTP/1.1" 200 4913 frangenheim.de "-" "Mozilla/5.0 AppleWebKit/537.36 (KHTML, like Gecko; compatible; Amazonbot/0.1; +https://developer.amazon.com/support/amazonbot) Chrome/119.0.6045.214 Safari/537.36" "-"
44.205.120.0 - - [21/Jun/2026:03:27:33 +0200] "GET /?lokasie=/sbin/mii-tool&loknya=/sbin HTTP/1.1" 200 3943 www.frangenheim.de "-" "Mozilla/5.0 AppleWebKit/537.36 (KHTML, like Gecko; compatible; Amazonbot/0.1; +https://developer.amazon.com/support/amazonbot) Chrome/119.0.6045.214 Safari/537.36" "-"
216.73.216.0 - - [21/Jun/2026:03:27:35 +0200] "GET /info/01532566420?loknya=%2Fbin HTTP/1.1" 200 1599036 frangenheim.de "-" "Mozilla/5.0 AppleWebKit/537.36 (KHTML, like Gecko; compatible; ClaudeBot/1.0; +claudebot@anthropic.com)" "-"
98.82.40.0 - - [21/Jun/2026:03:27:35 +0200] "GET /page/2?lokasie=/bin/db_printlog&loknya=/bin HTTP/1.1" 200 3942 frangenheim.de "-" "Mozilla/5.0 AppleWebKit/537.36 (KHTML, like Gecko; compatible; Amazonbot/0.1; +https://developer.amazon.com/support/amazonbot) Chrome/119.0.6045.214 Safari/537.36" "-"
52.3.155.0 - - [21/Jun/2026:03:27:36 +0200] "GET /index.php?loknya=/homepages/46/d94256196 HTTP/1.1" 200 16274 www.frangenheim.de "-" "Mozilla/5.0 AppleWebKit/537.36 (KHTML, like Gecko; compatible; Amazonbot/0.1; +https://developer.amazon.com/support/amazonbot) Chrome/119.0.6045.214 Safari/537.36" "-"
3.221.244.0 - - [21/Jun/2026:03:27:40 +0200] "GET /wp-json/oembed/1.0/embed?lokasie=/bin/rgrep&loknya=/bin HTTP/1.1" 200 3976 frangenheim.de "-" "Mozilla/5.0 AppleWebKit/537.36 (KHTML, like Gecko; compatible; Amazonbot/0.1; +https://developer.amazon.com/support/amazonbot) Chrome/119.0.6045.214 Safari/537.36" "-"
52.70.123.0 - - [21/Jun/2026:03:27:41 +0200] "GET /index.php?lokasie=/homepages/46/d94061663/htdocs/clickandbuilds/AlexanderFrangenheim/wp-admin/media-new.php&loknya=/homepages/46/d94061663/htdocs/clickandbuilds/AlexanderFrangenheim/wp-admin HTTP/1.1" 200 8216 www.frangenheim.de "-" "Mozilla/5.0 AppleWebKit/537.36 (KHTML, like Gecko; compatible; Amazonbot/0.1; +https://developer.amazon.com/support/amazonbot) Chrome/119.0.6045.214 Safari/537.36" "-"
216.73.216.0 - - [21/Jun/2026:03:27:42 +0200] "GET /items/011255177601?loknya=%2Fhomepages%2F46%2Fd94061663%2Fhtdocs%2Fclickandbuilds%2FAlexanderFrangenheim%2Fwp-includes HTTP/1.1" 200 406106 frangenheim.de "-" "Mozilla/5.0 AppleWebKit/537.36 (KHTML, like Gecko; compatible; ClaudeBot/1.0; +claudebot@anthropic.com)" "-"
54.159.18.0 - - [21/Jun/2026:03:27:43 +0200] "GET /wp-json/oembed/1.0/embed?lokasie=/bin/zipgrep&loknya=/bin HTTP/1.1" 200 7492 frangenheim.de "-" "Mozilla/5.0 AppleWebKit/537.36 (KHTML, like Gecko; compatible; Amazonbot/0.1; +https://developer.amazon.com/support/amazonbot) Chrome/119.0.6045.214 Safari/537.36" "-"
52.200.54.0 - - [21/Jun/2026:03:27:44 +0200] "GET /index.php?lokasie=/homepages/46/d94061663/htdocs/clickandbuilds/AlexanderFrangenheim/wp-includes/feed-rss2.php&loknya=/homepages/46/d94061663/htdocs/clickandbuilds/AlexanderFrangenheim/wp-includes HTTP/1.1" 200 8960 www.frangenheim.de "-" "Mozilla/5.0 AppleWebKit/537.36 (KHTML, like Gecko; compatible; Amazonbot/0.1; +https://developer.amazon.com/support/amazonbot) Chrome/119.0.6045.214 Safari/537.36" "-"
100.29.128.0 - - [21/Jun/2026:03:27:47 +0200] "GET /news?lokasie=/bin/mkdir&loknya=/bin HTTP/1.1" 200 3937 frangenheim.de "-" "Mozilla/5.0 AppleWebKit/537.36 (KHTML, like Gecko; compatible; Amazonbot/0.1; +https://developer.amazon.com/support/amazonbot) Chrome/119.0.6045.214 Safari/537.36" "-"
66.249.68.0 - - [21/Jun/2026:03:27:47 +0200] "GET /detail/871124582938 HTTP/1.1" 200 200242 frangenheim.de "-" "Mozilla/5.0 (Linux; Android 6.0.1; Nexus 5X Build/MMB29P) AppleWebKit/537.36 (KHTML, like Gecko) Chrome/148.0.7778.96 Mobile Safari/537.36 (compatible; GoogleOther)" "-"
216.73.216.0 - - [21/Jun/2026:03:27:49 +0200] "GET /goodscode/011529220829?lokasie=%2Fhomepages%2F46%2Fd94061663%2Fhtdocs%2Fclickandbuilds%2FAlexanderFrangenheim%2Fwp-includes%2Fblock-patterns.php&loknya=%2Fhomepages%2F46%2Fd94061663%2Fhtdocs%2Fclickandbuilds%2FAlexanderFrangenheim%2Fwp-includes HTTP/1.1" 200 20261 frangenheim.de "-" "Mozilla/5.0 AppleWebKit/537.36 (KHTML, like Gecko; compatible; ClaudeBot/1.0; +claudebot@anthropic.com)" "-"
44.215.231.0 - - [21/Jun/2026:03:27:49 +0200] "GET /index.php?lokasie=/homepages/46/d94061663/htdocs/clickandbuilds/AlexanderFrangenheim/wp-admin/credits.php&loknya=/homepages/46/d94061663/htdocs/clickandbuilds/AlexanderFrangenheim/wp-admin HTTP/1.1" 200 9068 www.frangenheim.de "-" "Mozilla/5.0 AppleWebKit/537.36 (KHTML, like Gecko; compatible; Amazonbot/0.1; +https://developer.amazon.com/support/amazonbot) Chrome/119.0.6045.214 Safari/537.36" "-"
98.82.63.0 - - [21/Jun/2026:03:27:51 +0200] "GET /wp-json/oembed/1.0/embed?lokasie=/bin/ilbmtoppm&loknya=/bin HTTP/1.1" 200 3940 frangenheim.de "-" "Mozilla/5.0 AppleWebKit/537.36 (KHTML, like Gecko; compatible; Amazonbot/0.1; +https://developer.amazon.com/support/amazonbot) Chrome/119.0.6045.214 Safari/537.36" "-"
184.73.68.0 - - [21/Jun/2026:03:27:54 +0200] "GET /index.php?lokasie=/homepages/46/d94061663/htdocs/clickandbuilds/AlexanderFrangenheim/wp-includes/class-wp-customize-section.php&loknya=/homepages/46/d94061663/htdocs/clickandbuilds/AlexanderFrangenheim/wp-includes HTTP/1.1" 200 16382 www.frangenheim.de "-" "Mozilla/5.0 AppleWebKit/537.36 (KHTML, like Gecko; compatible; Amazonbot/0.1; +https://developer.amazon.com/support/amazonbot) Chrome/119.0.6045.214 Safari/537.36" "-"
216.73.216.0 - - [21/Jun/2026:03:27:54 +0200] "GET /entity/01428866206?loknya=%2F HTTP/1.1" 200 29688 frangenheim.de "-" "Mozilla/5.0 AppleWebKit/537.36 (KHTML, like Gecko; compatible; ClaudeBot/1.0; +claudebot@anthropic.com)" "-"
44.215.235.0 - - [21/Jun/2026:03:27:56 +0200] "GET /?loknya=/homepages/14/d94500470 HTTP/1.1" 200 18983 www.frangenheim.de "-" "Mozilla/5.0 AppleWebKit/537.36 (KHTML, like Gecko; compatible; Amazonbot/0.1; +https://developer.amazon.com/support/amazonbot) Chrome/119.0.6045.214 Safari/537.36" "-"
34.195.248.0 - - [21/Jun/2026:03:27:59 +0200] "GET /news?lokasie=/bin/clear&loknya=/bin HTTP/1.1" 200 3937 frangenheim.de "-" "Mozilla/5.0 AppleWebKit/537.36 (KHTML, like Gecko; compatible; Amazonbot/0.1; +https://developer.amazon.com/support/amazonbot) Chrome/119.0.6045.214 Safari/537.36" "-"
66.249.68.0 - - [21/Jun/2026:03:27:59 +0200] "GET /detail/69430742792 HTTP/1.1" 200 195256 frangenheim.de "-" "Mozilla/5.0 (Linux; Android 6.0.1; Nexus 5X Build/MMB29P) AppleWebKit/537.36 (KHTML, like Gecko) Chrome/148.0.7778.96 Mobile Safari/537.36 (compatible; GoogleOther)" "-"
216.73.216.0 - - [21/Jun/2026:03:28:00 +0200] "GET /goodscode/013523497869?lokasie=%2Fhomepages%2F46%2Fd94061663%2Fhtdocs%2Fclickandbuilds%2FAlexanderFrangenheim%2Fwp-includes%2Fclass-wp-theme.php&loknya=%2Fhomepages%2F46%2Fd94061663%2Fhtdocs%2Fclickandbuilds%2FAlexanderFrangenheim%2Fwp-includes HTTP/1.1" 200 62478 frangenheim.de "-" "Mozilla/5.0 AppleWebKit/537.36 (KHTML, like Gecko; compatible; ClaudeBot/1.0; +claudebot@anthropic.com)" "-"
18.210.58.0 - - [21/Jun/2026:03:28:02 +0200] "GET /?loknya=/homepages/12/d94532992 HTTP/1.1" 200 20357 www.frangenheim.de "-" "Mozilla/5.0 AppleWebKit/537.36 (KHTML, like Gecko; compatible; Amazonbot/0.1; +https://developer.amazon.com/support/amazonbot) Chrome/119.0.6045.214 Safari/537.36" "-"
54.163.169.0 - - [21/Jun/2026:03:28:03 +0200] "GET /news?lokasie=/bin/ui-sqlmapper&loknya=/bin HTTP/1.1" 200 3945 frangenheim.de "-" "Mozilla/5.0 AppleWebKit/537.36 (KHTML, like Gecko; compatible; Amazonbot/0.1; +https://developer.amazon.com/support/amazonbot) Chrome/119.0.6045.214 Safari/537.36" "-"
