403Webshell
Server IP : 217.160.0.215  /  Your IP : 216.73.216.226
Web Server : Apache
System : Linux info 3.0 #1337 SMP Tue Jan 01 00:00:00 CEST 2000 all GNU/Linux
User : p35818171 ( 3591632)
PHP Version : 7.4.33
Disable Function : NONE
MySQL : OFF  |  cURL : ON  |  WGET : ON  |  Perl : ON  |  Python : OFF  |  Sudo : OFF  |  Pkexec : OFF
Directory :  /homepages/46/d94061663/htdocs/logs/

Upload File :
current_dir [ Writeable ] document_root [ Writeable ]

 

Command :


[ Back ]     

Current File : /homepages/46/d94061663/htdocs/logs/access.log.25.7
216.73.216.0 - - [21/Jun/2026:00:00:01 +0200] "GET /items/014232321952 HTTP/1.1" 200 42265 frangenheim.de "-" "Mozilla/5.0 AppleWebKit/537.36 (KHTML, like Gecko; compatible; ClaudeBot/1.0; +claudebot@anthropic.com)" "-"
74.7.241.0 - - [21/Jun/2026:00:00:01 +0200] "GET /?loknya=/homepages/34/d171103581 HTTP/1.1" 200 20359 frangenheim.de "http://frangenheim.de/?loknya=/homepages/34" "Mozilla/5.0 AppleWebKit/537.36 (KHTML, like Gecko; compatible; GPTBot/1.4; +https://openai.com/gptbot)" "-"
216.73.216.0 - - [21/Jun/2026:00:00:04 +0200] "GET /detail/012231663186 HTTP/1.1" 200 42265 frangenheim.de "-" "Mozilla/5.0 AppleWebKit/537.36 (KHTML, like Gecko; compatible; ClaudeBot/1.0; +claudebot@anthropic.com)" "-"
216.73.216.0 - - [21/Jun/2026:00:00:10 +0200] "GET /items/012010152263 HTTP/1.1" 200 42265 frangenheim.de "-" "Mozilla/5.0 AppleWebKit/537.36 (KHTML, like Gecko; compatible; ClaudeBot/1.0; +claudebot@anthropic.com)" "-"
216.73.216.0 - - [21/Jun/2026:00:00:13 +0200] "GET /items/011540107262 HTTP/1.1" 200 42265 frangenheim.de "-" "Mozilla/5.0 AppleWebKit/537.36 (KHTML, like Gecko; compatible; ClaudeBot/1.0; +claudebot@anthropic.com)" "-"
216.73.216.0 - - [21/Jun/2026:00:00:16 +0200] "GET /entity/013221486530 HTTP/1.1" 200 42265 frangenheim.de "-" "Mozilla/5.0 AppleWebKit/537.36 (KHTML, like Gecko; compatible; ClaudeBot/1.0; +claudebot@anthropic.com)" "-"
216.73.216.0 - - [21/Jun/2026:00:00:19 +0200] "GET /entity/0195357574 HTTP/1.1" 200 42265 frangenheim.de "-" "Mozilla/5.0 AppleWebKit/537.36 (KHTML, like Gecko; compatible; ClaudeBot/1.0; +claudebot@anthropic.com)" "-"
216.73.216.0 - - [21/Jun/2026:00:00:22 +0200] "GET /entity/011621988656 HTTP/1.1" 200 42265 frangenheim.de "-" "Mozilla/5.0 AppleWebKit/537.36 (KHTML, like Gecko; compatible; ClaudeBot/1.0; +claudebot@anthropic.com)" "-"
216.73.216.0 - - [21/Jun/2026:00:00:25 +0200] "GET /items/012996909375 HTTP/1.1" 200 42265 frangenheim.de "-" "Mozilla/5.0 AppleWebKit/537.36 (KHTML, like Gecko; compatible; ClaudeBot/1.0; +claudebot@anthropic.com)" "-"
66.249.68.0 - - [21/Jun/2026:00:00:32 +0200] "GET /detail/681906498006 HTTP/1.1" 200 197856 frangenheim.de "-" "Mozilla/5.0 (Linux; Android 6.0.1; Nexus 5X Build/MMB29P) AppleWebKit/537.36 (KHTML, like Gecko) Chrome/148.0.7778.96 Mobile Safari/537.36 (compatible; GoogleOther)" "-"
216.73.216.0 - - [21/Jun/2026:00:00:34 +0200] "GET /items/01528894701 HTTP/1.1" 200 42265 frangenheim.de "-" "Mozilla/5.0 AppleWebKit/537.36 (KHTML, like Gecko; compatible; ClaudeBot/1.0; +claudebot@anthropic.com)" "-"
216.73.216.0 - - [21/Jun/2026:00:00:37 +0200] "GET /entity/011239859778 HTTP/1.1" 200 42265 frangenheim.de "-" "Mozilla/5.0 AppleWebKit/537.36 (KHTML, like Gecko; compatible; ClaudeBot/1.0; +claudebot@anthropic.com)" "-"
66.249.68.0 - - [21/Jun/2026:00:00:39 +0200] "GET /detail/653228407231 HTTP/1.1" 200 194523 frangenheim.de "-" "Mozilla/5.0 (Linux; Android 6.0.1; Nexus 5X Build/MMB29P) AppleWebKit/537.36 (KHTML, like Gecko) Chrome/148.0.7778.96 Mobile Safari/537.36 (compatible; GoogleOther)" "-"
216.73.216.0 - - [21/Jun/2026:00:00:40 +0200] "GET /items/013989551815 HTTP/1.1" 200 42265 frangenheim.de "-" "Mozilla/5.0 AppleWebKit/537.36 (KHTML, like Gecko; compatible; ClaudeBot/1.0; +claudebot@anthropic.com)" "-"
216.73.216.0 - - [21/Jun/2026:00:00:43 +0200] "GET /items/01891609405 HTTP/1.1" 200 42265 frangenheim.de "-" "Mozilla/5.0 AppleWebKit/537.36 (KHTML, like Gecko; compatible; ClaudeBot/1.0; +claudebot@anthropic.com)" "-"
216.73.216.0 - - [21/Jun/2026:00:00:46 +0200] "GET /items/0161497224 HTTP/1.1" 200 42265 frangenheim.de "-" "Mozilla/5.0 AppleWebKit/537.36 (KHTML, like Gecko; compatible; ClaudeBot/1.0; +claudebot@anthropic.com)" "-"
216.73.216.0 - - [21/Jun/2026:00:00:49 +0200] "GET /products/011385642339 HTTP/1.1" 200 42265 frangenheim.de "-" "Mozilla/5.0 AppleWebKit/537.36 (KHTML, like Gecko; compatible; ClaudeBot/1.0; +claudebot@anthropic.com)" "-"
216.73.216.0 - - [21/Jun/2026:00:00:52 +0200] "GET /items/01275408366 HTTP/1.1" 200 42265 frangenheim.de "-" "Mozilla/5.0 AppleWebKit/537.36 (KHTML, like Gecko; compatible; ClaudeBot/1.0; +claudebot@anthropic.com)" "-"
216.73.216.0 - - [21/Jun/2026:00:00:55 +0200] "GET /entity/01904592010 HTTP/1.1" 200 42265 frangenheim.de "-" "Mozilla/5.0 AppleWebKit/537.36 (KHTML, like Gecko; compatible; ClaudeBot/1.0; +claudebot@anthropic.com)" "-"
216.73.216.0 - - [21/Jun/2026:00:00:58 +0200] "GET /items/0128090890 HTTP/1.1" 200 42265 frangenheim.de "-" "Mozilla/5.0 AppleWebKit/537.36 (KHTML, like Gecko; compatible; ClaudeBot/1.0; +claudebot@anthropic.com)" "-"
216.73.216.0 - - [21/Jun/2026:00:01:01 +0200] "GET /entity/011833640652 HTTP/1.1" 200 42265 frangenheim.de "-" "Mozilla/5.0 AppleWebKit/537.36 (KHTML, like Gecko; compatible; ClaudeBot/1.0; +claudebot@anthropic.com)" "-"
216.73.216.0 - - [21/Jun/2026:00:01:04 +0200] "GET /items/011675950894 HTTP/1.1" 200 42265 frangenheim.de "-" "Mozilla/5.0 AppleWebKit/537.36 (KHTML, like Gecko; compatible; ClaudeBot/1.0; +claudebot@anthropic.com)" "-"
198.244.240.0 - - [21/Jun/2026:00:01:04 +0200] "GET /detail/012324410081 HTTP/1.1" 200 42265 frangenheim.de "-" "Mozilla/5.0 (compatible; AhrefsBot/7.0; +http://ahrefs.com/robot/)" "-"
74.7.241.0 - - [21/Jun/2026:00:01:04 +0200] "GET /?loknya=/homepages/34/d171088447 HTTP/1.1" 200 24613 frangenheim.de "http://frangenheim.de/?loknya=/homepages/34" "Mozilla/5.0 AppleWebKit/537.36 (KHTML, like Gecko; compatible; GPTBot/1.4; +https://openai.com/gptbot)" "-"
216.73.216.0 - - [21/Jun/2026:00:01:07 +0200] "GET /info/012551520719 HTTP/1.1" 429 267 frangenheim.de "-" "Mozilla/5.0 AppleWebKit/537.36 (KHTML, like Gecko; compatible; ClaudeBot/1.0; +claudebot@anthropic.com)" "-"
216.73.216.0 - - [21/Jun/2026:00:01:10 +0200] "GET /items/011661469657 HTTP/1.1" 429 267 frangenheim.de "-" "Mozilla/5.0 AppleWebKit/537.36 (KHTML, like Gecko; compatible; ClaudeBot/1.0; +claudebot@anthropic.com)" "-"
216.73.216.0 - - [21/Jun/2026:00:01:13 +0200] "GET /items/01720117121 HTTP/1.1" 429 267 frangenheim.de "-" "Mozilla/5.0 AppleWebKit/537.36 (KHTML, like Gecko; compatible; ClaudeBot/1.0; +claudebot@anthropic.com)" "-"
216.73.216.0 - - [21/Jun/2026:00:01:16 +0200] "GET /entity/014148334477 HTTP/1.1" 429 267 frangenheim.de "-" "Mozilla/5.0 AppleWebKit/537.36 (KHTML, like Gecko; compatible; ClaudeBot/1.0; +claudebot@anthropic.com)" "-"
66.249.68.0 - - [21/Jun/2026:00:01:17 +0200] "GET /detail/833880798510 HTTP/1.1" 200 201665 frangenheim.de "-" "Mozilla/5.0 (Linux; Android 6.0.1; Nexus 5X Build/MMB29P) AppleWebKit/537.36 (KHTML, like Gecko) Chrome/148.0.7778.96 Mobile Safari/537.36 (compatible; GoogleOther)" "-"
216.73.216.0 - - [21/Jun/2026:00:01:19 +0200] "GET /items/01984460488 HTTP/1.1" 429 267 frangenheim.de "-" "Mozilla/5.0 AppleWebKit/537.36 (KHTML, like Gecko; compatible; ClaudeBot/1.0; +claudebot@anthropic.com)" "-"
216.73.216.0 - - [21/Jun/2026:00:01:22 +0200] "GET /entity/012206560101 HTTP/1.1" 429 267 frangenheim.de "-" "Mozilla/5.0 AppleWebKit/537.36 (KHTML, like Gecko; compatible; ClaudeBot/1.0; +claudebot@anthropic.com)" "-"
216.73.216.0 - - [21/Jun/2026:00:01:25 +0200] "GET /items/014070964243 HTTP/1.1" 429 267 frangenheim.de "-" "Mozilla/5.0 AppleWebKit/537.36 (KHTML, like Gecko; compatible; ClaudeBot/1.0; +claudebot@anthropic.com)" "-"
216.73.216.0 - - [21/Jun/2026:00:01:28 +0200] "GET /shopping/01248819867 HTTP/1.1" 429 267 frangenheim.de "-" "Mozilla/5.0 AppleWebKit/537.36 (KHTML, like Gecko; compatible; ClaudeBot/1.0; +claudebot@anthropic.com)" "-"
216.73.216.0 - - [21/Jun/2026:00:01:31 +0200] "GET /entity/01923322338 HTTP/1.1" 429 267 frangenheim.de "-" "Mozilla/5.0 AppleWebKit/537.36 (KHTML, like Gecko; compatible; ClaudeBot/1.0; +claudebot@anthropic.com)" "-"
216.73.216.0 - - [21/Jun/2026:00:01:34 +0200] "GET /entity/01977566682 HTTP/1.1" 429 267 frangenheim.de "-" "Mozilla/5.0 AppleWebKit/537.36 (KHTML, like Gecko; compatible; ClaudeBot/1.0; +claudebot@anthropic.com)" "-"
216.73.216.0 - - [21/Jun/2026:00:01:37 +0200] "GET /goodscode/01419947014 HTTP/1.1" 429 267 frangenheim.de "-" "Mozilla/5.0 AppleWebKit/537.36 (KHTML, like Gecko; compatible; ClaudeBot/1.0; +claudebot@anthropic.com)" "-"
66.249.68.0 - - [21/Jun/2026:00:01:39 +0200] "GET /detail/892697899721 HTTP/1.1" 200 192393 frangenheim.de "-" "Mozilla/5.0 (Linux; Android 6.0.1; Nexus 5X Build/MMB29P) AppleWebKit/537.36 (KHTML, like Gecko) Chrome/148.0.7778.96 Mobile Safari/537.36 (compatible; GoogleOther)" "-"
216.73.216.0 - - [21/Jun/2026:00:01:40 +0200] "GET /entity/013374647839 HTTP/1.1" 429 267 frangenheim.de "-" "Mozilla/5.0 AppleWebKit/537.36 (KHTML, like Gecko; compatible; ClaudeBot/1.0; +claudebot@anthropic.com)" "-"
216.73.216.0 - - [21/Jun/2026:00:01:43 +0200] "GET /items/01409491967 HTTP/1.1" 429 267 frangenheim.de "-" "Mozilla/5.0 AppleWebKit/537.36 (KHTML, like Gecko; compatible; ClaudeBot/1.0; +claudebot@anthropic.com)" "-"
216.73.216.0 - - [21/Jun/2026:00:01:46 +0200] "GET /items/01407359059 HTTP/1.1" 429 267 frangenheim.de "-" "Mozilla/5.0 AppleWebKit/537.36 (KHTML, like Gecko; compatible; ClaudeBot/1.0; +claudebot@anthropic.com)" "-"
216.73.216.0 - - [21/Jun/2026:00:01:54 +0200] "GET /entity/01274780929 HTTP/1.1" 429 267 frangenheim.de "-" "Mozilla/5.0 AppleWebKit/537.36 (KHTML, like Gecko; compatible; ClaudeBot/1.0; +claudebot@anthropic.com)" "-"
66.249.68.0 - - [21/Jun/2026:00:01:55 +0200] "GET /detail/82739146393 HTTP/1.1" 200 192812 frangenheim.de "-" "Mozilla/5.0 (Linux; Android 6.0.1; Nexus 5X Build/MMB29P) AppleWebKit/537.36 (KHTML, like Gecko) Chrome/148.0.7778.96 Mobile Safari/537.36 (compatible; GoogleOther)" "-"
221.178.143.0 - - [21/Jun/2026:00:01:59 +0200] "GET / HTTP/1.1" 200 1516 concepts-of-doing.de "-" "Dalvik/2.1.0 (Linux; U; Android 9.0; ZTE BA520 Build/MRA58K)" "-"
216.73.216.0 - - [21/Jun/2026:00:02:00 +0200] "GET /items/012561422583 HTTP/1.1" 429 267 frangenheim.de "-" "Mozilla/5.0 AppleWebKit/537.36 (KHTML, like Gecko; compatible; ClaudeBot/1.0; +claudebot@anthropic.com)" "-"
66.249.68.0 - - [21/Jun/2026:00:02:00 +0200] "GET /detail/691324242734 HTTP/1.1" 200 192053 frangenheim.de "-" "Mozilla/5.0 (Linux; Android 6.0.1; Nexus 5X Build/MMB29P) AppleWebKit/537.36 (KHTML, like Gecko) Chrome/148.0.7778.96 Mobile Safari/537.36 (compatible; GoogleOther)" "-"
216.73.216.0 - - [21/Jun/2026:00:02:01 +0200] "GET /items/01297964433 HTTP/1.1" 429 267 frangenheim.de "-" "Mozilla/5.0 AppleWebKit/537.36 (KHTML, like Gecko; compatible; ClaudeBot/1.0; +claudebot@anthropic.com)" "-"
74.7.241.0 - - [21/Jun/2026:00:02:01 +0200] "GET /?loknya=/homepages/12/d171083631 HTTP/1.1" 429 267 frangenheim.de "http://frangenheim.de/?loknya=/homepages/12" "Mozilla/5.0 AppleWebKit/537.36 (KHTML, like Gecko; compatible; GPTBot/1.4; +https://openai.com/gptbot)" "-"
216.73.216.0 - - [21/Jun/2026:00:02:04 +0200] "GET /entity/0170067651 HTTP/1.1" 429 267 frangenheim.de "-" "Mozilla/5.0 AppleWebKit/537.36 (KHTML, like Gecko; compatible; ClaudeBot/1.0; +claudebot@anthropic.com)" "-"
216.73.216.0 - - [21/Jun/2026:00:02:07 +0200] "GET /entity/01348473403 HTTP/1.1" 200 42265 frangenheim.de "-" "Mozilla/5.0 AppleWebKit/537.36 (KHTML, like Gecko; compatible; ClaudeBot/1.0; +claudebot@anthropic.com)" "-"
221.178.143.0 - - [21/Jun/2026:00:02:08 +0200] "GET /favicon.ico HTTP/1.1" 404 1271 concepts-of-doing.de "-" "Dalvik/2.1.0 (Linux; U; Android 9.0; ZTE BA520 Build/MRA58K)" "-"
216.73.216.0 - - [21/Jun/2026:00:02:10 +0200] "GET /items/011069728639 HTTP/1.1" 200 42265 frangenheim.de "-" "Mozilla/5.0 AppleWebKit/537.36 (KHTML, like Gecko; compatible; ClaudeBot/1.0; +claudebot@anthropic.com)" "-"
216.73.216.0 - - [21/Jun/2026:00:02:13 +0200] "GET /entity/011294047320 HTTP/1.1" 200 42265 frangenheim.de "-" "Mozilla/5.0 AppleWebKit/537.36 (KHTML, like Gecko; compatible; ClaudeBot/1.0; +claudebot@anthropic.com)" "-"
216.73.216.0 - - [21/Jun/2026:00:02:16 +0200] "GET /items/01686151256 HTTP/1.1" 200 42265 frangenheim.de "-" "Mozilla/5.0 AppleWebKit/537.36 (KHTML, like Gecko; compatible; ClaudeBot/1.0; +claudebot@anthropic.com)" "-"
157.55.39.0 - - [21/Jun/2026:00:02:16 +0200] "GET /sitemap-item-442.xml HTTP/1.1" 200 345412 www.frangenheim.de "-" "Mozilla/5.0 AppleWebKit/537.36 (KHTML, like Gecko; compatible; bingbot/2.0; +http://www.bing.com/bingbot.htm) Chrome/116.0.1938.76 Safari/537.36" "-"
216.73.216.0 - - [21/Jun/2026:00:02:19 +0200] "GET /entity/013320145907 HTTP/1.1" 200 42265 frangenheim.de "-" "Mozilla/5.0 AppleWebKit/537.36 (KHTML, like Gecko; compatible; ClaudeBot/1.0; +claudebot@anthropic.com)" "-"
216.73.216.0 - - [21/Jun/2026:00:02:26 +0200] "GET /info/01762425456 HTTP/1.1" 200 42265 frangenheim.de "-" "Mozilla/5.0 AppleWebKit/537.36 (KHTML, like Gecko; compatible; ClaudeBot/1.0; +claudebot@anthropic.com)" "-"
216.73.216.0 - - [21/Jun/2026:00:02:29 +0200] "GET /items/013759079667 HTTP/1.1" 200 42265 frangenheim.de "-" "Mozilla/5.0 AppleWebKit/537.36 (KHTML, like Gecko; compatible; ClaudeBot/1.0; +claudebot@anthropic.com)" "-"
216.73.216.0 - - [21/Jun/2026:00:02:32 +0200] "GET /items/013292913586 HTTP/1.1" 200 42265 frangenheim.de "-" "Mozilla/5.0 AppleWebKit/537.36 (KHTML, like Gecko; compatible; ClaudeBot/1.0; +claudebot@anthropic.com)" "-"
216.73.216.0 - - [21/Jun/2026:00:02:35 +0200] "GET /info/011041474623 HTTP/1.1" 200 42265 frangenheim.de "-" "Mozilla/5.0 AppleWebKit/537.36 (KHTML, like Gecko; compatible; ClaudeBot/1.0; +claudebot@anthropic.com)" "-"
66.249.68.0 - - [21/Jun/2026:00:02:36 +0200] "GET /detail/804020656465 HTTP/1.1" 200 200481 frangenheim.de "-" "Mozilla/5.0 (Linux; Android 6.0.1; Nexus 5X Build/MMB29P) AppleWebKit/537.36 (KHTML, like Gecko) Chrome/148.0.7778.96 Mobile Safari/537.36 (compatible; GoogleOther)" "-"
216.73.216.0 - - [21/Jun/2026:00:02:38 +0200] "GET /items/012479074355 HTTP/1.1" 200 42265 frangenheim.de "-" "Mozilla/5.0 AppleWebKit/537.36 (KHTML, like Gecko; compatible; ClaudeBot/1.0; +claudebot@anthropic.com)" "-"
216.73.216.0 - - [21/Jun/2026:00:02:41 +0200] "GET /items/01441470577 HTTP/1.1" 200 42265 frangenheim.de "-" "Mozilla/5.0 AppleWebKit/537.36 (KHTML, like Gecko; compatible; ClaudeBot/1.0; +claudebot@anthropic.com)" "-"
221.178.143.0 - - [21/Jun/2026:00:02:43 +0200] "GET / HTTP/1.1" 200 1516 concepts-of-doing.de "-" "Mozilla/5.0 (Windows; U; Windows NT 5.2; en-US) AppleWebKit/532.9 (KHTML, like Gecko) Chrome/5.0.310.0 Safari/532.9" "-"
216.73.216.0 - - [21/Jun/2026:00:02:44 +0200] "GET /items/014138444502 HTTP/1.1" 200 42265 frangenheim.de "-" "Mozilla/5.0 AppleWebKit/537.36 (KHTML, like Gecko; compatible; ClaudeBot/1.0; +claudebot@anthropic.com)" "-"
66.249.68.0 - - [21/Jun/2026:00:02:46 +0200] "GET /detail/7833981702 HTTP/1.1" 200 192473 frangenheim.de "-" "Mozilla/5.0 (Linux; Android 6.0.1; Nexus 5X Build/MMB29P) AppleWebKit/537.36 (KHTML, like Gecko) Chrome/148.0.7778.96 Mobile Safari/537.36 (compatible; GoogleOther)" "-"
54.38.147.0 - - [21/Jun/2026:00:02:52 +0200] "GET /special/014260888944 HTTP/1.1" 200 42263 frangenheim.de "-" "Mozilla/5.0 (compatible; AhrefsBot/7.0; +http://ahrefs.com/robot/)" "-"
216.73.216.0 - - [21/Jun/2026:00:02:52 +0200] "GET /items/01413375571 HTTP/1.1" 200 42265 frangenheim.de "-" "Mozilla/5.0 AppleWebKit/537.36 (KHTML, like Gecko; compatible; ClaudeBot/1.0; +claudebot@anthropic.com)" "-"
74.7.241.0 - - [21/Jun/2026:00:02:55 +0200] "GET /?loknya=/homepages/37/d171270340 HTTP/1.1" 200 20359 frangenheim.de "http://frangenheim.de/?loknya=/homepages/37" "Mozilla/5.0 AppleWebKit/537.36 (KHTML, like Gecko; compatible; GPTBot/1.4; +https://openai.com/gptbot)" "-"
216.73.216.0 - - [21/Jun/2026:00:02:56 +0200] "GET /items/013217637697 HTTP/1.1" 200 42265 frangenheim.de "-" "Mozilla/5.0 AppleWebKit/537.36 (KHTML, like Gecko; compatible; ClaudeBot/1.0; +claudebot@anthropic.com)" "-"
216.73.216.0 - - [21/Jun/2026:00:02:59 +0200] "GET /entity/01320998586 HTTP/1.1" 200 42265 frangenheim.de "-" "Mozilla/5.0 AppleWebKit/537.36 (KHTML, like Gecko; compatible; ClaudeBot/1.0; +claudebot@anthropic.com)" "-"
118.179.207.0 - - [21/Jun/2026:00:03:01 +0200] "GET /edit.php HTTP/1.1" 200 42265 frangenheim.de "-" "Mozilla/5.0 (Windows NT 10.0; Win64; x64) AppleWebKit/537.36 (KHTML, like Gecko) Chrome/149.0.0.0 Safari/537.36 Edg/149.0.0.0" "-"
216.73.216.0 - - [21/Jun/2026:00:03:02 +0200] "GET /items/01339837396 HTTP/1.1" 200 42265 frangenheim.de "-" "Mozilla/5.0 AppleWebKit/537.36 (KHTML, like Gecko; compatible; ClaudeBot/1.0; +claudebot@anthropic.com)" "-"
118.179.207.0 - - [21/Jun/2026:00:03:05 +0200] "GET /favicon.ico HTTP/1.1" 200 42265 frangenheim.de "http://frangenheim.de/edit.php" "Mozilla/5.0 (Windows NT 10.0; Win64; x64) AppleWebKit/537.36 (KHTML, like Gecko) Chrome/149.0.0.0 Safari/537.36 Edg/149.0.0.0" "-"
216.73.216.0 - - [21/Jun/2026:00:03:05 +0200] "GET /items/01588089145 HTTP/1.1" 200 42265 frangenheim.de "-" "Mozilla/5.0 AppleWebKit/537.36 (KHTML, like Gecko; compatible; ClaudeBot/1.0; +claudebot@anthropic.com)" "-"
216.73.216.0 - - [21/Jun/2026:00:03:08 +0200] "GET /items/01634082155 HTTP/1.1" 200 42265 frangenheim.de "-" "Mozilla/5.0 AppleWebKit/537.36 (KHTML, like Gecko; compatible; ClaudeBot/1.0; +claudebot@anthropic.com)" "-"
216.73.216.0 - - [21/Jun/2026:00:03:11 +0200] "GET /items/013519608064 HTTP/1.1" 200 42265 frangenheim.de "-" "Mozilla/5.0 AppleWebKit/537.36 (KHTML, like Gecko; compatible; ClaudeBot/1.0; +claudebot@anthropic.com)" "-"
216.73.216.0 - - [21/Jun/2026:00:03:14 +0200] "GET /entity/0140691463 HTTP/1.1" 200 42265 frangenheim.de "-" "Mozilla/5.0 AppleWebKit/537.36 (KHTML, like Gecko; compatible; ClaudeBot/1.0; +claudebot@anthropic.com)" "-"
216.73.216.0 - - [21/Jun/2026:00:03:17 +0200] "GET /entity/012276337257 HTTP/1.1" 429 267 frangenheim.de "-" "Mozilla/5.0 AppleWebKit/537.36 (KHTML, like Gecko; compatible; ClaudeBot/1.0; +claudebot@anthropic.com)" "-"
216.73.216.0 - - [21/Jun/2026:00:03:20 +0200] "GET /goodscode/01526577181 HTTP/1.1" 429 267 frangenheim.de "-" "Mozilla/5.0 AppleWebKit/537.36 (KHTML, like Gecko; compatible; ClaudeBot/1.0; +claudebot@anthropic.com)" "-"
66.249.68.0 - - [21/Jun/2026:00:03:22 +0200] "GET /detail/033521629881 HTTP/1.1" 200 194847 frangenheim.de "-" "Mozilla/5.0 (Linux; Android 6.0.1; Nexus 5X Build/MMB29P) AppleWebKit/537.36 (KHTML, like Gecko) Chrome/148.0.7778.96 Mobile Safari/537.36 (compatible; GoogleOther)" "-"
66.249.68.0 - - [21/Jun/2026:00:03:27 +0200] "GET /detail/804020656465 HTTP/1.1" 200 200549 frangenheim.de "-" "Mozilla/5.0 (Linux; Android 6.0.1; Nexus 5X Build/MMB29P) AppleWebKit/537.36 (KHTML, like Gecko) Chrome/148.0.7778.96 Mobile Safari/537.36 (compatible; Googlebot/2.1; +http://www.google.com/bot.html)" "-"
216.73.216.0 - - [21/Jun/2026:00:03:28 +0200] "GET /entity/011300535443 HTTP/1.1" 429 267 frangenheim.de "-" "Mozilla/5.0 AppleWebKit/537.36 (KHTML, like Gecko; compatible; ClaudeBot/1.0; +claudebot@anthropic.com)" "-"
216.73.216.0 - - [21/Jun/2026:00:03:29 +0200] "GET /goodscode/01617366296 HTTP/1.1" 429 267 frangenheim.de "-" "Mozilla/5.0 AppleWebKit/537.36 (KHTML, like Gecko; compatible; ClaudeBot/1.0; +claudebot@anthropic.com)" "-"
216.73.216.0 - - [21/Jun/2026:00:03:32 +0200] "GET /items/012336645663 HTTP/1.1" 429 267 frangenheim.de "-" "Mozilla/5.0 AppleWebKit/537.36 (KHTML, like Gecko; compatible; ClaudeBot/1.0; +claudebot@anthropic.com)" "-"
66.249.68.0 - - [21/Jun/2026:00:03:33 +0200] "GET /detail/723905322401 HTTP/1.1" 200 200794 frangenheim.de "-" "Mozilla/5.0 (Linux; Android 6.0.1; Nexus 5X Build/MMB29P) AppleWebKit/537.36 (KHTML, like Gecko) Chrome/148.0.7778.96 Mobile Safari/537.36 (compatible; GoogleOther)" "-"
216.73.216.0 - - [21/Jun/2026:00:03:35 +0200] "GET /entity/01994865559 HTTP/1.1" 429 267 frangenheim.de "-" "Mozilla/5.0 AppleWebKit/537.36 (KHTML, like Gecko; compatible; ClaudeBot/1.0; +claudebot@anthropic.com)" "-"
216.73.216.0 - - [21/Jun/2026:00:03:39 +0200] "GET /items/01965377017 HTTP/1.1" 429 267 frangenheim.de "-" "Mozilla/5.0 AppleWebKit/537.36 (KHTML, like Gecko; compatible; ClaudeBot/1.0; +claudebot@anthropic.com)" "-"
216.73.216.0 - - [21/Jun/2026:00:03:44 +0200] "GET /items/013371081998 HTTP/1.1" 429 267 frangenheim.de "-" "Mozilla/5.0 AppleWebKit/537.36 (KHTML, like Gecko; compatible; ClaudeBot/1.0; +claudebot@anthropic.com)" "-"
216.73.216.0 - - [21/Jun/2026:00:03:46 +0200] "GET /entity/011493553458 HTTP/1.1" 429 267 frangenheim.de "-" "Mozilla/5.0 AppleWebKit/537.36 (KHTML, like Gecko; compatible; ClaudeBot/1.0; +claudebot@anthropic.com)" "-"
66.249.68.0 - - [21/Jun/2026:00:03:48 +0200] "GET /detail/822170979806 HTTP/1.1" 200 197393 frangenheim.de "-" "Mozilla/5.0 (Linux; Android 6.0.1; Nexus 5X Build/MMB29P) AppleWebKit/537.36 (KHTML, like Gecko) Chrome/148.0.7778.96 Mobile Safari/537.36 (compatible; GoogleOther)" "-"
216.73.216.0 - - [21/Jun/2026:00:03:51 +0200] "GET /items/01849809673 HTTP/1.1" 429 267 frangenheim.de "-" "Mozilla/5.0 AppleWebKit/537.36 (KHTML, like Gecko; compatible; ClaudeBot/1.0; +claudebot@anthropic.com)" "-"
216.73.216.0 - - [21/Jun/2026:00:03:52 +0200] "GET /entity/01889229172 HTTP/1.1" 429 267 frangenheim.de "-" "Mozilla/5.0 AppleWebKit/537.36 (KHTML, like Gecko; compatible; ClaudeBot/1.0; +claudebot@anthropic.com)" "-"
216.73.216.0 - - [21/Jun/2026:00:03:55 +0200] "GET /items/01934003259 HTTP/1.1" 429 267 frangenheim.de "-" "Mozilla/5.0 AppleWebKit/537.36 (KHTML, like Gecko; compatible; ClaudeBot/1.0; +claudebot@anthropic.com)" "-"
216.73.216.0 - - [21/Jun/2026:00:03:58 +0200] "GET /items/01796998700 HTTP/1.1" 429 267 frangenheim.de "-" "Mozilla/5.0 AppleWebKit/537.36 (KHTML, like Gecko; compatible; ClaudeBot/1.0; +claudebot@anthropic.com)" "-"
74.7.241.0 - - [21/Jun/2026:00:04:00 +0200] "GET /?loknya=/homepages/34/d171147996 HTTP/1.1" 429 267 frangenheim.de "http://frangenheim.de/?loknya=/homepages/34" "Mozilla/5.0 AppleWebKit/537.36 (KHTML, like Gecko; compatible; GPTBot/1.4; +https://openai.com/gptbot)" "-"
216.73.216.0 - - [21/Jun/2026:00:04:01 +0200] "GET /items/01791536040 HTTP/1.1" 429 267 frangenheim.de "-" "Mozilla/5.0 AppleWebKit/537.36 (KHTML, like Gecko; compatible; ClaudeBot/1.0; +claudebot@anthropic.com)" "-"
216.73.216.0 - - [21/Jun/2026:00:04:04 +0200] "GET /items/0153297770 HTTP/1.1" 429 267 frangenheim.de "-" "Mozilla/5.0 AppleWebKit/537.36 (KHTML, like Gecko; compatible; ClaudeBot/1.0; +claudebot@anthropic.com)" "-"
66.249.68.0 - - [21/Jun/2026:00:04:04 +0200] "GET /detail/711245758695 HTTP/1.1" 200 198563 frangenheim.de "-" "Mozilla/5.0 (Linux; Android 6.0.1; Nexus 5X Build/MMB29P) AppleWebKit/537.36 (KHTML, like Gecko) Chrome/148.0.7778.96 Mobile Safari/537.36 (compatible; GoogleOther)" "-"
216.73.216.0 - - [21/Jun/2026:00:04:07 +0200] "GET /items/011728094366 HTTP/1.1" 429 267 frangenheim.de "-" "Mozilla/5.0 AppleWebKit/537.36 (KHTML, like Gecko; compatible; ClaudeBot/1.0; +claudebot@anthropic.com)" "-"
216.73.216.0 - - [21/Jun/2026:00:04:10 +0200] "GET /items/01632227207 HTTP/1.1" 429 267 frangenheim.de "-" "Mozilla/5.0 AppleWebKit/537.36 (KHTML, like Gecko; compatible; ClaudeBot/1.0; +claudebot@anthropic.com)" "-"
216.73.216.0 - - [21/Jun/2026:00:04:13 +0200] "GET /items/011990356041 HTTP/1.1" 429 267 frangenheim.de "-" "Mozilla/5.0 AppleWebKit/537.36 (KHTML, like Gecko; compatible; ClaudeBot/1.0; +claudebot@anthropic.com)" "-"
216.73.216.0 - - [21/Jun/2026:00:04:16 +0200] "GET /entity/012276285155 HTTP/1.1" 429 267 frangenheim.de "-" "Mozilla/5.0 AppleWebKit/537.36 (KHTML, like Gecko; compatible; ClaudeBot/1.0; +claudebot@anthropic.com)" "-"
66.249.68.0 - - [21/Jun/2026:00:04:17 +0200] "GET /detail/824063161143 HTTP/1.1" 200 199420 frangenheim.de "-" "Mozilla/5.0 (Linux; Android 6.0.1; Nexus 5X Build/MMB29P) AppleWebKit/537.36 (KHTML, like Gecko) Chrome/148.0.7778.96 Mobile Safari/537.36 (compatible; GoogleOther)" "-"
216.73.216.0 - - [21/Jun/2026:00:04:22 +0200] "GET /entity/011392748874 HTTP/1.1" 200 42265 frangenheim.de "-" "Mozilla/5.0 AppleWebKit/537.36 (KHTML, like Gecko; compatible; ClaudeBot/1.0; +claudebot@anthropic.com)" "-"
216.73.216.0 - - [21/Jun/2026:00:04:32 +0200] "GET /product/013316030360 HTTP/1.1" 200 42265 frangenheim.de "-" "Mozilla/5.0 AppleWebKit/537.36 (KHTML, like Gecko; compatible; ClaudeBot/1.0; +claudebot@anthropic.com)" "-"
216.73.216.0 - - [21/Jun/2026:00:04:34 +0200] "GET /product/01180438011 HTTP/1.1" 200 42265 frangenheim.de "-" "Mozilla/5.0 AppleWebKit/537.36 (KHTML, like Gecko; compatible; ClaudeBot/1.0; +claudebot@anthropic.com)" "-"
216.73.216.0 - - [21/Jun/2026:00:04:37 +0200] "GET /product/01679834911 HTTP/1.1" 200 42265 frangenheim.de "-" "Mozilla/5.0 AppleWebKit/537.36 (KHTML, like Gecko; compatible; ClaudeBot/1.0; +claudebot@anthropic.com)" "-"
216.73.216.0 - - [21/Jun/2026:00:04:40 +0200] "GET /detail/011768635005 HTTP/1.1" 200 42265 frangenheim.de "-" "Mozilla/5.0 AppleWebKit/537.36 (KHTML, like Gecko; compatible; ClaudeBot/1.0; +claudebot@anthropic.com)" "-"
66.249.68.0 - - [21/Jun/2026:00:04:40 +0200] "GET /detail/783380850667 HTTP/1.1" 200 192115 frangenheim.de "-" "Mozilla/5.0 (Linux; Android 6.0.1; Nexus 5X Build/MMB29P) AppleWebKit/537.36 (KHTML, like Gecko) Chrome/148.0.7778.96 Mobile Safari/537.36 (compatible; GoogleOther)" "-"
216.73.216.0 - - [21/Jun/2026:00:04:43 +0200] "GET /products/012694537602 HTTP/1.1" 200 42265 frangenheim.de "-" "Mozilla/5.0 AppleWebKit/537.36 (KHTML, like Gecko; compatible; ClaudeBot/1.0; +claudebot@anthropic.com)" "-"
66.249.68.0 - - [21/Jun/2026:00:04:43 +0200] "GET /detail/753073373237 HTTP/1.1" 200 196799 frangenheim.de "-" "Mozilla/5.0 (Linux; Android 6.0.1; Nexus 5X Build/MMB29P) AppleWebKit/537.36 (KHTML, like Gecko) Chrome/148.0.7778.96 Mobile Safari/537.36 (compatible; Googlebot/2.1; +http://www.google.com/bot.html)" "-"
66.249.68.0 - - [21/Jun/2026:00:04:44 +0200] "GET /entity/881680335742 HTTP/1.1" 200 198693 frangenheim.de "-" "Mozilla/5.0 (Linux; Android 6.0.1; Nexus 5X Build/MMB29P) AppleWebKit/537.36 (KHTML, like Gecko) Chrome/148.0.7778.96 Mobile Safari/537.36 (compatible; GoogleOther)" "-"
216.73.216.0 - - [21/Jun/2026:00:04:46 +0200] "GET /shopping/011916729861 HTTP/1.1" 200 42265 frangenheim.de "-" "Mozilla/5.0 AppleWebKit/537.36 (KHTML, like Gecko; compatible; ClaudeBot/1.0; +claudebot@anthropic.com)" "-"
216.73.216.0 - - [21/Jun/2026:00:04:49 +0200] "GET /shopping/01603057257 HTTP/1.1" 200 42265 frangenheim.de "-" "Mozilla/5.0 AppleWebKit/537.36 (KHTML, like Gecko; compatible; ClaudeBot/1.0; +claudebot@anthropic.com)" "-"
66.249.68.0 - - [21/Jun/2026:00:04:50 +0200] "GET /detail/101019898190 HTTP/1.1" 200 198137 frangenheim.de "-" "Mozilla/5.0 (Linux; Android 6.0.1; Nexus 5X Build/MMB29P) AppleWebKit/537.36 (KHTML, like Gecko) Chrome/148.0.7778.96 Mobile Safari/537.36 (compatible; GoogleOther)" "-"
66.249.68.0 - - [21/Jun/2026:00:04:51 +0200] "GET /detail/692635030065 HTTP/1.1" 200 202354 frangenheim.de "-" "Mozilla/5.0 (Linux; Android 6.0.1; Nexus 5X Build/MMB29P) AppleWebKit/537.36 (KHTML, like Gecko) Chrome/148.0.7778.96 Mobile Safari/537.36 (compatible; Googlebot/2.1; +http://www.google.com/bot.html)" "-"
221.178.143.0 - - [21/Jun/2026:00:04:51 +0200] "GET / HTTP/1.1" 200 1516 concepts-of-doing.de "-" "Mozilla/5.0 (Macintosh; Intel Mac OS X 10_11) AppleWebKit/601.1.27 (KHTML, like Gecko) Chrome/47.0.2526.106 Safari/601.1.27" "-"
216.73.216.0 - - [21/Jun/2026:00:04:52 +0200] "GET /product/01507602411 HTTP/1.1" 200 42265 frangenheim.de "-" "Mozilla/5.0 AppleWebKit/537.36 (KHTML, like Gecko; compatible; ClaudeBot/1.0; +claudebot@anthropic.com)" "-"
51.89.129.0 - - [21/Jun/2026:00:04:54 +0200] "GET /special/014083182377 HTTP/1.1" 200 42264 frangenheim.de "-" "Mozilla/5.0 (compatible; AhrefsBot/7.0; +http://ahrefs.com/robot/)" "-"
216.73.216.0 - - [21/Jun/2026:00:04:55 +0200] "GET /product/01225158685 HTTP/1.1" 200 42265 frangenheim.de "-" "Mozilla/5.0 AppleWebKit/537.36 (KHTML, like Gecko; compatible; ClaudeBot/1.0; +claudebot@anthropic.com)" "-"
74.7.241.0 - - [21/Jun/2026:00:04:56 +0200] "GET /?lokasie=/homepages/37/d171104759/phpinilist&loknya=/homepages/37/d171104759 HTTP/1.1" 200 4069 frangenheim.de "http://frangenheim.de/?loknya=/homepages/37/d171104759" "Mozilla/5.0 AppleWebKit/537.36 (KHTML, like Gecko; compatible; GPTBot/1.4; +https://openai.com/gptbot)" "-"
216.73.216.0 - - [21/Jun/2026:00:04:58 +0200] "GET /product/012860747078 HTTP/1.1" 200 42265 frangenheim.de "-" "Mozilla/5.0 AppleWebKit/537.36 (KHTML, like Gecko; compatible; ClaudeBot/1.0; +claudebot@anthropic.com)" "-"
216.73.216.0 - - [21/Jun/2026:00:05:01 +0200] "GET /goodscode/012070156017?loknya=%2Fhomepages%2F46%2Fd94061663%2Fhtdocs HTTP/1.1" 200 31074 frangenheim.de "-" "Mozilla/5.0 AppleWebKit/537.36 (KHTML, like Gecko; compatible; ClaudeBot/1.0; +claudebot@anthropic.com)" "-"
216.73.216.0 - - [21/Jun/2026:00:05:04 +0200] "GET /detail/01491295933 HTTP/1.1" 200 42265 frangenheim.de "-" "Mozilla/5.0 AppleWebKit/537.36 (KHTML, like Gecko; compatible; ClaudeBot/1.0; +claudebot@anthropic.com)" "-"
216.73.216.0 - - [21/Jun/2026:00:05:07 +0200] "GET /shopping/013889398159 HTTP/1.1" 200 42265 frangenheim.de "-" "Mozilla/5.0 AppleWebKit/537.36 (KHTML, like Gecko; compatible; ClaudeBot/1.0; +claudebot@anthropic.com)" "-"
66.249.68.0 - - [21/Jun/2026:00:05:08 +0200] "GET /detail/671608855038 HTTP/1.1" 200 205045 frangenheim.de "-" "Mozilla/5.0 (Linux; Android 6.0.1; Nexus 5X Build/MMB29P) AppleWebKit/537.36 (KHTML, like Gecko) Chrome/148.0.7778.96 Mobile Safari/537.36 (compatible; GoogleOther)" "-"
216.73.216.0 - - [21/Jun/2026:00:05:10 +0200] "GET /entity/012948790956?loknya=%2Fhomepages%2F46%2Fd94061663%2Fhtdocs HTTP/1.1" 200 31074 frangenheim.de "-" "Mozilla/5.0 AppleWebKit/537.36 (KHTML, like Gecko; compatible; ClaudeBot/1.0; +claudebot@anthropic.com)" "-"
216.73.216.0 - - [21/Jun/2026:00:05:13 +0200] "GET /shopping/011167303885 HTTP/1.1" 200 42265 frangenheim.de "-" "Mozilla/5.0 AppleWebKit/537.36 (KHTML, like Gecko; compatible; ClaudeBot/1.0; +claudebot@anthropic.com)" "-"
216.73.216.0 - - [21/Jun/2026:00:05:16 +0200] "GET /product/014252002734 HTTP/1.1" 200 42265 frangenheim.de "-" "Mozilla/5.0 AppleWebKit/537.36 (KHTML, like Gecko; compatible; ClaudeBot/1.0; +claudebot@anthropic.com)" "-"
216.73.216.0 - - [21/Jun/2026:00:05:19 +0200] "GET /product/013580404555 HTTP/1.1" 200 42265 frangenheim.de "-" "Mozilla/5.0 AppleWebKit/537.36 (KHTML, like Gecko; compatible; ClaudeBot/1.0; +claudebot@anthropic.com)" "-"
216.73.216.0 - - [21/Jun/2026:00:05:22 +0200] "GET /products/012863783255 HTTP/1.1" 200 42265 frangenheim.de "-" "Mozilla/5.0 AppleWebKit/537.36 (KHTML, like Gecko; compatible; ClaudeBot/1.0; +claudebot@anthropic.com)" "-"
66.249.68.0 - - [21/Jun/2026:00:05:22 +0200] "GET /detail/031802488935 HTTP/1.1" 200 195716 frangenheim.de "-" "Mozilla/5.0 (Linux; Android 6.0.1; Nexus 5X Build/MMB29P) AppleWebKit/537.36 (KHTML, like Gecko) Chrome/148.0.7778.96 Mobile Safari/537.36 (compatible; GoogleOther)" "-"
216.73.216.0 - - [21/Jun/2026:00:05:25 +0200] "GET /shopping/014073798097 HTTP/1.1" 200 42265 frangenheim.de "-" "Mozilla/5.0 AppleWebKit/537.36 (KHTML, like Gecko; compatible; ClaudeBot/1.0; +claudebot@anthropic.com)" "-"
66.249.68.0 - - [21/Jun/2026:00:05:25 +0200] "GET /detail/76814167103 HTTP/1.1" 200 190764 frangenheim.de "-" "Mozilla/5.0 (Linux; Android 6.0.1; Nexus 5X Build/MMB29P) AppleWebKit/537.36 (KHTML, like Gecko) Chrome/148.0.7778.96 Mobile Safari/537.36 (compatible; Googlebot/2.1; +http://www.google.com/bot.html)" "-"
216.73.216.0 - - [21/Jun/2026:00:05:28 +0200] "GET /shopping/01605439906 HTTP/1.1" 429 267 frangenheim.de "-" "Mozilla/5.0 AppleWebKit/537.36 (KHTML, like Gecko; compatible; ClaudeBot/1.0; +claudebot@anthropic.com)" "-"
66.249.68.0 - - [21/Jun/2026:00:05:28 +0200] "GET /shopping/752230359994 HTTP/1.1" 200 199042 frangenheim.de "-" "Mozilla/5.0 (Linux; Android 6.0.1; Nexus 5X Build/MMB29P) AppleWebKit/537.36 (KHTML, like Gecko) Chrome/148.0.7778.96 Mobile Safari/537.36 (compatible; Googlebot/2.1; +http://www.google.com/bot.html)" "-"
216.73.216.0 - - [21/Jun/2026:00:05:31 +0200] "GET /shopping/011249343328 HTTP/1.1" 429 267 frangenheim.de "-" "Mozilla/5.0 AppleWebKit/537.36 (KHTML, like Gecko; compatible; ClaudeBot/1.0; +claudebot@anthropic.com)" "-"
66.249.68.0 - - [21/Jun/2026:00:05:31 +0200] "GET /detail/882177569179 HTTP/1.1" 200 192543 frangenheim.de "-" "Mozilla/5.0 (Linux; Android 6.0.1; Nexus 5X Build/MMB29P) AppleWebKit/537.36 (KHTML, like Gecko) Chrome/148.0.7778.96 Mobile Safari/537.36 (compatible; GoogleOther)" "-"
66.249.68.0 - - [21/Jun/2026:00:05:32 +0200] "GET /detail/711990666559 HTTP/1.1" 200 196449 frangenheim.de "-" "Mozilla/5.0 (Linux; Android 6.0.1; Nexus 5X Build/MMB29P) AppleWebKit/537.36 (KHTML, like Gecko) Chrome/148.0.7778.96 Mobile Safari/537.36 (compatible; Googlebot/2.1; +http://www.google.com/bot.html)" "-"
216.73.216.0 - - [21/Jun/2026:00:05:34 +0200] "GET /products/011435537305 HTTP/1.1" 429 267 frangenheim.de "-" "Mozilla/5.0 AppleWebKit/537.36 (KHTML, like Gecko; compatible; ClaudeBot/1.0; +claudebot@anthropic.com)" "-"
66.249.68.0 - - [21/Jun/2026:00:05:37 +0200] "GET /detail/82201389657 HTTP/1.1" 200 197506 frangenheim.de "-" "Mozilla/5.0 (Linux; Android 6.0.1; Nexus 5X Build/MMB29P) AppleWebKit/537.36 (KHTML, like Gecko) Chrome/148.0.7778.96 Mobile Safari/537.36 (compatible; GoogleOther)" "-"
216.73.216.0 - - [21/Jun/2026:00:05:39 +0200] "GET /entity/012818790621 HTTP/1.1" 429 267 frangenheim.de "-" "Mozilla/5.0 AppleWebKit/537.36 (KHTML, like Gecko; compatible; ClaudeBot/1.0; +claudebot@anthropic.com)" "-"
216.73.216.0 - - [21/Jun/2026:00:05:42 +0200] "GET /items/013777280503 HTTP/1.1" 429 267 frangenheim.de "-" "Mozilla/5.0 AppleWebKit/537.36 (KHTML, like Gecko; compatible; ClaudeBot/1.0; +claudebot@anthropic.com)" "-"
66.249.68.0 - - [21/Jun/2026:00:05:44 +0200] "GET /detail/064083313416 HTTP/1.1" 200 198772 frangenheim.de "-" "Mozilla/5.0 (Linux; Android 6.0.1; Nexus 5X Build/MMB29P) AppleWebKit/537.36 (KHTML, like Gecko) Chrome/148.0.7778.96 Mobile Safari/537.36 (compatible; GoogleOther)" "-"
216.73.216.0 - - [21/Jun/2026:00:05:45 +0200] "GET /goodscode/0144165035 HTTP/1.1" 429 267 frangenheim.de "-" "Mozilla/5.0 AppleWebKit/537.36 (KHTML, like Gecko; compatible; ClaudeBot/1.0; +claudebot@anthropic.com)" "-"
216.73.216.0 - - [21/Jun/2026:00:05:48 +0200] "GET /goodscode/0156896 HTTP/1.1" 429 267 frangenheim.de "-" "Mozilla/5.0 AppleWebKit/537.36 (KHTML, like Gecko; compatible; ClaudeBot/1.0; +claudebot@anthropic.com)" "-"
51.195.183.0 - - [21/Jun/2026:00:05:50 +0200] "GET /special/013348937900 HTTP/1.1" 200 42264 frangenheim.de "-" "Mozilla/5.0 (compatible; AhrefsBot/7.0; +http://ahrefs.com/robot/)" "-"
216.73.216.0 - - [21/Jun/2026:00:05:52 +0200] "GET /entity/01948111484 HTTP/1.1" 429 267 frangenheim.de "-" "Mozilla/5.0 AppleWebKit/537.36 (KHTML, like Gecko; compatible; ClaudeBot/1.0; +claudebot@anthropic.com)" "-"
216.73.216.0 - - [21/Jun/2026:00:05:54 +0200] "GET /items/012946540920 HTTP/1.1" 429 267 frangenheim.de "-" "Mozilla/5.0 AppleWebKit/537.36 (KHTML, like Gecko; compatible; ClaudeBot/1.0; +claudebot@anthropic.com)" "-"
66.249.68.0 - - [21/Jun/2026:00:05:55 +0200] "GET /detail/783305829957 HTTP/1.1" 200 200893 frangenheim.de "-" "Mozilla/5.0 (Linux; Android 6.0.1; Nexus 5X Build/MMB29P) AppleWebKit/537.36 (KHTML, like Gecko) Chrome/148.0.7778.96 Mobile Safari/537.36 (compatible; GoogleOther)" "-"
216.73.216.0 - - [21/Jun/2026:00:05:57 +0200] "GET /entity/014065033161 HTTP/1.1" 429 267 frangenheim.de "-" "Mozilla/5.0 AppleWebKit/537.36 (KHTML, like Gecko; compatible; ClaudeBot/1.0; +claudebot@anthropic.com)" "-"
74.7.241.0 - - [21/Jun/2026:00:05:59 +0200] "GET /?loknya=/homepages/34/d171149030 HTTP/1.1" 429 267 frangenheim.de "http://frangenheim.de/?loknya=/homepages/34" "Mozilla/5.0 AppleWebKit/537.36 (KHTML, like Gecko; compatible; GPTBot/1.4; +https://openai.com/gptbot)" "-"
216.73.216.0 - - [21/Jun/2026:00:06:00 +0200] "GET /entity/014049887464 HTTP/1.1" 429 267 frangenheim.de "-" "Mozilla/5.0 AppleWebKit/537.36 (KHTML, like Gecko; compatible; ClaudeBot/1.0; +claudebot@anthropic.com)" "-"
183.134.40.0 - - [21/Jun/2026:00:06:02 +0200] "GET /favicon.ico HTTP/1.1" 404 1271 concepts-of-doing.de "-" "Dalvik/2.1.0 (Linux; U; Android 9.0; ZTE BA520 Build/MRA58K)" "-"
216.73.216.0 - - [21/Jun/2026:00:06:03 +0200] "GET /entity/01845694142 HTTP/1.1" 429 267 frangenheim.de "-" "Mozilla/5.0 AppleWebKit/537.36 (KHTML, like Gecko; compatible; ClaudeBot/1.0; +claudebot@anthropic.com)" "-"
66.249.68.0 - - [21/Jun/2026:00:06:04 +0200] "GET /detail/652418804663 HTTP/1.1" 200 191540 frangenheim.de "-" "Mozilla/5.0 (Linux; Android 6.0.1; Nexus 5X Build/MMB29P) AppleWebKit/537.36 (KHTML, like Gecko) Chrome/148.0.7778.96 Mobile Safari/537.36 (compatible; GoogleOther)" "-"
216.73.216.0 - - [21/Jun/2026:00:06:09 +0200] "GET /products/014030716223 HTTP/1.1" 429 267 frangenheim.de "-" "Mozilla/5.0 AppleWebKit/537.36 (KHTML, like Gecko; compatible; ClaudeBot/1.0; +claudebot@anthropic.com)" "-"
216.73.216.0 - - [21/Jun/2026:00:06:11 +0200] "GET /shopping/01127139635 HTTP/1.1" 429 267 frangenheim.de "-" "Mozilla/5.0 AppleWebKit/537.36 (KHTML, like Gecko; compatible; ClaudeBot/1.0; +claudebot@anthropic.com)" "-"
66.249.68.0 - - [21/Jun/2026:00:06:13 +0200] "GET /detail/051906498006 HTTP/1.1" 200 197893 frangenheim.de "-" "Mozilla/5.0 (Linux; Android 6.0.1; Nexus 5X Build/MMB29P) AppleWebKit/537.36 (KHTML, like Gecko) Chrome/148.0.7778.96 Mobile Safari/537.36 (compatible; GoogleOther)" "-"
216.73.216.0 - - [21/Jun/2026:00:06:14 +0200] "GET /shopping/014143145977 HTTP/1.1" 429 267 frangenheim.de "-" "Mozilla/5.0 AppleWebKit/537.36 (KHTML, like Gecko; compatible; ClaudeBot/1.0; +claudebot@anthropic.com)" "-"
216.73.216.0 - - [21/Jun/2026:00:06:17 +0200] "GET /products/011093755782 HTTP/1.1" 429 267 frangenheim.de "-" "Mozilla/5.0 AppleWebKit/537.36 (KHTML, like Gecko; compatible; ClaudeBot/1.0; +claudebot@anthropic.com)" "-"
198.244.240.0 - - [21/Jun/2026:00:06:17 +0200] "GET /special/013206527080 HTTP/1.1" 200 42265 frangenheim.de "-" "Mozilla/5.0 (compatible; AhrefsBot/7.0; +http://ahrefs.com/robot/)" "-"
216.73.216.0 - - [21/Jun/2026:00:06:20 +0200] "GET /market/0156865721 HTTP/1.1" 429 267 frangenheim.de "-" "Mozilla/5.0 AppleWebKit/537.36 (KHTML, like Gecko; compatible; ClaudeBot/1.0; +claudebot@anthropic.com)" "-"
66.249.68.0 - - [21/Jun/2026:00:06:22 +0200] "GET /goods/863510371095 HTTP/1.1" 200 192213 frangenheim.de "-" "Mozilla/5.0 (Linux; Android 6.0.1; Nexus 5X Build/MMB29P) AppleWebKit/537.36 (KHTML, like Gecko) Chrome/148.0.7778.96 Mobile Safari/537.36 (compatible; GoogleOther)" "-"
216.73.216.0 - - [21/Jun/2026:00:06:23 +0200] "GET /products/01855610576 HTTP/1.1" 429 267 frangenheim.de "-" "Mozilla/5.0 AppleWebKit/537.36 (KHTML, like Gecko; compatible; ClaudeBot/1.0; +claudebot@anthropic.com)" "-"
216.73.216.0 - - [21/Jun/2026:00:06:26 +0200] "GET /entity/012638587347?loknya=%2Fhomepages%2F46%2Fd94061663%2Fhtdocs HTTP/1.1" 429 267 frangenheim.de "-" "Mozilla/5.0 AppleWebKit/537.36 (KHTML, like Gecko; compatible; ClaudeBot/1.0; +claudebot@anthropic.com)" "-"
216.73.216.0 - - [21/Jun/2026:00:06:29 +0200] "GET /shopping/014130927919 HTTP/1.1" 200 42265 frangenheim.de "-" "Mozilla/5.0 AppleWebKit/537.36 (KHTML, like Gecko; compatible; ClaudeBot/1.0; +claudebot@anthropic.com)" "-"
216.73.216.0 - - [21/Jun/2026:00:06:32 +0200] "GET /product/013400354011 HTTP/1.1" 200 42265 frangenheim.de "-" "Mozilla/5.0 AppleWebKit/537.36 (KHTML, like Gecko; compatible; ClaudeBot/1.0; +claudebot@anthropic.com)" "-"
51.89.129.0 - - [21/Jun/2026:00:06:34 +0200] "GET /shopping/01886623901 HTTP/1.1" 200 42264 frangenheim.de "-" "Mozilla/5.0 (compatible; AhrefsBot/7.0; +http://ahrefs.com/robot/)" "-"
216.73.216.0 - - [21/Jun/2026:00:06:35 +0200] "GET /products/011517964575 HTTP/1.1" 200 42265 frangenheim.de "-" "Mozilla/5.0 AppleWebKit/537.36 (KHTML, like Gecko; compatible; ClaudeBot/1.0; +claudebot@anthropic.com)" "-"
66.249.68.0 - - [21/Jun/2026:00:06:36 +0200] "GET /detail/824125310887 HTTP/1.1" 200 200223 frangenheim.de "-" "Mozilla/5.0 (Linux; Android 6.0.1; Nexus 5X Build/MMB29P) AppleWebKit/537.36 (KHTML, like Gecko) Chrome/148.0.7778.96 Mobile Safari/537.36 (compatible; GoogleOther)" "-"
216.73.216.0 - - [21/Jun/2026:00:06:39 +0200] "GET /products/013931236077 HTTP/1.1" 200 42265 frangenheim.de "-" "Mozilla/5.0 AppleWebKit/537.36 (KHTML, like Gecko; compatible; ClaudeBot/1.0; +claudebot@anthropic.com)" "-"
216.73.216.0 - - [21/Jun/2026:00:06:42 +0200] "GET /products/01914110998 HTTP/1.1" 200 42265 frangenheim.de "-" "Mozilla/5.0 AppleWebKit/537.36 (KHTML, like Gecko; compatible; ClaudeBot/1.0; +claudebot@anthropic.com)" "-"
198.244.240.0 - - [21/Jun/2026:00:06:43 +0200] "GET /shopping/013525020454 HTTP/1.1" 200 42266 frangenheim.de "-" "Mozilla/5.0 (compatible; AhrefsBot/7.0; +http://ahrefs.com/robot/)" "-"
216.73.216.0 - - [21/Jun/2026:00:06:45 +0200] "GET /products/013718242847 HTTP/1.1" 200 42265 frangenheim.de "-" "Mozilla/5.0 AppleWebKit/537.36 (KHTML, like Gecko; compatible; ClaudeBot/1.0; +claudebot@anthropic.com)" "-"
51.89.129.0 - - [21/Jun/2026:00:06:48 +0200] "GET /shopping/013449845406 HTTP/1.1" 200 42264 frangenheim.de "-" "Mozilla/5.0 (compatible; AhrefsBot/7.0; +http://ahrefs.com/robot/)" "-"
216.73.216.0 - - [21/Jun/2026:00:06:48 +0200] "GET /detail/01760112799 HTTP/1.1" 200 42265 frangenheim.de "-" "Mozilla/5.0 AppleWebKit/537.36 (KHTML, like Gecko; compatible; ClaudeBot/1.0; +claudebot@anthropic.com)" "-"
216.73.216.0 - - [21/Jun/2026:00:06:51 +0200] "GET /products/01101934298 HTTP/1.1" 200 42265 frangenheim.de "-" "Mozilla/5.0 AppleWebKit/537.36 (KHTML, like Gecko; compatible; ClaudeBot/1.0; +claudebot@anthropic.com)" "-"
74.7.241.0 - - [21/Jun/2026:00:06:54 +0200] "GET /?loknya=/homepages/12/d171177725/managed HTTP/1.1" 200 5255 frangenheim.de "http://frangenheim.de/?loknya=/homepages/12/d171177725" "Mozilla/5.0 AppleWebKit/537.36 (KHTML, like Gecko; compatible; GPTBot/1.4; +https://openai.com/gptbot)" "-"
216.73.216.0 - - [21/Jun/2026:00:06:54 +0200] "GET /products/011012244481 HTTP/1.1" 200 42265 frangenheim.de "-" "Mozilla/5.0 AppleWebKit/537.36 (KHTML, like Gecko; compatible; ClaudeBot/1.0; +claudebot@anthropic.com)" "-"
36.150.60.0 - - [21/Jun/2026:00:06:55 +0200] "GET / HTTP/1.1" 200 1516 concepts-of-doing.de "-" "Mozilla/5.0 (Windows; U; Windows NT 6.1; en-US) AppleWebKit/531.4 (KHTML, like Gecko) Chrome/3.0.194.0 Safari/531.4" "-"
54.38.147.0 - - [21/Jun/2026:00:06:56 +0200] "GET /shopping/011518316932 HTTP/1.1" 200 42263 frangenheim.de "-" "Mozilla/5.0 (compatible; AhrefsBot/7.0; +http://ahrefs.com/robot/)" "-"
216.73.216.0 - - [21/Jun/2026:00:06:57 +0200] "GET /products/013705223100 HTTP/1.1" 200 42265 frangenheim.de "-" "Mozilla/5.0 AppleWebKit/537.36 (KHTML, like Gecko; compatible; ClaudeBot/1.0; +claudebot@anthropic.com)" "-"
66.249.68.0 - - [21/Jun/2026:00:06:57 +0200] "GET /detail/783917558827 HTTP/1.1" 200 195602 frangenheim.de "-" "Mozilla/5.0 (Linux; Android 6.0.1; Nexus 5X Build/MMB29P) AppleWebKit/537.36 (KHTML, like Gecko) Chrome/148.0.7778.96 Mobile Safari/537.36 (compatible; GoogleOther)" "-"
216.73.216.0 - - [21/Jun/2026:00:07:00 +0200] "GET /shopping/014252878264 HTTP/1.1" 200 42265 frangenheim.de "-" "Mozilla/5.0 AppleWebKit/537.36 (KHTML, like Gecko; compatible; ClaudeBot/1.0; +claudebot@anthropic.com)" "-"
216.73.216.0 - - [21/Jun/2026:00:07:03 +0200] "GET /product/011047541171 HTTP/1.1" 200 42265 frangenheim.de "-" "Mozilla/5.0 AppleWebKit/537.36 (KHTML, like Gecko; compatible; ClaudeBot/1.0; +claudebot@anthropic.com)" "-"
66.249.68.0 - - [21/Jun/2026:00:07:05 +0200] "GET /detail/033587099820 HTTP/1.1" 200 202353 frangenheim.de "-" "Mozilla/5.0 (Linux; Android 6.0.1; Nexus 5X Build/MMB29P) AppleWebKit/537.36 (KHTML, like Gecko) Chrome/148.0.7778.96 Mobile Safari/537.36 (compatible; GoogleOther)" "-"
51.195.244.0 - - [21/Jun/2026:00:07:06 +0200] "GET /shopdetail/013575377602 HTTP/1.1" 200 42265 frangenheim.de "-" "Mozilla/5.0 (compatible; AhrefsBot/7.0; +http://ahrefs.com/robot/)" "-"
216.73.216.0 - - [21/Jun/2026:00:07:06 +0200] "GET /shopping/011649588092 HTTP/1.1" 200 42265 frangenheim.de "-" "Mozilla/5.0 AppleWebKit/537.36 (KHTML, like Gecko; compatible; ClaudeBot/1.0; +claudebot@anthropic.com)" "-"
51.89.129.0 - - [21/Jun/2026:00:07:07 +0200] "GET /shopdetail/011851494500 HTTP/1.1" 200 42263 frangenheim.de "-" "Mozilla/5.0 (compatible; AhrefsBot/7.0; +http://ahrefs.com/robot/)" "-"
216.73.216.0 - - [21/Jun/2026:00:07:12 +0200] "GET /detail/011114136012 HTTP/1.1" 200 42265 frangenheim.de "-" "Mozilla/5.0 AppleWebKit/537.36 (KHTML, like Gecko; compatible; ClaudeBot/1.0; +claudebot@anthropic.com)" "-"
216.73.216.0 - - [21/Jun/2026:00:07:15 +0200] "GET /shopping/011551147480 HTTP/1.1" 200 42265 frangenheim.de "-" "Mozilla/5.0 AppleWebKit/537.36 (KHTML, like Gecko; compatible; ClaudeBot/1.0; +claudebot@anthropic.com)" "-"
51.195.215.0 - - [21/Jun/2026:00:07:15 +0200] "GET /shopbrand/014153249993 HTTP/1.1" 200 42265 frangenheim.de "-" "Mozilla/5.0 (compatible; AhrefsBot/7.0; +http://ahrefs.com/robot/)" "-"
66.249.68.0 - - [21/Jun/2026:00:07:16 +0200] "GET /detail/811762569345 HTTP/1.1" 200 201336 frangenheim.de "-" "Mozilla/5.0 (Linux; Android 6.0.1; Nexus 5X Build/MMB29P) AppleWebKit/537.36 (KHTML, like Gecko) Chrome/148.0.7778.96 Mobile Safari/537.36 (compatible; GoogleOther)" "-"
216.73.216.0 - - [21/Jun/2026:00:07:18 +0200] "GET /products/01381315463 HTTP/1.1" 200 42265 frangenheim.de "-" "Mozilla/5.0 AppleWebKit/537.36 (KHTML, like Gecko; compatible; ClaudeBot/1.0; +claudebot@anthropic.com)" "-"
198.244.168.0 - - [21/Jun/2026:00:07:19 +0200] "GET /shopbrand/014050318428 HTTP/1.1" 200 42266 frangenheim.de "-" "Mozilla/5.0 (compatible; AhrefsBot/7.0; +http://ahrefs.com/robot/)" "-"
216.73.216.0 - - [21/Jun/2026:00:07:21 +0200] "GET /products/012826740220 HTTP/1.1" 200 42265 frangenheim.de "-" "Mozilla/5.0 AppleWebKit/537.36 (KHTML, like Gecko; compatible; ClaudeBot/1.0; +claudebot@anthropic.com)" "-"
216.73.216.0 - - [21/Jun/2026:00:07:24 +0200] "GET /products/013182596801 HTTP/1.1" 200 42265 frangenheim.de "-" "Mozilla/5.0 AppleWebKit/537.36 (KHTML, like Gecko; compatible; ClaudeBot/1.0; +claudebot@anthropic.com)" "-"
66.249.68.0 - - [21/Jun/2026:00:07:24 +0200] "GET /detail/832497886634 HTTP/1.1" 200 197457 frangenheim.de "-" "Mozilla/5.0 (Linux; Android 6.0.1; Nexus 5X Build/MMB29P) AppleWebKit/537.36 (KHTML, like Gecko) Chrome/148.0.7778.96 Mobile Safari/537.36 (compatible; GoogleOther)" "-"
216.73.216.0 - - [21/Jun/2026:00:07:27 +0200] "GET /products/014002547854 HTTP/1.1" 200 42265 frangenheim.de "-" "Mozilla/5.0 AppleWebKit/537.36 (KHTML, like Gecko; compatible; ClaudeBot/1.0; +claudebot@anthropic.com)" "-"
216.73.216.0 - - [21/Jun/2026:00:07:30 +0200] "GET /products/013099444108 HTTP/1.1" 200 42265 frangenheim.de "-" "Mozilla/5.0 AppleWebKit/537.36 (KHTML, like Gecko; compatible; ClaudeBot/1.0; +claudebot@anthropic.com)" "-"
216.73.216.0 - - [21/Jun/2026:00:07:33 +0200] "GET /shopping/011946049073 HTTP/1.1" 429 267 frangenheim.de "-" "Mozilla/5.0 AppleWebKit/537.36 (KHTML, like Gecko; compatible; ClaudeBot/1.0; +claudebot@anthropic.com)" "-"
198.244.240.0 - - [21/Jun/2026:00:07:34 +0200] "GET /products/014004699082 HTTP/1.1" 200 42265 frangenheim.de "-" "Mozilla/5.0 (compatible; AhrefsBot/7.0; +http://ahrefs.com/robot/)" "-"
54.38.147.0 - - [21/Jun/2026:00:07:35 +0200] "GET /products/01670300016 HTTP/1.1" 200 42264 frangenheim.de "-" "Mozilla/5.0 (compatible; AhrefsBot/7.0; +http://ahrefs.com/robot/)" "-"
216.73.216.0 - - [21/Jun/2026:00:07:36 +0200] "GET /products/013222415428 HTTP/1.1" 429 267 frangenheim.de "-" "Mozilla/5.0 AppleWebKit/537.36 (KHTML, like Gecko; compatible; ClaudeBot/1.0; +claudebot@anthropic.com)" "-"
66.249.68.0 - - [21/Jun/2026:00:07:36 +0200] "GET /detail/781659290529 HTTP/1.1" 200 199550 frangenheim.de "-" "Mozilla/5.0 (Linux; Android 6.0.1; Nexus 5X Build/MMB29P) AppleWebKit/537.36 (KHTML, like Gecko) Chrome/148.0.7778.96 Mobile Safari/537.36 (compatible; GoogleOther)" "-"
216.73.216.0 - - [21/Jun/2026:00:07:39 +0200] "GET /product/011015885581 HTTP/1.1" 429 267 frangenheim.de "-" "Mozilla/5.0 AppleWebKit/537.36 (KHTML, like Gecko; compatible; ClaudeBot/1.0; +claudebot@anthropic.com)" "-"
51.89.129.0 - - [21/Jun/2026:00:07:41 +0200] "GET /products/013646025177 HTTP/1.1" 200 42264 frangenheim.de "-" "Mozilla/5.0 (compatible; AhrefsBot/7.0; +http://ahrefs.com/robot/)" "-"
216.73.216.0 - - [21/Jun/2026:00:07:42 +0200] "GET /products/012300403803 HTTP/1.1" 429 267 frangenheim.de "-" "Mozilla/5.0 AppleWebKit/537.36 (KHTML, like Gecko; compatible; ClaudeBot/1.0; +claudebot@anthropic.com)" "-"
183.134.40.0 - - [21/Jun/2026:00:07:44 +0200] "GET / HTTP/1.1" 200 1516 concepts-of-doing.de "-" "Mozilla/5.0 (Windows; U; Windows NT 6.1; it; rv:1.9.2.8) Gecko/20100722 AskTbADAP/3.9.1.14019 Firefox/3.6.8" "-"
216.73.216.0 - - [21/Jun/2026:00:07:45 +0200] "GET /shopping/01221843891 HTTP/1.1" 429 267 frangenheim.de "-" "Mozilla/5.0 AppleWebKit/537.36 (KHTML, like Gecko; compatible; ClaudeBot/1.0; +claudebot@anthropic.com)" "-"
216.73.216.0 - - [21/Jun/2026:00:07:48 +0200] "GET /shopping/01689185819 HTTP/1.1" 429 267 frangenheim.de "-" "Mozilla/5.0 AppleWebKit/537.36 (KHTML, like Gecko; compatible; ClaudeBot/1.0; +claudebot@anthropic.com)" "-"
51.195.215.0 - - [21/Jun/2026:00:07:49 +0200] "GET /products/012652830139 HTTP/1.1" 200 42264 frangenheim.de "-" "Mozilla/5.0 (compatible; AhrefsBot/7.0; +http://ahrefs.com/robot/)" "-"
