216.73.216.0 - - [21/Jun/2026:04:32:43 +0200] "GET /info/01177669563?loknya=%2Fhomepages%2F46%2Fd94061663%2Fhtdocs%2Fclickandbuilds%2FAlexanderFrangenheim%2Fwp-includes%2Fphp-compat HTTP/1.1" 200 9126 frangenheim.de "-" "Mozilla/5.0 AppleWebKit/537.36 (KHTML, like Gecko; compatible; ClaudeBot/1.0; +claudebot@anthropic.com)" "-"
216.73.216.0 - - [21/Jun/2026:04:32:47 +0200] "GET /items/011403500249?loknya=%2Fhomepages%2F46%2Fd94061663%2Fhtdocs%2F HTTP/1.1" 200 31130 frangenheim.de "-" "Mozilla/5.0 AppleWebKit/537.36 (KHTML, like Gecko; compatible; ClaudeBot/1.0; +claudebot@anthropic.com)" "-"
51.79.151.0 - - [21/Jun/2026:04:32:50 +0200] "GET / HTTP/1.1" 301 - www.studioboerne45.de "-" "Mozilla/5.0 (Linux; Android 11; CPH2185) AppleWebKit/537.36 (KHTML, like Gecko) Chrome/91.0.4472.101 Mobile Safari/537.36" "-"
216.73.216.0 - - [21/Jun/2026:04:32:51 +0200] "GET /entity/013883960282?loknya=%2Fhomepages%2F46%2Fd94061663%2Fhtdocs HTTP/1.1" 200 31074 frangenheim.de "-" "Mozilla/5.0 AppleWebKit/537.36 (KHTML, like Gecko; compatible; ClaudeBot/1.0; +claudebot@anthropic.com)" "-"
51.79.151.0 - - [21/Jun/2026:04:32:52 +0200] "GET / HTTP/1.1" 200 12395 studioboerne45.de "-" "Mozilla/5.0 (Linux; Android 11; CPH2185) AppleWebKit/537.36 (KHTML, like Gecko) Chrome/91.0.4472.101 Mobile Safari/537.36" "-"
216.73.216.0 - - [21/Jun/2026:04:32:55 +0200] "GET /info/01700246836?loknya=%2Fhomepages%2F46%2Fd94061663%2Fhtdocs HTTP/1.1" 200 31074 frangenheim.de "-" "Mozilla/5.0 AppleWebKit/537.36 (KHTML, like Gecko; compatible; ClaudeBot/1.0; +claudebot@anthropic.com)" "-"
216.73.216.0 - - [21/Jun/2026:04:32:59 +0200] "GET /goodscode/011407865653?lokasie=%2Fhomepages%2F46%2Fd94061663%2Fhtdocs%2Fclickandbuilds%2FAlexanderFrangenheim%2Fwp-includes%2Fclass-wpdb.php&loknya=%2Fhomepages%2F46%2Fd94061663%2Fhtdocs%2Fclickandbuilds%2FAlexanderFrangenheim%2Fwp-includes HTTP/1.1" 200 127110 frangenheim.de "-" "Mozilla/5.0 AppleWebKit/537.36 (KHTML, like Gecko; compatible; ClaudeBot/1.0; +claudebot@anthropic.com)" "-"
216.73.216.0 - - [21/Jun/2026:04:33:03 +0200] "GET /entity/011837180864?loknya=%2Fhomepages%2F46%2Fd94061663%2Fhtdocs%2F HTTP/1.1" 200 31130 frangenheim.de "-" "Mozilla/5.0 AppleWebKit/537.36 (KHTML, like Gecko; compatible; ClaudeBot/1.0; +claudebot@anthropic.com)" "-"
216.73.216.0 - - [21/Jun/2026:04:33:07 +0200] "GET /items/014070672937?loknya=%2Fhomepages%2F46%2Fd94061663%2Fhtdocs%2F HTTP/1.1" 200 31130 frangenheim.de "-" "Mozilla/5.0 AppleWebKit/537.36 (KHTML, like Gecko; compatible; ClaudeBot/1.0; +claudebot@anthropic.com)" "-"
216.73.216.0 - - [21/Jun/2026:04:33:11 +0200] "GET /items/01572897109?loknya=%2Fhomepages%2F46%2Fd94061663%2Fhtdocs HTTP/1.1" 200 31074 frangenheim.de "-" "Mozilla/5.0 AppleWebKit/537.36 (KHTML, like Gecko; compatible; ClaudeBot/1.0; +claudebot@anthropic.com)" "-"
66.249.68.0 - - [21/Jun/2026:04:33:14 +0200] "GET /goodscode/71654909061 HTTP/1.1" 200 201680 frangenheim.de "-" "Mozilla/5.0 (Linux; Android 6.0.1; Nexus 5X Build/MMB29P) AppleWebKit/537.36 (KHTML, like Gecko) Chrome/148.0.7778.96 Mobile Safari/537.36 (compatible; GoogleOther)" "-"
216.73.216.0 - - [21/Jun/2026:04:33:16 +0200] "GET /item/014036781925?loknya=%2Fhomepages%2F46%2Fd94061663%2Fhtdocs%2F HTTP/1.1" 200 31130 frangenheim.de "-" "Mozilla/5.0 AppleWebKit/537.36 (KHTML, like Gecko; compatible; ClaudeBot/1.0; +claudebot@anthropic.com)" "-"
216.73.216.0 - - [21/Jun/2026:04:33:19 +0200] "GET /items/011474367368?lokasie=%2Fhomepages%2F46%2Fd94061663%2Fhtdocs%2Fframeset.html&loknya=%2Fhomepages%2F46%2Fd94061663%2Fhtdocs HTTP/1.1" 200 5121 frangenheim.de "-" "Mozilla/5.0 AppleWebKit/537.36 (KHTML, like Gecko; compatible; ClaudeBot/1.0; +claudebot@anthropic.com)" "-"
198.244.226.0 - - [21/Jun/2026:04:33:21 +0200] "GET /item/01550865365 HTTP/1.1" 200 42266 frangenheim.de "-" "Mozilla/5.0 (compatible; AhrefsBot/7.0; +http://ahrefs.com/robot/)" "-"
216.73.216.0 - - [21/Jun/2026:04:33:23 +0200] "GET /entity/012669904306?loknya=%2Fhomepages%2F46%2Fd94061663%2Fhtdocs%2Fconcepts HTTP/1.1" 200 16739 frangenheim.de "-" "Mozilla/5.0 AppleWebKit/537.36 (KHTML, like Gecko; compatible; ClaudeBot/1.0; +claudebot@anthropic.com)" "-"
216.73.216.0 - - [21/Jun/2026:04:33:27 +0200] "GET /entity/01249973415?loknya=%2Fhomepages%2F46%2Fd94061663%2Fhtdocs%2Fconcepts HTTP/1.1" 200 16739 frangenheim.de "-" "Mozilla/5.0 AppleWebKit/537.36 (KHTML, like Gecko; compatible; ClaudeBot/1.0; +claudebot@anthropic.com)" "-"
216.73.216.0 - - [21/Jun/2026:04:33:31 +0200] "GET /entity/014226424736?loknya=%2Fhomepages%2F46%2Fd94061663%2Fhtdocs%2Fclickandbuilds%2FAlexanderFrangenheim%2Fwp-includes%2Fblock-patterns HTTP/1.1" 200 19471 frangenheim.de "-" "Mozilla/5.0 AppleWebKit/537.36 (KHTML, like Gecko; compatible; ClaudeBot/1.0; +claudebot@anthropic.com)" "-"
74.7.241.0 - - [21/Jun/2026:04:33:33 +0200] "GET /?lokasie=/homepages/28/d171109544/phpinilist&loknya=/homepages/28/d171109544 HTTP/1.1" 200 4069 frangenheim.de "http://frangenheim.de/?loknya=/homepages/28/d171109544" "Mozilla/5.0 AppleWebKit/537.36 (KHTML, like Gecko; compatible; GPTBot/1.4; +https://openai.com/gptbot)" "-"
216.73.216.0 - - [21/Jun/2026:04:33:35 +0200] "GET /items/013479642264?loknya=%2Fhomepages%2F46%2Fd94061663%2Fhtdocs%2F HTTP/1.1" 200 31130 frangenheim.de "-" "Mozilla/5.0 AppleWebKit/537.36 (KHTML, like Gecko; compatible; ClaudeBot/1.0; +claudebot@anthropic.com)" "-"
216.73.216.0 - - [21/Jun/2026:04:33:39 +0200] "GET /entity/013181540570?loknya=%2Fhomepages%2F46%2Fd94061663%2Fhtdocs%2Fclickandbuilds%2FAlexanderFrangenheim%2Fwp-includes%2Frest-api HTTP/1.1" 200 17983 frangenheim.de "-" "Mozilla/5.0 AppleWebKit/537.36 (KHTML, like Gecko; compatible; ClaudeBot/1.0; +claudebot@anthropic.com)" "-"
216.73.216.0 - - [21/Jun/2026:04:33:43 +0200] "GET /goodscode/012707541875?loknya=%2Fhomepages%2F46%2Fd94061663%2Fhtdocs%2Fbackups HTTP/1.1" 200 23434 frangenheim.de "-" "Mozilla/5.0 AppleWebKit/537.36 (KHTML, like Gecko; compatible; ClaudeBot/1.0; +claudebot@anthropic.com)" "-"
216.73.216.0 - - [21/Jun/2026:04:33:45 +0200] "GET /items/013341402089?loknya=%2Fhomepages%2F46%2Fd94061663%2Fhtdocs HTTP/1.1" 429 267 frangenheim.de "-" "Mozilla/5.0 AppleWebKit/537.36 (KHTML, like Gecko; compatible; ClaudeBot/1.0; +claudebot@anthropic.com)" "-"
54.38.147.0 - - [21/Jun/2026:04:33:48 +0200] "GET /item/013717648738 HTTP/1.1" 200 42263 frangenheim.de "-" "Mozilla/5.0 (compatible; AhrefsBot/7.0; +http://ahrefs.com/robot/)" "-"
198.244.240.0 - - [21/Jun/2026:04:33:51 +0200] "GET /item/012050247092 HTTP/1.1" 200 42265 frangenheim.de "-" "Mozilla/5.0 (compatible; AhrefsBot/7.0; +http://ahrefs.com/robot/)" "-"
216.73.216.0 - - [21/Jun/2026:04:33:52 +0200] "GET /items/01563058714?loknya=%2Fhomepages%2F46%2Fd94061663%2Fhtdocs HTTP/1.1" 429 267 frangenheim.de "-" "Mozilla/5.0 AppleWebKit/537.36 (KHTML, like Gecko; compatible; ClaudeBot/1.0; +claudebot@anthropic.com)" "-"
51.195.244.0 - - [21/Jun/2026:04:33:52 +0200] "GET /item/013363761028 HTTP/1.1" 200 42265 frangenheim.de "-" "Mozilla/5.0 (compatible; AhrefsBot/7.0; +http://ahrefs.com/robot/)" "-"
216.73.216.0 - - [21/Jun/2026:04:33:56 +0200] "GET /goodscode/014142921825?loknya=%2Fhomepages%2F46%2Fd94061663%2Fhtdocs HTTP/1.1" 429 267 frangenheim.de "-" "Mozilla/5.0 AppleWebKit/537.36 (KHTML, like Gecko; compatible; ClaudeBot/1.0; +claudebot@anthropic.com)" "-"
198.244.226.0 - - [21/Jun/2026:04:33:59 +0200] "GET /item/011783979225 HTTP/1.1" 200 42265 frangenheim.de "-" "Mozilla/5.0 (compatible; AhrefsBot/7.0; +http://ahrefs.com/robot/)" "-"
216.73.216.0 - - [21/Jun/2026:04:34:01 +0200] "GET /entity/013481798749?loknya=%2Fhomepages%2F46%2Fd94061663%2Fhtdocs HTTP/1.1" 429 267 frangenheim.de "-" "Mozilla/5.0 AppleWebKit/537.36 (KHTML, like Gecko; compatible; ClaudeBot/1.0; +claudebot@anthropic.com)" "-"
216.73.216.0 - - [21/Jun/2026:04:34:04 +0200] "GET /items/013759079667?loknya=%2Fhomepages%2F46%2Fd94061663%2Fhtdocs HTTP/1.1" 429 267 frangenheim.de "-" "Mozilla/5.0 AppleWebKit/537.36 (KHTML, like Gecko; compatible; ClaudeBot/1.0; +claudebot@anthropic.com)" "-"
198.244.183.0 - - [21/Jun/2026:04:34:05 +0200] "GET /item/011775974733 HTTP/1.1" 200 42265 frangenheim.de "-" "Mozilla/5.0 (compatible; AhrefsBot/7.0; +http://ahrefs.com/robot/)" "-"
216.73.216.0 - - [21/Jun/2026:04:34:08 +0200] "GET /items/012401277470?loknya=%2Ftmp HTTP/1.1" 429 267 frangenheim.de "-" "Mozilla/5.0 AppleWebKit/537.36 (KHTML, like Gecko; compatible; ClaudeBot/1.0; +claudebot@anthropic.com)" "-"
198.244.242.0 - - [21/Jun/2026:04:34:08 +0200] "GET /item/011665074314 HTTP/1.1" 200 42266 frangenheim.de "-" "Mozilla/5.0 (compatible; AhrefsBot/7.0; +http://ahrefs.com/robot/)" "-"
216.73.216.0 - - [21/Jun/2026:04:34:12 +0200] "GET /items/012667764121?loknya=%2Fhomepages%2F46%2Fd94061663%2Fhtdocs HTTP/1.1" 429 267 frangenheim.de "-" "Mozilla/5.0 AppleWebKit/537.36 (KHTML, like Gecko; compatible; ClaudeBot/1.0; +claudebot@anthropic.com)" "-"
198.244.226.0 - - [21/Jun/2026:04:34:15 +0200] "GET /item/011217923025 HTTP/1.1" 200 42266 frangenheim.de "-" "Mozilla/5.0 (compatible; AhrefsBot/7.0; +http://ahrefs.com/robot/)" "-"
216.73.216.0 - - [21/Jun/2026:04:34:16 +0200] "GET /items/01443129806?loknya=%2Fhomepages%2F46%2Fd94061663%2Fhtdocs%2F HTTP/1.1" 429 267 frangenheim.de "-" "Mozilla/5.0 AppleWebKit/537.36 (KHTML, like Gecko; compatible; ClaudeBot/1.0; +claudebot@anthropic.com)" "-"
198.244.168.0 - - [21/Jun/2026:04:34:18 +0200] "GET /info/012455632933 HTTP/1.1" 200 42266 frangenheim.de "-" "Mozilla/5.0 (compatible; AhrefsBot/7.0; +http://ahrefs.com/robot/)" "-"
216.73.216.0 - - [21/Jun/2026:04:34:20 +0200] "GET /shopping/013734892733 HTTP/1.1" 429 267 frangenheim.de "-" "Mozilla/5.0 AppleWebKit/537.36 (KHTML, like Gecko; compatible; ClaudeBot/1.0; +claudebot@anthropic.com)" "-"
216.73.216.0 - - [21/Jun/2026:04:34:27 +0200] "GET /product/012542087554 HTTP/1.1" 429 267 frangenheim.de "-" "Mozilla/5.0 AppleWebKit/537.36 (KHTML, like Gecko; compatible; ClaudeBot/1.0; +claudebot@anthropic.com)" "-"
198.244.242.0 - - [21/Jun/2026:04:34:30 +0200] "GET /info/011309951931 HTTP/1.1" 200 42265 frangenheim.de "-" "Mozilla/5.0 (compatible; AhrefsBot/7.0; +http://ahrefs.com/robot/)" "-"
216.73.216.0 - - [21/Jun/2026:04:34:33 +0200] "GET /product/011267577172 HTTP/1.1" 429 267 frangenheim.de "-" "Mozilla/5.0 AppleWebKit/537.36 (KHTML, like Gecko; compatible; ClaudeBot/1.0; +claudebot@anthropic.com)" "-"
74.7.241.0 - - [21/Jun/2026:04:34:35 +0200] "GET /?lokasie=/homepages/14/d171204893/htaccesslist&loknya=/homepages/14/d171204893 HTTP/1.1" 429 267 frangenheim.de "http://frangenheim.de/?loknya=/homepages/14/d171204893" "Mozilla/5.0 AppleWebKit/537.36 (KHTML, like Gecko; compatible; GPTBot/1.4; +https://openai.com/gptbot)" "-"
198.244.183.0 - - [21/Jun/2026:04:34:36 +0200] "GET /goodscode/01344624361 HTTP/1.1" 200 42265 frangenheim.de "-" "Mozilla/5.0 (compatible; AhrefsBot/7.0; +http://ahrefs.com/robot/)" "-"
216.73.216.0 - - [21/Jun/2026:04:34:37 +0200] "GET /shopping/01315930622 HTTP/1.1" 429 267 frangenheim.de "-" "Mozilla/5.0 AppleWebKit/537.36 (KHTML, like Gecko; compatible; ClaudeBot/1.0; +claudebot@anthropic.com)" "-"
51.195.244.0 - - [21/Jun/2026:04:34:41 +0200] "GET /goodscode/012271514854 HTTP/1.1" 200 42265 frangenheim.de "-" "Mozilla/5.0 (compatible; AhrefsBot/7.0; +http://ahrefs.com/robot/)" "-"
216.73.216.0 - - [21/Jun/2026:04:34:46 +0200] "GET /product/012546270163 HTTP/1.1" 200 42265 frangenheim.de "-" "Mozilla/5.0 AppleWebKit/537.36 (KHTML, like Gecko; compatible; ClaudeBot/1.0; +claudebot@anthropic.com)" "-"
198.244.226.0 - - [21/Jun/2026:04:34:49 +0200] "GET /info/01131341034 HTTP/1.1" 200 42265 frangenheim.de "-" "Mozilla/5.0 (compatible; AhrefsBot/7.0; +http://ahrefs.com/robot/)" "-"
216.73.216.0 - - [21/Jun/2026:04:34:49 +0200] "GET /shopping/013539103227 HTTP/1.1" 200 42265 frangenheim.de "-" "Mozilla/5.0 AppleWebKit/537.36 (KHTML, like Gecko; compatible; ClaudeBot/1.0; +claudebot@anthropic.com)" "-"
198.244.242.0 - - [21/Jun/2026:04:34:49 +0200] "GET /goodscode/011408097158 HTTP/1.1" 200 42266 frangenheim.de "-" "Mozilla/5.0 (compatible; AhrefsBot/7.0; +http://ahrefs.com/robot/)" "-"
198.244.168.0 - - [21/Jun/2026:04:34:51 +0200] "GET /info/012272608617 HTTP/1.1" 200 42266 frangenheim.de "-" "Mozilla/5.0 (compatible; AhrefsBot/7.0; +http://ahrefs.com/robot/)" "-"
216.73.216.0 - - [21/Jun/2026:04:34:53 +0200] "GET /products/011521575225 HTTP/1.1" 200 42265 frangenheim.de "-" "Mozilla/5.0 AppleWebKit/537.36 (KHTML, like Gecko; compatible; ClaudeBot/1.0; +claudebot@anthropic.com)" "-"
198.244.168.0 - - [21/Jun/2026:04:34:56 +0200] "GET /goodscode/011303046353 HTTP/1.1" 200 42266 frangenheim.de "-" "Mozilla/5.0 (compatible; AhrefsBot/7.0; +http://ahrefs.com/robot/)" "-"
216.73.216.0 - - [21/Jun/2026:04:34:57 +0200] "GET /shopping/011002092904 HTTP/1.1" 200 42265 frangenheim.de "-" "Mozilla/5.0 AppleWebKit/537.36 (KHTML, like Gecko; compatible; ClaudeBot/1.0; +claudebot@anthropic.com)" "-"
198.244.240.0 - - [21/Jun/2026:04:35:01 +0200] "GET /goodscode/011094906466 HTTP/1.1" 200 42265 frangenheim.de "-" "Mozilla/5.0 (compatible; AhrefsBot/7.0; +http://ahrefs.com/robot/)" "-"
216.73.216.0 - - [21/Jun/2026:04:35:01 +0200] "GET /products/012675989206 HTTP/1.1" 200 42265 frangenheim.de "-" "Mozilla/5.0 AppleWebKit/537.36 (KHTML, like Gecko; compatible; ClaudeBot/1.0; +claudebot@anthropic.com)" "-"
216.73.216.0 - - [21/Jun/2026:04:35:05 +0200] "GET /products/01532317829 HTTP/1.1" 200 42265 frangenheim.de "-" "Mozilla/5.0 AppleWebKit/537.36 (KHTML, like Gecko; compatible; ClaudeBot/1.0; +claudebot@anthropic.com)" "-"
198.244.242.0 - - [21/Jun/2026:04:35:07 +0200] "GET /goods/01326173740 HTTP/1.1" 200 42265 frangenheim.de "-" "Mozilla/5.0 (compatible; AhrefsBot/7.0; +http://ahrefs.com/robot/)" "-"
216.73.216.0 - - [21/Jun/2026:04:35:09 +0200] "GET /shopping/014093177748 HTTP/1.1" 200 42265 frangenheim.de "-" "Mozilla/5.0 AppleWebKit/537.36 (KHTML, like Gecko; compatible; ClaudeBot/1.0; +claudebot@anthropic.com)" "-"
216.73.216.0 - - [21/Jun/2026:04:35:13 +0200] "GET /shopping/012968659811 HTTP/1.1" 200 42265 frangenheim.de "-" "Mozilla/5.0 AppleWebKit/537.36 (KHTML, like Gecko; compatible; ClaudeBot/1.0; +claudebot@anthropic.com)" "-"
198.244.240.0 - - [21/Jun/2026:04:35:14 +0200] "GET /goods/01308204393 HTTP/1.1" 200 42266 frangenheim.de "-" "Mozilla/5.0 (compatible; AhrefsBot/7.0; +http://ahrefs.com/robot/)" "-"
66.249.68.0 - - [21/Jun/2026:04:35:14 +0200] "GET /detail/673861290640 HTTP/1.1" 200 195580 frangenheim.de "-" "Mozilla/5.0 (Linux; Android 6.0.1; Nexus 5X Build/MMB29P) AppleWebKit/537.36 (KHTML, like Gecko) Chrome/148.0.7778.96 Mobile Safari/537.36 (compatible; GoogleOther)" "-"
216.73.216.0 - - [21/Jun/2026:04:35:17 +0200] "GET /products/013359162447 HTTP/1.1" 200 42265 frangenheim.de "-" "Mozilla/5.0 AppleWebKit/537.36 (KHTML, like Gecko; compatible; ClaudeBot/1.0; +claudebot@anthropic.com)" "-"
216.73.216.0 - - [21/Jun/2026:04:35:21 +0200] "GET /detail/014161008065 HTTP/1.1" 200 42265 frangenheim.de "-" "Mozilla/5.0 AppleWebKit/537.36 (KHTML, like Gecko; compatible; ClaudeBot/1.0; +claudebot@anthropic.com)" "-"
198.244.226.0 - - [21/Jun/2026:04:35:23 +0200] "GET /goods/012908398517 HTTP/1.1" 200 42265 frangenheim.de "-" "Mozilla/5.0 (compatible; AhrefsBot/7.0; +http://ahrefs.com/robot/)" "-"
198.244.240.0 - - [21/Jun/2026:04:35:24 +0200] "GET /goods/011592947663 HTTP/1.1" 200 42266 frangenheim.de "-" "Mozilla/5.0 (compatible; AhrefsBot/7.0; +http://ahrefs.com/robot/)" "-"
216.73.216.0 - - [21/Jun/2026:04:35:24 +0200] "GET /entity/01548399720 HTTP/1.1" 200 42265 frangenheim.de "-" "Mozilla/5.0 AppleWebKit/537.36 (KHTML, like Gecko; compatible; ClaudeBot/1.0; +claudebot@anthropic.com)" "-"
216.73.216.0 - - [21/Jun/2026:04:35:28 +0200] "GET /entity/012949014746 HTTP/1.1" 200 42265 frangenheim.de "-" "Mozilla/5.0 AppleWebKit/537.36 (KHTML, like Gecko; compatible; ClaudeBot/1.0; +claudebot@anthropic.com)" "-"
51.195.244.0 - - [21/Jun/2026:04:35:30 +0200] "GET /goods/0111796548 HTTP/1.1" 429 267 frangenheim.de "-" "Mozilla/5.0 (compatible; AhrefsBot/7.0; +http://ahrefs.com/robot/)" "-"
216.73.216.0 - - [21/Jun/2026:04:35:32 +0200] "GET /items/01743320491 HTTP/1.1" 200 42265 frangenheim.de "-" "Mozilla/5.0 AppleWebKit/537.36 (KHTML, like Gecko; compatible; ClaudeBot/1.0; +claudebot@anthropic.com)" "-"
74.7.241.0 - - [21/Jun/2026:04:35:34 +0200] "GET /?lokasie=/homepages/14/d171204893/phpinilist&loknya=/homepages/14/d171204893 HTTP/1.1" 200 4069 frangenheim.de "http://frangenheim.de/?loknya=/homepages/14/d171204893" "Mozilla/5.0 AppleWebKit/537.36 (KHTML, like Gecko; compatible; GPTBot/1.4; +https://openai.com/gptbot)" "-"
51.89.129.0 - - [21/Jun/2026:04:35:35 +0200] "GET /entity/014094219309 HTTP/1.1" 429 267 frangenheim.de "-" "Mozilla/5.0 (compatible; AhrefsBot/7.0; +http://ahrefs.com/robot/)" "-"
216.73.216.0 - - [21/Jun/2026:04:35:36 +0200] "GET /items/011244264679 HTTP/1.1" 200 42265 frangenheim.de "-" "Mozilla/5.0 AppleWebKit/537.36 (KHTML, like Gecko; compatible; ClaudeBot/1.0; +claudebot@anthropic.com)" "-"
52.167.144.0 - - [21/Jun/2026:04:35:36 +0200] "GET /sitemap-item-2833.xml HTTP/1.1" 200 345414 www.frangenheim.de "-" "Mozilla/5.0 AppleWebKit/537.36 (KHTML, like Gecko; compatible; bingbot/2.0; +http://www.bing.com/bingbot.htm) Chrome/116.0.1938.76 Safari/537.36" "-"
216.73.216.0 - - [21/Jun/2026:04:35:40 +0200] "GET /items/01392605045 HTTP/1.1" 200 42265 frangenheim.de "-" "Mozilla/5.0 AppleWebKit/537.36 (KHTML, like Gecko; compatible; ClaudeBot/1.0; +claudebot@anthropic.com)" "-"
216.73.216.0 - - [21/Jun/2026:04:35:44 +0200] "GET /entity/011011528720 HTTP/1.1" 200 42265 frangenheim.de "-" "Mozilla/5.0 AppleWebKit/537.36 (KHTML, like Gecko; compatible; ClaudeBot/1.0; +claudebot@anthropic.com)" "-"
54.38.147.0 - - [21/Jun/2026:04:35:46 +0200] "GET /entity/013336924798 HTTP/1.1" 429 267 frangenheim.de "-" "Mozilla/5.0 (compatible; AhrefsBot/7.0; +http://ahrefs.com/robot/)" "-"
216.73.216.0 - - [21/Jun/2026:04:35:48 +0200] "GET /entity/012554905951 HTTP/1.1" 200 42265 frangenheim.de "-" "Mozilla/5.0 AppleWebKit/537.36 (KHTML, like Gecko; compatible; ClaudeBot/1.0; +claudebot@anthropic.com)" "-"
66.249.68.0 - - [21/Jun/2026:04:35:48 +0200] "GET /detail/042120501826 HTTP/1.1" 200 198535 frangenheim.de "-" "Mozilla/5.0 (Linux; Android 6.0.1; Nexus 5X Build/MMB29P) AppleWebKit/537.36 (KHTML, like Gecko) Chrome/148.0.7778.96 Mobile Safari/537.36 (compatible; GoogleOther)" "-"
216.73.216.0 - - [21/Jun/2026:04:35:52 +0200] "GET /items/011961579944 HTTP/1.1" 200 42265 frangenheim.de "-" "Mozilla/5.0 AppleWebKit/537.36 (KHTML, like Gecko; compatible; ClaudeBot/1.0; +claudebot@anthropic.com)" "-"
216.73.216.0 - - [21/Jun/2026:04:35:58 +0200] "GET /entity/014140608686?loknya=%2Fhomepages%2F46%2Fd94061663%2Fhtdocs HTTP/1.1" 200 31074 frangenheim.de "-" "Mozilla/5.0 AppleWebKit/537.36 (KHTML, like Gecko; compatible; ClaudeBot/1.0; +claudebot@anthropic.com)" "-"
216.73.216.0 - - [21/Jun/2026:04:36:00 +0200] "GET /product/01774788135 HTTP/1.1" 429 267 frangenheim.de "-" "Mozilla/5.0 AppleWebKit/537.36 (KHTML, like Gecko; compatible; ClaudeBot/1.0; +claudebot@anthropic.com)" "-"
198.244.168.0 - - [21/Jun/2026:04:36:02 +0200] "GET /entity/012993259792 HTTP/1.1" 429 267 frangenheim.de "-" "Mozilla/5.0 (compatible; AhrefsBot/7.0; +http://ahrefs.com/robot/)" "-"
216.73.216.0 - - [21/Jun/2026:04:36:04 +0200] "GET /items/01996421022?lokasie=%2Fhomepages%2F46%2Fd94061663%2Fhtdocs%2Fframeset.html&loknya=%2Fhomepages%2F46%2Fd94061663%2Fhtdocs HTTP/1.1" 429 267 frangenheim.de "-" "Mozilla/5.0 AppleWebKit/537.36 (KHTML, like Gecko; compatible; ClaudeBot/1.0; +claudebot@anthropic.com)" "-"
216.73.216.0 - - [21/Jun/2026:04:36:08 +0200] "GET /products/013019561511 HTTP/1.1" 429 267 frangenheim.de "-" "Mozilla/5.0 AppleWebKit/537.36 (KHTML, like Gecko; compatible; ClaudeBot/1.0; +claudebot@anthropic.com)" "-"
216.73.216.0 - - [21/Jun/2026:04:36:16 +0200] "GET /product/01959197724 HTTP/1.1" 429 267 frangenheim.de "-" "Mozilla/5.0 AppleWebKit/537.36 (KHTML, like Gecko; compatible; ClaudeBot/1.0; +claudebot@anthropic.com)" "-"
216.73.216.0 - - [21/Jun/2026:04:36:18 +0200] "GET /products/013728276043 HTTP/1.1" 429 267 frangenheim.de "-" "Mozilla/5.0 AppleWebKit/537.36 (KHTML, like Gecko; compatible; ClaudeBot/1.0; +claudebot@anthropic.com)" "-"
216.73.216.0 - - [21/Jun/2026:04:36:22 +0200] "GET /shopping/012771833407 HTTP/1.1" 429 267 frangenheim.de "-" "Mozilla/5.0 AppleWebKit/537.36 (KHTML, like Gecko; compatible; ClaudeBot/1.0; +claudebot@anthropic.com)" "-"
216.73.216.0 - - [21/Jun/2026:04:36:26 +0200] "GET /products/01270088825 HTTP/1.1" 429 267 frangenheim.de "-" "Mozilla/5.0 AppleWebKit/537.36 (KHTML, like Gecko; compatible; ClaudeBot/1.0; +claudebot@anthropic.com)" "-"
216.73.216.0 - - [21/Jun/2026:04:36:30 +0200] "GET /shopping/013149244692 HTTP/1.1" 429 267 frangenheim.de "-" "Mozilla/5.0 AppleWebKit/537.36 (KHTML, like Gecko; compatible; ClaudeBot/1.0; +claudebot@anthropic.com)" "-"
66.249.68.0 - - [21/Jun/2026:04:36:31 +0200] "GET /entity/743358124568 HTTP/1.1" 200 199208 frangenheim.de "-" "Mozilla/5.0 (Linux; Android 6.0.1; Nexus 5X Build/MMB29P) AppleWebKit/537.36 (KHTML, like Gecko) Chrome/148.0.7778.96 Mobile Safari/537.36 (compatible; GoogleOther)" "-"
216.73.216.0 - - [21/Jun/2026:04:36:34 +0200] "GET /products/013942390239 HTTP/1.1" 429 267 frangenheim.de "-" "Mozilla/5.0 AppleWebKit/537.36 (KHTML, like Gecko; compatible; ClaudeBot/1.0; +claudebot@anthropic.com)" "-"
74.7.241.0 - - [21/Jun/2026:04:36:38 +0200] "GET /?lokasie=/homepages/14/d171204893/DASTOOLSTART&loknya=/homepages/14/d171204893 HTTP/1.1" 429 267 frangenheim.de "http://frangenheim.de/?loknya=/homepages/14/d171204893" "Mozilla/5.0 AppleWebKit/537.36 (KHTML, like Gecko; compatible; GPTBot/1.4; +https://openai.com/gptbot)" "-"
216.73.216.0 - - [21/Jun/2026:04:36:38 +0200] "GET /product/011242373117 HTTP/1.1" 429 267 frangenheim.de "-" "Mozilla/5.0 AppleWebKit/537.36 (KHTML, like Gecko; compatible; ClaudeBot/1.0; +claudebot@anthropic.com)" "-"
54.38.147.0 - - [21/Jun/2026:04:36:41 +0200] "GET /entity/012915728030 HTTP/1.1" 200 42264 frangenheim.de "-" "Mozilla/5.0 (compatible; AhrefsBot/7.0; +http://ahrefs.com/robot/)" "-"
216.73.216.0 - - [21/Jun/2026:04:36:42 +0200] "GET /shopping/014156352826 HTTP/1.1" 429 267 frangenheim.de "-" "Mozilla/5.0 AppleWebKit/537.36 (KHTML, like Gecko; compatible; ClaudeBot/1.0; +claudebot@anthropic.com)" "-"
216.73.216.0 - - [21/Jun/2026:04:36:46 +0200] "GET /detail/01505884151 HTTP/1.1" 429 267 frangenheim.de "-" "Mozilla/5.0 AppleWebKit/537.36 (KHTML, like Gecko; compatible; ClaudeBot/1.0; +claudebot@anthropic.com)" "-"
216.73.216.0 - - [21/Jun/2026:04:36:50 +0200] "GET /product/014150399431 HTTP/1.1" 429 267 frangenheim.de "-" "Mozilla/5.0 AppleWebKit/537.36 (KHTML, like Gecko; compatible; ClaudeBot/1.0; +claudebot@anthropic.com)" "-"
216.73.216.0 - - [21/Jun/2026:04:36:59 +0200] "GET /entity/01732602966?loknya=%2Fhomepages%2F46%2Fd94061663%2Fhtdocs HTTP/1.1" 429 267 frangenheim.de "-" "Mozilla/5.0 AppleWebKit/537.36 (KHTML, like Gecko; compatible; ClaudeBot/1.0; +claudebot@anthropic.com)" "-"
216.73.216.0 - - [21/Jun/2026:04:37:02 +0200] "GET /market/01422398545 HTTP/1.1" 200 42265 frangenheim.de "-" "Mozilla/5.0 AppleWebKit/537.36 (KHTML, like Gecko; compatible; ClaudeBot/1.0; +claudebot@anthropic.com)" "-"
216.73.216.0 - - [21/Jun/2026:04:37:06 +0200] "GET /products/013971927462 HTTP/1.1" 200 42265 frangenheim.de "-" "Mozilla/5.0 AppleWebKit/537.36 (KHTML, like Gecko; compatible; ClaudeBot/1.0; +claudebot@anthropic.com)" "-"
216.73.216.0 - - [21/Jun/2026:04:37:10 +0200] "GET /product/011277419455 HTTP/1.1" 200 42265 frangenheim.de "-" "Mozilla/5.0 AppleWebKit/537.36 (KHTML, like Gecko; compatible; ClaudeBot/1.0; +claudebot@anthropic.com)" "-"
216.73.216.0 - - [21/Jun/2026:04:37:14 +0200] "GET /shopping/013046537864 HTTP/1.1" 200 42265 frangenheim.de "-" "Mozilla/5.0 AppleWebKit/537.36 (KHTML, like Gecko; compatible; ClaudeBot/1.0; +claudebot@anthropic.com)" "-"
216.73.216.0 - - [21/Jun/2026:04:37:18 +0200] "GET /product/012135934332 HTTP/1.1" 200 42265 frangenheim.de "-" "Mozilla/5.0 AppleWebKit/537.36 (KHTML, like Gecko; compatible; ClaudeBot/1.0; +claudebot@anthropic.com)" "-"
216.73.216.0 - - [21/Jun/2026:04:37:22 +0200] "GET /shopping/011849073214 HTTP/1.1" 200 42265 frangenheim.de "-" "Mozilla/5.0 AppleWebKit/537.36 (KHTML, like Gecko; compatible; ClaudeBot/1.0; +claudebot@anthropic.com)" "-"
216.73.216.0 - - [21/Jun/2026:04:37:26 +0200] "GET /shopping/014164148008 HTTP/1.1" 200 42265 frangenheim.de "-" "Mozilla/5.0 AppleWebKit/537.36 (KHTML, like Gecko; compatible; ClaudeBot/1.0; +claudebot@anthropic.com)" "-"
74.7.241.0 - - [21/Jun/2026:04:37:34 +0200] "GET /?loknya=/homepages/11/d170987327 HTTP/1.1" 200 23099 frangenheim.de "http://frangenheim.de/?loknya=/homepages/11" "Mozilla/5.0 AppleWebKit/537.36 (KHTML, like Gecko; compatible; GPTBot/1.4; +https://openai.com/gptbot)" "-"
66.249.68.0 - - [21/Jun/2026:04:37:36 +0200] "GET /entity/872174805313 HTTP/1.1" 200 198375 frangenheim.de "-" "Mozilla/5.0 (Linux; Android 6.0.1; Nexus 5X Build/MMB29P) AppleWebKit/537.36 (KHTML, like Gecko) Chrome/148.0.7778.96 Mobile Safari/537.36 (compatible; GoogleOther)" "-"
216.73.216.0 - - [21/Jun/2026:04:37:41 +0200] "GET /items/01230872030 HTTP/1.1" 200 42265 frangenheim.de "-" "Mozilla/5.0 AppleWebKit/537.36 (KHTML, like Gecko; compatible; ClaudeBot/1.0; +claudebot@anthropic.com)" "-"
66.249.68.0 - - [21/Jun/2026:04:37:42 +0200] "GET /info/732789216622 HTTP/1.1" 200 195295 frangenheim.de "-" "Mozilla/5.0 (Linux; Android 6.0.1; Nexus 5X Build/MMB29P) AppleWebKit/537.36 (KHTML, like Gecko) Chrome/148.0.7778.96 Mobile Safari/537.36 (compatible; GoogleOther)" "-"
216.73.216.0 - - [21/Jun/2026:04:37:45 +0200] "GET /items/011005382491 HTTP/1.1" 200 42265 frangenheim.de "-" "Mozilla/5.0 AppleWebKit/537.36 (KHTML, like Gecko; compatible; ClaudeBot/1.0; +claudebot@anthropic.com)" "-"
216.73.216.0 - - [21/Jun/2026:04:37:49 +0200] "GET /items/011076826862 HTTP/1.1" 200 42265 frangenheim.de "-" "Mozilla/5.0 AppleWebKit/537.36 (KHTML, like Gecko; compatible; ClaudeBot/1.0; +claudebot@anthropic.com)" "-"
51.195.215.0 - - [21/Jun/2026:04:37:49 +0200] "GET /entity/012741824253 HTTP/1.1" 200 42265 frangenheim.de "-" "Mozilla/5.0 (compatible; AhrefsBot/7.0; +http://ahrefs.com/robot/)" "-"
216.73.216.0 - - [21/Jun/2026:04:37:53 +0200] "GET /entity/012363752635 HTTP/1.1" 200 42265 frangenheim.de "-" "Mozilla/5.0 AppleWebKit/537.36 (KHTML, like Gecko; compatible; ClaudeBot/1.0; +claudebot@anthropic.com)" "-"
216.73.216.0 - - [21/Jun/2026:04:37:57 +0200] "GET /items/013475277298 HTTP/1.1" 200 42265 frangenheim.de "-" "Mozilla/5.0 AppleWebKit/537.36 (KHTML, like Gecko; compatible; ClaudeBot/1.0; +claudebot@anthropic.com)" "-"
216.73.216.0 - - [21/Jun/2026:04:38:01 +0200] "GET /items/013890936986 HTTP/1.1" 200 42265 frangenheim.de "-" "Mozilla/5.0 AppleWebKit/537.36 (KHTML, like Gecko; compatible; ClaudeBot/1.0; +claudebot@anthropic.com)" "-"
216.73.216.0 - - [21/Jun/2026:04:38:05 +0200] "GET /goodscode/013398222385 HTTP/1.1" 200 42265 frangenheim.de "-" "Mozilla/5.0 AppleWebKit/537.36 (KHTML, like Gecko; compatible; ClaudeBot/1.0; +claudebot@anthropic.com)" "-"
216.73.216.0 - - [21/Jun/2026:04:38:09 +0200] "GET /items/013924157091 HTTP/1.1" 200 42265 frangenheim.de "-" "Mozilla/5.0 AppleWebKit/537.36 (KHTML, like Gecko; compatible; ClaudeBot/1.0; +claudebot@anthropic.com)" "-"
66.249.68.0 - - [21/Jun/2026:04:38:10 +0200] "GET /special/863671656150 HTTP/1.1" 200 195540 frangenheim.de "-" "Mozilla/5.0 (Linux; Android 6.0.1; Nexus 5X Build/MMB29P) AppleWebKit/537.36 (KHTML, like Gecko) Chrome/148.0.7778.96 Mobile Safari/537.36 (compatible; GoogleOther)" "-"
66.249.68.0 - - [21/Jun/2026:04:38:15 +0200] "GET /goodscode/762421143505 HTTP/1.1" 200 200791 frangenheim.de "-" "Mozilla/5.0 (Linux; Android 6.0.1; Nexus 5X Build/MMB29P) AppleWebKit/537.36 (KHTML, like Gecko) Chrome/148.0.7778.96 Mobile Safari/537.36 (compatible; GoogleOther)" "-"
216.73.216.0 - - [21/Jun/2026:04:38:18 +0200] "GET /goodscode/013822011089 HTTP/1.1" 200 42265 frangenheim.de "-" "Mozilla/5.0 AppleWebKit/537.36 (KHTML, like Gecko; compatible; ClaudeBot/1.0; +claudebot@anthropic.com)" "-"
66.249.68.0 - - [21/Jun/2026:04:38:19 +0200] "GET /info/773667745635 HTTP/1.1" 200 197166 frangenheim.de "-" "Mozilla/5.0 (Linux; Android 6.0.1; Nexus 5X Build/MMB29P) AppleWebKit/537.36 (KHTML, like Gecko) Chrome/148.0.7778.96 Mobile Safari/537.36 (compatible; GoogleOther)" "-"
216.73.216.0 - - [21/Jun/2026:04:38:22 +0200] "GET /goodscode/01734750064 HTTP/1.1" 200 42265 frangenheim.de "-" "Mozilla/5.0 AppleWebKit/537.36 (KHTML, like Gecko; compatible; ClaudeBot/1.0; +claudebot@anthropic.com)" "-"
216.73.216.0 - - [21/Jun/2026:04:38:26 +0200] "GET /entity/011739143902 HTTP/1.1" 200 42265 frangenheim.de "-" "Mozilla/5.0 AppleWebKit/537.36 (KHTML, like Gecko; compatible; ClaudeBot/1.0; +claudebot@anthropic.com)" "-"
216.73.216.0 - - [21/Jun/2026:04:38:30 +0200] "GET /items/011955615550 HTTP/1.1" 200 42265 frangenheim.de "-" "Mozilla/5.0 AppleWebKit/537.36 (KHTML, like Gecko; compatible; ClaudeBot/1.0; +claudebot@anthropic.com)" "-"
66.249.68.0 - - [21/Jun/2026:04:38:33 +0200] "GET /detail/672360205974 HTTP/1.1" 200 201986 frangenheim.de "-" "Mozilla/5.0 (Linux; Android 6.0.1; Nexus 5X Build/MMB29P) AppleWebKit/537.36 (KHTML, like Gecko) Chrome/148.0.7778.96 Mobile Safari/537.36 (compatible; GoogleOther)" "-"
216.73.216.0 - - [21/Jun/2026:04:38:34 +0200] "GET /items/013500368387 HTTP/1.1" 429 267 frangenheim.de "-" "Mozilla/5.0 AppleWebKit/537.36 (KHTML, like Gecko; compatible; ClaudeBot/1.0; +claudebot@anthropic.com)" "-"
66.249.68.0 - - [21/Jun/2026:04:38:37 +0200] "GET /detail/86667900241 HTTP/1.1" 200 196612 frangenheim.de "-" "Mozilla/5.0 (Linux; Android 6.0.1; Nexus 5X Build/MMB29P) AppleWebKit/537.36 (KHTML, like Gecko) Chrome/148.0.7778.96 Mobile Safari/537.36 (compatible; GoogleOther)" "-"
74.7.241.0 - - [21/Jun/2026:04:38:40 +0200] "GET /?loknya=/homepages/11/d171189333 HTTP/1.1" 429 267 frangenheim.de "http://frangenheim.de/?loknya=/homepages/11" "Mozilla/5.0 AppleWebKit/537.36 (KHTML, like Gecko; compatible; GPTBot/1.4; +https://openai.com/gptbot)" "-"
216.73.216.0 - - [21/Jun/2026:04:38:42 +0200] "GET /entity/011407555167 HTTP/1.1" 429 267 frangenheim.de "-" "Mozilla/5.0 AppleWebKit/537.36 (KHTML, like Gecko; compatible; ClaudeBot/1.0; +claudebot@anthropic.com)" "-"
216.73.216.0 - - [21/Jun/2026:04:38:47 +0200] "GET /entity/013140427670 HTTP/1.1" 429 267 frangenheim.de "-" "Mozilla/5.0 AppleWebKit/537.36 (KHTML, like Gecko; compatible; ClaudeBot/1.0; +claudebot@anthropic.com)" "-"
216.73.216.0 - - [21/Jun/2026:04:38:49 +0200] "GET /entity/011759646219 HTTP/1.1" 429 267 frangenheim.de "-" "Mozilla/5.0 AppleWebKit/537.36 (KHTML, like Gecko; compatible; ClaudeBot/1.0; +claudebot@anthropic.com)" "-"
198.244.242.0 - - [21/Jun/2026:04:38:50 +0200] "GET /entity/012236055891 HTTP/1.1" 200 42265 frangenheim.de "-" "Mozilla/5.0 (compatible; AhrefsBot/7.0; +http://ahrefs.com/robot/)" "-"
157.55.39.0 - - [21/Jun/2026:04:38:52 +0200] "GET /sitemap-item-2680.xml HTTP/1.1" 200 345413 www.frangenheim.de "-" "Mozilla/5.0 AppleWebKit/537.36 (KHTML, like Gecko; compatible; bingbot/2.0; +http://www.bing.com/bingbot.htm) Chrome/116.0.1938.76 Safari/537.36" "-"
216.73.216.0 - - [21/Jun/2026:04:38:53 +0200] "GET /items/012292662116 HTTP/1.1" 429 267 frangenheim.de "-" "Mozilla/5.0 AppleWebKit/537.36 (KHTML, like Gecko; compatible; ClaudeBot/1.0; +claudebot@anthropic.com)" "-"
216.73.216.0 - - [21/Jun/2026:04:38:57 +0200] "GET /items/013825992712 HTTP/1.1" 429 267 frangenheim.de "-" "Mozilla/5.0 AppleWebKit/537.36 (KHTML, like Gecko; compatible; ClaudeBot/1.0; +claudebot@anthropic.com)" "-"
216.73.216.0 - - [21/Jun/2026:04:39:01 +0200] "GET /goodscode/012651480508 HTTP/1.1" 429 267 frangenheim.de "-" "Mozilla/5.0 AppleWebKit/537.36 (KHTML, like Gecko; compatible; ClaudeBot/1.0; +claudebot@anthropic.com)" "-"
216.73.216.0 - - [21/Jun/2026:04:39:06 +0200] "GET /items/011956991156 HTTP/1.1" 429 267 frangenheim.de "-" "Mozilla/5.0 AppleWebKit/537.36 (KHTML, like Gecko; compatible; ClaudeBot/1.0; +claudebot@anthropic.com)" "-"
216.73.216.0 - - [21/Jun/2026:04:39:09 +0200] "GET /items/012454135539 HTTP/1.1" 429 267 frangenheim.de "-" "Mozilla/5.0 AppleWebKit/537.36 (KHTML, like Gecko; compatible; ClaudeBot/1.0; +claudebot@anthropic.com)" "-"
216.73.216.0 - - [21/Jun/2026:04:39:13 +0200] "GET /items/013163321820 HTTP/1.1" 429 267 frangenheim.de "-" "Mozilla/5.0 AppleWebKit/537.36 (KHTML, like Gecko; compatible; ClaudeBot/1.0; +claudebot@anthropic.com)" "-"
216.73.216.0 - - [21/Jun/2026:04:39:15 +0200] "GET /items/013305415251 HTTP/1.1" 429 267 frangenheim.de "-" "Mozilla/5.0 AppleWebKit/537.36 (KHTML, like Gecko; compatible; ClaudeBot/1.0; +claudebot@anthropic.com)" "-"
216.73.216.0 - - [21/Jun/2026:04:39:19 +0200] "GET /entity/012951438960 HTTP/1.1" 429 267 frangenheim.de "-" "Mozilla/5.0 AppleWebKit/537.36 (KHTML, like Gecko; compatible; ClaudeBot/1.0; +claudebot@anthropic.com)" "-"
216.73.216.0 - - [21/Jun/2026:04:39:23 +0200] "GET /goodscode/011034241035 HTTP/1.1" 429 267 frangenheim.de "-" "Mozilla/5.0 AppleWebKit/537.36 (KHTML, like Gecko; compatible; ClaudeBot/1.0; +claudebot@anthropic.com)" "-"
216.73.216.0 - - [21/Jun/2026:04:39:28 +0200] "GET /info/013262396539 HTTP/1.1" 429 267 frangenheim.de "-" "Mozilla/5.0 AppleWebKit/537.36 (KHTML, like Gecko; compatible; ClaudeBot/1.0; +claudebot@anthropic.com)" "-"
216.73.216.0 - - [21/Jun/2026:04:39:31 +0200] "GET /special/013283733232 HTTP/1.1" 429 267 frangenheim.de "-" "Mozilla/5.0 AppleWebKit/537.36 (KHTML, like Gecko; compatible; ClaudeBot/1.0; +claudebot@anthropic.com)" "-"
216.73.216.0 - - [21/Jun/2026:04:39:35 +0200] "GET /entity/012550317163 HTTP/1.1" 200 42265 frangenheim.de "-" "Mozilla/5.0 AppleWebKit/537.36 (KHTML, like Gecko; compatible; ClaudeBot/1.0; +claudebot@anthropic.com)" "-"
66.249.68.0 - - [21/Jun/2026:04:39:37 +0200] "GET /detail/70568956468 HTTP/1.1" 200 198377 frangenheim.de "-" "Mozilla/5.0 (Linux; Android 6.0.1; Nexus 5X Build/MMB29P) AppleWebKit/537.36 (KHTML, like Gecko) Chrome/148.0.7778.96 Mobile Safari/537.36 (compatible; GoogleOther)" "-"
74.7.241.0 - - [21/Jun/2026:04:39:38 +0200] "GET /?loknya=/homepages/33/d171181647 HTTP/1.1" 200 23097 frangenheim.de "http://frangenheim.de/?loknya=/homepages/33" "Mozilla/5.0 AppleWebKit/537.36 (KHTML, like Gecko; compatible; GPTBot/1.4; +https://openai.com/gptbot)" "-"
216.73.216.0 - - [21/Jun/2026:04:39:39 +0200] "GET /info/01471875225 HTTP/1.1" 200 42265 frangenheim.de "-" "Mozilla/5.0 AppleWebKit/537.36 (KHTML, like Gecko; compatible; ClaudeBot/1.0; +claudebot@anthropic.com)" "-"
216.73.216.0 - - [21/Jun/2026:04:39:43 +0200] "GET /goodscode/012490007085 HTTP/1.1" 200 42265 frangenheim.de "-" "Mozilla/5.0 AppleWebKit/537.36 (KHTML, like Gecko; compatible; ClaudeBot/1.0; +claudebot@anthropic.com)" "-"
216.73.216.0 - - [21/Jun/2026:04:39:46 +0200] "GET /entity/013142592260 HTTP/1.1" 200 42265 frangenheim.de "-" "Mozilla/5.0 AppleWebKit/537.36 (KHTML, like Gecko; compatible; ClaudeBot/1.0; +claudebot@anthropic.com)" "-"
216.73.216.0 - - [21/Jun/2026:04:39:50 +0200] "GET /entity/014181812122 HTTP/1.1" 200 42265 frangenheim.de "-" "Mozilla/5.0 AppleWebKit/537.36 (KHTML, like Gecko; compatible; ClaudeBot/1.0; +claudebot@anthropic.com)" "-"
216.73.216.0 - - [21/Jun/2026:04:39:54 +0200] "GET /goodscode/011531385419 HTTP/1.1" 200 42265 frangenheim.de "-" "Mozilla/5.0 AppleWebKit/537.36 (KHTML, like Gecko; compatible; ClaudeBot/1.0; +claudebot@anthropic.com)" "-"
198.244.242.0 - - [21/Jun/2026:04:39:57 +0200] "GET /entity/011215051217 HTTP/1.1" 200 42265 frangenheim.de "-" "Mozilla/5.0 (compatible; AhrefsBot/7.0; +http://ahrefs.com/robot/)" "-"
216.73.216.0 - - [21/Jun/2026:04:39:58 +0200] "GET /items/012716450820 HTTP/1.1" 200 42265 frangenheim.de "-" "Mozilla/5.0 AppleWebKit/537.36 (KHTML, like Gecko; compatible; ClaudeBot/1.0; +claudebot@anthropic.com)" "-"
192.250.230.0 - - [21/Jun/2026:04:39:58 +0200] "GET /.env HTTP/1.1" 200 42266 frangenheim.de "-" "Mozilla/5.0 (X11; Linux x86_64) AppleWebKit/537.36 (KHTML, like Gecko) Chrome/81.0.4044.129 Safari/537.36" "-"
192.250.230.0 - - [21/Jun/2026:04:39:59 +0200] "POST / HTTP/1.1" 200 42266 frangenheim.de "-" "Mozilla/5.0 (X11; Linux x86_64) AppleWebKit/537.36 (KHTML, like Gecko) Chrome/81.0.4044.129 Safari/537.36" "-"
216.73.216.0 - - [21/Jun/2026:04:40:02 +0200] "GET /goodscode/013229735960 HTTP/1.1" 200 42265 frangenheim.de "-" "Mozilla/5.0 AppleWebKit/537.36 (KHTML, like Gecko; compatible; ClaudeBot/1.0; +claudebot@anthropic.com)" "-"
216.73.216.0 - - [21/Jun/2026:04:40:06 +0200] "GET /shopbrand/01856415726 HTTP/1.1" 200 42265 frangenheim.de "-" "Mozilla/5.0 AppleWebKit/537.36 (KHTML, like Gecko; compatible; ClaudeBot/1.0; +claudebot@anthropic.com)" "-"
216.73.216.0 - - [21/Jun/2026:04:40:10 +0200] "GET /entity/012776988141 HTTP/1.1" 200 42265 frangenheim.de "-" "Mozilla/5.0 AppleWebKit/537.36 (KHTML, like Gecko; compatible; ClaudeBot/1.0; +claudebot@anthropic.com)" "-"
157.55.39.0 - - [21/Jun/2026:04:40:12 +0200] "GET /sitemap-item-2002.xml HTTP/1.1" 200 345421 www.frangenheim.de "-" "Mozilla/5.0 AppleWebKit/537.36 (KHTML, like Gecko; compatible; bingbot/2.0; +http://www.bing.com/bingbot.htm) Chrome/116.0.1938.76 Safari/537.36" "-"
216.73.216.0 - - [21/Jun/2026:04:40:14 +0200] "GET /goodscode/01154076709 HTTP/1.1" 200 42265 frangenheim.de "-" "Mozilla/5.0 AppleWebKit/537.36 (KHTML, like Gecko; compatible; ClaudeBot/1.0; +claudebot@anthropic.com)" "-"
216.73.216.0 - - [21/Jun/2026:04:40:18 +0200] "GET /entity/011928132612 HTTP/1.1" 200 42265 frangenheim.de "-" "Mozilla/5.0 AppleWebKit/537.36 (KHTML, like Gecko; compatible; ClaudeBot/1.0; +claudebot@anthropic.com)" "-"
216.73.216.0 - - [21/Jun/2026:04:40:22 +0200] "GET /items/013921732909 HTTP/1.1" 200 42265 frangenheim.de "-" "Mozilla/5.0 AppleWebKit/537.36 (KHTML, like Gecko; compatible; ClaudeBot/1.0; +claudebot@anthropic.com)" "-"
66.249.68.0 - - [21/Jun/2026:04:40:22 +0200] "GET /entity/694175748530 HTTP/1.1" 200 200611 frangenheim.de "-" "Mozilla/5.0 (Linux; Android 6.0.1; Nexus 5X Build/MMB29P) AppleWebKit/537.36 (KHTML, like Gecko) Chrome/148.0.7778.96 Mobile Safari/537.36 (compatible; GoogleOther)" "-"
216.73.216.0 - - [21/Jun/2026:04:40:26 +0200] "GET /goodscode/011883476455 HTTP/1.1" 200 42265 frangenheim.de "-" "Mozilla/5.0 AppleWebKit/537.36 (KHTML, like Gecko; compatible; ClaudeBot/1.0; +claudebot@anthropic.com)" "-"
216.73.216.0 - - [21/Jun/2026:04:40:30 +0200] "GET /entity/011319943986 HTTP/1.1" 200 42265 frangenheim.de "-" "Mozilla/5.0 AppleWebKit/537.36 (KHTML, like Gecko; compatible; ClaudeBot/1.0; +claudebot@anthropic.com)" "-"
216.73.216.0 - - [21/Jun/2026:04:40:34 +0200] "GET /entity/013282521133 HTTP/1.1" 200 42265 frangenheim.de "-" "Mozilla/5.0 AppleWebKit/537.36 (KHTML, like Gecko; compatible; ClaudeBot/1.0; +claudebot@anthropic.com)" "-"
216.73.216.0 - - [21/Jun/2026:04:40:38 +0200] "GET /goodscode/011860809564 HTTP/1.1" 200 42265 frangenheim.de "-" "Mozilla/5.0 AppleWebKit/537.36 (KHTML, like Gecko; compatible; ClaudeBot/1.0; +claudebot@anthropic.com)" "-"
66.249.68.0 - - [21/Jun/2026:04:40:41 +0200] "GET /detail/663943455461 HTTP/1.1" 200 197727 frangenheim.de "-" "Mozilla/5.0 (Linux; Android 6.0.1; Nexus 5X Build/MMB29P) AppleWebKit/537.36 (KHTML, like Gecko) Chrome/148.0.7778.96 Mobile Safari/537.36 (compatible; GoogleOther)" "-"
216.73.216.0 - - [21/Jun/2026:04:40:42 +0200] "GET /entity/011156046365 HTTP/1.1" 200 42265 frangenheim.de "-" "Mozilla/5.0 AppleWebKit/537.36 (KHTML, like Gecko; compatible; ClaudeBot/1.0; +claudebot@anthropic.com)" "-"
74.7.241.0 - - [21/Jun/2026:04:40:44 +0200] "GET /?loknya=/homepages/33/d171121957 HTTP/1.1" 200 17631 frangenheim.de "http://frangenheim.de/?loknya=/homepages/33" "Mozilla/5.0 AppleWebKit/537.36 (KHTML, like Gecko; compatible; GPTBot/1.4; +https://openai.com/gptbot)" "-"
216.73.216.0 - - [21/Jun/2026:04:40:46 +0200] "GET /special/01712460880 HTTP/1.1" 200 42265 frangenheim.de "-" "Mozilla/5.0 AppleWebKit/537.36 (KHTML, like Gecko; compatible; ClaudeBot/1.0; +claudebot@anthropic.com)" "-"
216.73.216.0 - - [21/Jun/2026:04:40:52 +0200] "GET /info/011226746102 HTTP/1.1" 429 267 frangenheim.de "-" "Mozilla/5.0 AppleWebKit/537.36 (KHTML, like Gecko; compatible; ClaudeBot/1.0; +claudebot@anthropic.com)" "-"
216.73.216.0 - - [21/Jun/2026:04:40:57 +0200] "GET /info/011050383974 HTTP/1.1" 429 267 frangenheim.de "-" "Mozilla/5.0 AppleWebKit/537.36 (KHTML, like Gecko; compatible; ClaudeBot/1.0; +claudebot@anthropic.com)" "-"
54.38.147.0 - - [21/Jun/2026:04:40:58 +0200] "GET /entity/011114231235 HTTP/1.1" 200 42263 frangenheim.de "-" "Mozilla/5.0 (compatible; AhrefsBot/7.0; +http://ahrefs.com/robot/)" "-"
216.73.216.0 - - [21/Jun/2026:04:40:59 +0200] "GET /goods/01967902843 HTTP/1.1" 429 267 frangenheim.de "-" "Mozilla/5.0 AppleWebKit/537.36 (KHTML, like Gecko; compatible; ClaudeBot/1.0; +claudebot@anthropic.com)" "-"
216.73.216.0 - - [21/Jun/2026:04:41:09 +0200] "GET /info/011192477437 HTTP/1.1" 429 267 frangenheim.de "-" "Mozilla/5.0 AppleWebKit/537.36 (KHTML, like Gecko; compatible; ClaudeBot/1.0; +claudebot@anthropic.com)" "-"
66.249.68.0 - - [21/Jun/2026:04:41:12 +0200] "GET /product/891267759529 HTTP/1.1" 200 198844 frangenheim.de "-" "Mozilla/5.0 (Linux; Android 6.0.1; Nexus 5X Build/MMB29P) AppleWebKit/537.36 (KHTML, like Gecko) Chrome/148.0.7778.96 Mobile Safari/537.36 (compatible; GoogleOther)" "-"
216.73.216.0 - - [21/Jun/2026:04:41:17 +0200] "GET /info/014164111742 HTTP/1.1" 429 267 frangenheim.de "-" "Mozilla/5.0 AppleWebKit/537.36 (KHTML, like Gecko; compatible; ClaudeBot/1.0; +claudebot@anthropic.com)" "-"
216.73.216.0 - - [21/Jun/2026:04:41:21 +0200] "GET /info/01536819515 HTTP/1.1" 429 267 frangenheim.de "-" "Mozilla/5.0 AppleWebKit/537.36 (KHTML, like Gecko; compatible; ClaudeBot/1.0; +claudebot@anthropic.com)" "-"
216.73.216.0 - - [21/Jun/2026:04:41:22 +0200] "GET /special/012970729162 HTTP/1.1" 429 267 frangenheim.de "-" "Mozilla/5.0 AppleWebKit/537.36 (KHTML, like Gecko; compatible; ClaudeBot/1.0; +claudebot@anthropic.com)" "-"
216.73.216.0 - - [21/Jun/2026:04:41:32 +0200] "GET /shopping/013329946830 HTTP/1.1" 429 267 frangenheim.de "-" "Mozilla/5.0 AppleWebKit/537.36 (KHTML, like Gecko; compatible; ClaudeBot/1.0; +claudebot@anthropic.com)" "-"
216.73.216.0 - - [21/Jun/2026:04:41:34 +0200] "GET /item/01982833683 HTTP/1.1" 429 267 frangenheim.de "-" "Mozilla/5.0 AppleWebKit/537.36 (KHTML, like Gecko; compatible; ClaudeBot/1.0; +claudebot@anthropic.com)" "-"
216.73.216.0 - - [21/Jun/2026:04:41:38 +0200] "GET /entity/014258025299?loknya=%2Fhomepages%2F46%2Fd94061663%2Fhtdocs%2Fframes HTTP/1.1" 429 267 frangenheim.de "-" "Mozilla/5.0 AppleWebKit/537.36 (KHTML, like Gecko; compatible; ClaudeBot/1.0; +claudebot@anthropic.com)" "-"
74.7.241.0 - - [21/Jun/2026:04:41:39 +0200] "GET /?loknya=/homepages/33/d171190483 HTTP/1.1" 429 267 frangenheim.de "http://frangenheim.de/?loknya=/homepages/33" "Mozilla/5.0 AppleWebKit/537.36 (KHTML, like Gecko; compatible; GPTBot/1.4; +https://openai.com/gptbot)" "-"
216.73.216.0 - - [21/Jun/2026:04:41:42 +0200] "GET /info/011639192656 HTTP/1.1" 429 267 frangenheim.de "-" "Mozilla/5.0 AppleWebKit/537.36 (KHTML, like Gecko; compatible; ClaudeBot/1.0; +claudebot@anthropic.com)" "-"
216.73.216.0 - - [21/Jun/2026:04:41:46 +0200] "GET /info/011641357246 HTTP/1.1" 429 267 frangenheim.de "-" "Mozilla/5.0 AppleWebKit/537.36 (KHTML, like Gecko; compatible; ClaudeBot/1.0; +claudebot@anthropic.com)" "-"
216.73.216.0 - - [21/Jun/2026:04:41:50 +0200] "GET /item/011127351344 HTTP/1.1" 429 267 frangenheim.de "-" "Mozilla/5.0 AppleWebKit/537.36 (KHTML, like Gecko; compatible; ClaudeBot/1.0; +claudebot@anthropic.com)" "-"
216.73.216.0 - - [21/Jun/2026:04:41:54 +0200] "GET /info/013123843288 HTTP/1.1" 200 42265 frangenheim.de "-" "Mozilla/5.0 AppleWebKit/537.36 (KHTML, like Gecko; compatible; ClaudeBot/1.0; +claudebot@anthropic.com)" "-"
216.73.216.0 - - [21/Jun/2026:04:41:58 +0200] "GET /info/012753323319 HTTP/1.1" 200 42265 frangenheim.de "-" "Mozilla/5.0 AppleWebKit/537.36 (KHTML, like Gecko; compatible; ClaudeBot/1.0; +claudebot@anthropic.com)" "-"
216.73.216.0 - - [21/Jun/2026:04:42:02 +0200] "GET /item/01371104845 HTTP/1.1" 200 42265 frangenheim.de "-" "Mozilla/5.0 AppleWebKit/537.36 (KHTML, like Gecko; compatible; ClaudeBot/1.0; +claudebot@anthropic.com)" "-"
216.73.216.0 - - [21/Jun/2026:04:42:06 +0200] "GET /info/01177300088 HTTP/1.1" 200 42265 frangenheim.de "-" "Mozilla/5.0 AppleWebKit/537.36 (KHTML, like Gecko; compatible; ClaudeBot/1.0; +claudebot@anthropic.com)" "-"
198.244.168.0 - - [21/Jun/2026:04:42:07 +0200] "GET /detail/013222055010 HTTP/1.1" 200 42266 frangenheim.de "-" "Mozilla/5.0 (compatible; AhrefsBot/7.0; +http://ahrefs.com/robot/)" "-"
216.73.216.0 - - [21/Jun/2026:04:42:10 +0200] "GET /shopping/0183376972 HTTP/1.1" 200 42265 frangenheim.de "-" "Mozilla/5.0 AppleWebKit/537.36 (KHTML, like Gecko; compatible; ClaudeBot/1.0; +claudebot@anthropic.com)" "-"
66.249.68.0 - - [21/Jun/2026:04:42:17 +0200] "GET /entity/7221909967 HTTP/1.1" 200 198029 frangenheim.de "-" "Mozilla/5.0 (Linux; Android 6.0.1; Nexus 5X Build/MMB29P) AppleWebKit/537.36 (KHTML, like Gecko) Chrome/148.0.7778.96 Mobile Safari/537.36 (compatible; GoogleOther)" "-"
216.73.216.0 - - [21/Jun/2026:04:42:18 +0200] "GET /goods/0154518428 HTTP/1.1" 200 42265 frangenheim.de "-" "Mozilla/5.0 AppleWebKit/537.36 (KHTML, like Gecko; compatible; ClaudeBot/1.0; +claudebot@anthropic.com)" "-"
216.73.216.0 - - [21/Jun/2026:04:42:20 +0200] "GET /special/012522897929 HTTP/1.1" 200 42265 frangenheim.de "-" "Mozilla/5.0 AppleWebKit/537.36 (KHTML, like Gecko; compatible; ClaudeBot/1.0; +claudebot@anthropic.com)" "-"
216.73.216.0 - - [21/Jun/2026:04:42:24 +0200] "GET /products/012260654126 HTTP/1.1" 200 42265 frangenheim.de "-" "Mozilla/5.0 AppleWebKit/537.36 (KHTML, like Gecko; compatible; ClaudeBot/1.0; +claudebot@anthropic.com)" "-"
216.73.216.0 - - [21/Jun/2026:04:42:28 +0200] "GET /info/01287024676?loknya=%2Fhomepages%2F46%2Fd94061663%2Fhtdocs%2Fframes HTTP/1.1" 200 12237 frangenheim.de "-" "Mozilla/5.0 AppleWebKit/537.36 (KHTML, like Gecko; compatible; ClaudeBot/1.0; +claudebot@anthropic.com)" "-"
74.7.241.0 - - [21/Jun/2026:04:42:32 +0200] "GET /?loknya=/homepages/33/d171113403 HTTP/1.1" 200 20349 frangenheim.de "http://frangenheim.de/?loknya=/homepages/33" "Mozilla/5.0 AppleWebKit/537.36 (KHTML, like Gecko; compatible; GPTBot/1.4; +https://openai.com/gptbot)" "-"
216.73.216.0 - - [21/Jun/2026:04:42:32 +0200] "GET /goods/013690355012 HTTP/1.1" 200 42265 frangenheim.de "-" "Mozilla/5.0 AppleWebKit/537.36 (KHTML, like Gecko; compatible; ClaudeBot/1.0; +claudebot@anthropic.com)" "-"
66.249.68.0 - - [21/Jun/2026:04:42:33 +0200] "GET /detail/842532232595 HTTP/1.1" 200 201447 frangenheim.de "-" "Mozilla/5.0 (Linux; Android 6.0.1; Nexus 5X Build/MMB29P) AppleWebKit/537.36 (KHTML, like Gecko) Chrome/148.0.7778.96 Mobile Safari/537.36 (compatible; GoogleOther)" "-"
216.73.216.0 - - [21/Jun/2026:04:42:36 +0200] "GET /item/011419502283 HTTP/1.1" 200 42265 frangenheim.de "-" "Mozilla/5.0 AppleWebKit/537.36 (KHTML, like Gecko; compatible; ClaudeBot/1.0; +claudebot@anthropic.com)" "-"
216.73.216.0 - - [21/Jun/2026:04:42:40 +0200] "GET /goodscode/011278141271?loknya=%2Fhomepages%2F46%2Fd94061663%2Fhtdocs%2Fframes HTTP/1.1" 200 12237 frangenheim.de "-" "Mozilla/5.0 AppleWebKit/537.36 (KHTML, like Gecko; compatible; ClaudeBot/1.0; +claudebot@anthropic.com)" "-"
66.249.68.0 - - [21/Jun/2026:04:42:42 +0200] "GET /detail/903817172866 HTTP/1.1" 200 191078 frangenheim.de "-" "Mozilla/5.0 (Linux; Android 6.0.1; Nexus 5X Build/MMB29P) AppleWebKit/537.36 (KHTML, like Gecko) Chrome/148.0.7778.96 Mobile Safari/537.36 (compatible; GoogleOther)" "-"
216.73.216.0 - - [21/Jun/2026:04:42:44 +0200] "GET /goodscode/013699877930?loknya=%2Fhomepages%2F46%2Fd94061663%2Fhtdocs%2Fframes HTTP/1.1" 200 12237 frangenheim.de "-" "Mozilla/5.0 AppleWebKit/537.36 (KHTML, like Gecko; compatible; ClaudeBot/1.0; +claudebot@anthropic.com)" "-"
192.250.230.0 - - [21/Jun/2026:04:42:45 +0200] "GET /.env HTTP/1.1" 200 42266 www.frangenheim.de "-" "Mozilla/5.0 (X11; Linux x86_64) AppleWebKit/537.36 (KHTML, like Gecko) Chrome/81.0.4044.129 Safari/537.36" "-"
192.250.230.0 - - [21/Jun/2026:04:42:46 +0200] "POST / HTTP/1.1" 200 42266 www.frangenheim.de "-" "Mozilla/5.0 (X11; Linux x86_64) AppleWebKit/537.36 (KHTML, like Gecko) Chrome/81.0.4044.129 Safari/537.36" "-"
216.73.216.0 - - [21/Jun/2026:04:42:48 +0200] "GET /special/014095413056 HTTP/1.1" 200 42265 frangenheim.de "-" "Mozilla/5.0 AppleWebKit/537.36 (KHTML, like Gecko; compatible; ClaudeBot/1.0; +claudebot@anthropic.com)" "-"
216.73.216.0 - - [21/Jun/2026:04:42:52 +0200] "GET /special/012369553522 HTTP/1.1" 200 42265 frangenheim.de "-" "Mozilla/5.0 AppleWebKit/537.36 (KHTML, like Gecko; compatible; ClaudeBot/1.0; +claudebot@anthropic.com)" "-"
216.73.216.0 - - [21/Jun/2026:04:42:56 +0200] "GET /item/013214894878 HTTP/1.1" 200 42265 frangenheim.de "-" "Mozilla/5.0 AppleWebKit/537.36 (KHTML, like Gecko; compatible; ClaudeBot/1.0; +claudebot@anthropic.com)" "-"
216.73.216.0 - - [21/Jun/2026:04:43:00 +0200] "GET /info/011392019361 HTTP/1.1" 200 42265 frangenheim.de "-" "Mozilla/5.0 AppleWebKit/537.36 (KHTML, like Gecko; compatible; ClaudeBot/1.0; +claudebot@anthropic.com)" "-"
40.77.167.0 - - [21/Jun/2026:04:43:02 +0200] "GET /info/012517949491 HTTP/1.1" 200 199457 www.frangenheim.de "-" "Mozilla/5.0 AppleWebKit/537.36 (KHTML, like Gecko; compatible; bingbot/2.0; +http://www.bing.com/bingbot.htm) Chrome/116.0.1938.76 Safari/537.36" "-"
216.73.216.0 - - [21/Jun/2026:04:43:04 +0200] "GET /special/01710036666 HTTP/1.1" 200 42265 frangenheim.de "-" "Mozilla/5.0 AppleWebKit/537.36 (KHTML, like Gecko; compatible; ClaudeBot/1.0; +claudebot@anthropic.com)" "-"
