66.249.68.0 - - [21/Jun/2026:02:00:15 +0200] "GET /detail/881967946355 HTTP/1.1" 200 196040 frangenheim.de "-" "Mozilla/5.0 (Linux; Android 6.0.1; Nexus 5X Build/MMB29P) AppleWebKit/537.36 (KHTML, like Gecko) Chrome/148.0.7778.96 Mobile Safari/537.36 (compatible; Googlebot/2.1; +http://www.google.com/bot.html)" "-"
216.73.216.0 - - [21/Jun/2026:02:00:17 +0200] "GET /items/013456337528?loknya=%2Fproc HTTP/1.1" 429 267 frangenheim.de "-" "Mozilla/5.0 AppleWebKit/537.36 (KHTML, like Gecko; compatible; ClaudeBot/1.0; +claudebot@anthropic.com)" "-"
66.249.68.0 - - [21/Jun/2026:02:00:31 +0200] "GET /detail/752940595706 HTTP/1.1" 200 201956 frangenheim.de "-" "Mozilla/5.0 (Linux; Android 6.0.1; Nexus 5X Build/MMB29P) AppleWebKit/537.36 (KHTML, like Gecko) Chrome/148.0.7778.96 Mobile Safari/537.36 (compatible; GoogleOther)" "-"
216.73.216.0 - - [21/Jun/2026:02:00:35 +0200] "GET /items/011135093843?loknya=%2Fhomepages%2F46%2Fd94061663%2Fhtdocs%2Fclickandbuilds%2F HTTP/1.1" 429 267 frangenheim.de "-" "Mozilla/5.0 AppleWebKit/537.36 (KHTML, like Gecko; compatible; ClaudeBot/1.0; +claudebot@anthropic.com)" "-"
216.73.216.0 - - [21/Jun/2026:02:00:36 +0200] "GET /items/013653990670?lokasie=%2Fhomepages%2F46%2Fd94061663%2Fhtdocs%2Fclickandbuilds%2FAlexanderFrangenheim%2Fwp-includes%2Fcomment-template.php&loknya=%2Fhomepages%2F46%2Fd94061663%2Fhtdocs%2Fclickandbuilds%2FAlexanderFrangenheim%2Fwp-includes HTTP/1.1" 429 267 frangenheim.de "-" "Mozilla/5.0 AppleWebKit/537.36 (KHTML, like Gecko; compatible; ClaudeBot/1.0; +claudebot@anthropic.com)" "-"
66.249.68.0 - - [21/Jun/2026:02:00:46 +0200] "GET /detail/082716298312 HTTP/1.1" 200 195506 frangenheim.de "-" "Mozilla/5.0 (Linux; Android 6.0.1; Nexus 5X Build/MMB29P) AppleWebKit/537.36 (KHTML, like Gecko) Chrome/148.0.7778.96 Mobile Safari/537.36 (compatible; GoogleOther)" "-"
216.73.216.0 - - [21/Jun/2026:02:00:50 +0200] "GET /goodscode/011010894850?lokasie=%2Fhomepages%2F46%2Fd94061663%2Fhtdocs%2Fclickandbuilds%2FAlexanderFrangenheim%2Fwp-admin%2Fmenu.php&loknya=%2Fhomepages%2F46%2Fd94061663%2Fhtdocs%2Fclickandbuilds%2FAlexanderFrangenheim%2Fwp-admin HTTP/1.1" 429 267 frangenheim.de "-" "Mozilla/5.0 AppleWebKit/537.36 (KHTML, like Gecko; compatible; ClaudeBot/1.0; +claudebot@anthropic.com)" "-"
66.249.68.0 - - [21/Jun/2026:02:00:53 +0200] "GET /detail/904200714502 HTTP/1.1" 200 193229 frangenheim.de "-" "Mozilla/5.0 (Linux; Android 6.0.1; Nexus 5X Build/MMB29P) AppleWebKit/537.36 (KHTML, like Gecko) Chrome/148.0.7778.96 Mobile Safari/537.36 (compatible; GoogleOther)" "-"
216.73.216.0 - - [21/Jun/2026:02:00:54 +0200] "GET /info/011716766814?loknya=%2Fhomepages%2F46%2Fd94061663%2Fhtdocs%2Ffestival HTTP/1.1" 200 15213 frangenheim.de "-" "Mozilla/5.0 AppleWebKit/537.36 (KHTML, like Gecko; compatible; ClaudeBot/1.0; +claudebot@anthropic.com)" "-"
66.249.68.0 - - [21/Jun/2026:02:00:54 +0200] "GET /detail/871837346119 HTTP/1.1" 200 199662 frangenheim.de "-" "Mozilla/5.0 (Linux; Android 6.0.1; Nexus 5X Build/MMB29P) AppleWebKit/537.36 (KHTML, like Gecko) Chrome/148.0.7778.96 Mobile Safari/537.36 (compatible; Googlebot/2.1; +http://www.google.com/bot.html)" "-"
74.7.241.0 - - [21/Jun/2026:02:01:00 +0200] "GET /?lokasie=/homepages/34/d171103581/.created&loknya=/homepages/34/d171103581 HTTP/1.1" 200 4078 frangenheim.de "http://frangenheim.de/?loknya=/homepages/34/d171103581" "Mozilla/5.0 AppleWebKit/537.36 (KHTML, like Gecko; compatible; GPTBot/1.4; +https://openai.com/gptbot)" "-"
66.249.68.0 - - [21/Jun/2026:02:01:00 +0200] "GET /detail/01862442453 HTTP/1.1" 200 201655 frangenheim.de "-" "Mozilla/5.0 (Linux; Android 6.0.1; Nexus 5X Build/MMB29P) AppleWebKit/537.36 (KHTML, like Gecko) Chrome/148.0.7778.96 Mobile Safari/537.36 (compatible; Googlebot/2.1; +http://www.google.com/bot.html)" "-"
216.73.216.0 - - [21/Jun/2026:02:01:03 +0200] "GET /entity/014230750205?lokasie=%2Fhomepages%2F46%2Fd94061663%2Fhtdocs%2Fclickandbuilds%2FAlexanderFrangenheim%2Fwp-includes%2Fms-settings.php&loknya=%2Fhomepages%2F46%2Fd94061663%2Fhtdocs%2Fclickandbuilds%2FAlexanderFrangenheim%2Fwp-includes HTTP/1.1" 200 8663 frangenheim.de "-" "Mozilla/5.0 AppleWebKit/537.36 (KHTML, like Gecko; compatible; ClaudeBot/1.0; +claudebot@anthropic.com)" "-"
66.249.68.0 - - [21/Jun/2026:02:01:08 +0200] "GET /detail/79531465380 HTTP/1.1" 200 194907 frangenheim.de "-" "Mozilla/5.0 (Linux; Android 6.0.1; Nexus 5X Build/MMB29P) AppleWebKit/537.36 (KHTML, like Gecko) Chrome/148.0.7778.96 Mobile Safari/537.36 (compatible; GoogleOther)" "-"
216.73.216.0 - - [21/Jun/2026:02:01:12 +0200] "GET /entity/014173607923?lokasie=%2Fhomepages%2F46%2Fd94061663%2Fhtdocs%2Fclickandbuilds%2FAlexanderFrangenheim%2Fwp-includes%2Fclass-smtp.php&loknya=%2Fhomepages%2F46%2Fd94061663%2Fhtdocs%2Fclickandbuilds%2FAlexanderFrangenheim%2Fwp-includes HTTP/1.1" 200 4956 frangenheim.de "-" "Mozilla/5.0 AppleWebKit/537.36 (KHTML, like Gecko; compatible; ClaudeBot/1.0; +claudebot@anthropic.com)" "-"
216.73.216.0 - - [21/Jun/2026:02:01:16 +0200] "GET /special/014056986738?loknya=%2Fhomepages%2F46%2Fd94061663%2Fhtdocs%2Ffestival HTTP/1.1" 200 15213 frangenheim.de "-" "Mozilla/5.0 AppleWebKit/537.36 (KHTML, like Gecko; compatible; ClaudeBot/1.0; +claudebot@anthropic.com)" "-"
216.73.216.0 - - [21/Jun/2026:02:01:25 +0200] "GET /items/013421082025?loknya=%2Fhomepages%2F46%2Fd94061663%2Fhtdocs%2Fclickandbuilds HTTP/1.1" 200 9256 frangenheim.de "-" "Mozilla/5.0 AppleWebKit/537.36 (KHTML, like Gecko; compatible; ClaudeBot/1.0; +claudebot@anthropic.com)" "-"
216.73.216.0 - - [21/Jun/2026:02:01:34 +0200] "GET /entity/01546243731?lokasie=%2Fhomepages%2F46%2Fd94061663%2Fhtdocs%2Fclickandbuilds%2FAlexanderFrangenheim%2Fwp-includes%2Fjs%2Fwp-util.min.js&loknya=%2Fhomepages%2F46%2Fd94061663%2Fhtdocs%2Fclickandbuilds%2FAlexanderFrangenheim%2Fwp-includes%2Fjs HTTP/1.1" 200 6227 frangenheim.de "-" "Mozilla/5.0 AppleWebKit/537.36 (KHTML, like Gecko; compatible; ClaudeBot/1.0; +claudebot@anthropic.com)" "-"
216.73.216.0 - - [21/Jun/2026:02:01:43 +0200] "GET /entity/013047889199?loknya=%2Fetc HTTP/1.1" 200 162213 frangenheim.de "-" "Mozilla/5.0 AppleWebKit/537.36 (KHTML, like Gecko; compatible; ClaudeBot/1.0; +claudebot@anthropic.com)" "-"
66.249.68.0 - - [21/Jun/2026:02:01:48 +0200] "GET /detail/00919302030 HTTP/1.1" 200 201116 frangenheim.de "-" "Mozilla/5.0 (Linux; Android 6.0.1; Nexus 5X Build/MMB29P) AppleWebKit/537.36 (KHTML, like Gecko) Chrome/148.0.7778.96 Mobile Safari/537.36 (compatible; GoogleOther)" "-"
216.73.216.0 - - [21/Jun/2026:02:01:55 +0200] "GET /goodscode/013773043260?loknya=%2Fhomepages%2F46%2Fd94061663%2Fhtdocs%2Fclickandbuilds%2FAlexanderFrangenheim%2Fwp-includes%2Ffonts HTTP/1.1" 200 17184 frangenheim.de "-" "Mozilla/5.0 AppleWebKit/537.36 (KHTML, like Gecko; compatible; ClaudeBot/1.0; +claudebot@anthropic.com)" "-"
216.73.216.0 - - [21/Jun/2026:02:01:58 +0200] "GET /items/012370592287?lokasie=%2Fhomepages%2F46%2Fd94061663%2Fhtdocs%2Fclickandbuilds%2FAlexanderFrangenheim%2Fwp-admin%2Fadmin.php&loknya=%2Fhomepages%2F46%2Fd94061663%2Fhtdocs%2Fclickandbuilds%2FAlexanderFrangenheim%2Fwp-admin HTTP/1.1" 200 17280 frangenheim.de "-" "Mozilla/5.0 AppleWebKit/537.36 (KHTML, like Gecko; compatible; ClaudeBot/1.0; +claudebot@anthropic.com)" "-"
74.7.241.0 - - [21/Jun/2026:02:02:02 +0200] "GET /?lokasie=/homepages/12/d171243619/.created&loknya=/homepages/12/d171243619 HTTP/1.1" 200 4078 frangenheim.de "http://frangenheim.de/?loknya=/homepages/12/d171243619" "Mozilla/5.0 AppleWebKit/537.36 (KHTML, like Gecko; compatible; GPTBot/1.4; +https://openai.com/gptbot)" "-"
66.249.68.0 - - [21/Jun/2026:02:02:02 +0200] "GET /detail/78522451825 HTTP/1.1" 200 198676 frangenheim.de "-" "Mozilla/5.0 (Linux; Android 6.0.1; Nexus 5X Build/MMB29P) AppleWebKit/537.36 (KHTML, like Gecko) Chrome/148.0.7778.96 Mobile Safari/537.36 (compatible; GoogleOther)" "-"
216.73.216.0 - - [21/Jun/2026:02:02:07 +0200] "GET /goodscode/012275476627?loknya=%2Fopt HTTP/1.1" 200 5008 frangenheim.de "-" "Mozilla/5.0 AppleWebKit/537.36 (KHTML, like Gecko; compatible; ClaudeBot/1.0; +claudebot@anthropic.com)" "-"
66.249.68.0 - - [21/Jun/2026:02:02:11 +0200] "GET /market/893306036271 HTTP/1.1" 200 193475 frangenheim.de "-" "Mozilla/5.0 (Linux; Android 6.0.1; Nexus 5X Build/MMB29P) AppleWebKit/537.36 (KHTML, like Gecko) Chrome/148.0.7778.96 Mobile Safari/537.36 (compatible; GoogleOther)" "-"
216.73.216.0 - - [21/Jun/2026:02:02:16 +0200] "GET /items/011513025146?loknya=%2Fhomepages%2F46%2Fd94061663%2Fhtdocs%2Fclickandbuilds%2F HTTP/1.1" 200 9266 frangenheim.de "-" "Mozilla/5.0 AppleWebKit/537.36 (KHTML, like Gecko; compatible; ClaudeBot/1.0; +claudebot@anthropic.com)" "-"
66.249.68.0 - - [21/Jun/2026:02:02:20 +0200] "GET /info/73278339131 HTTP/1.1" 200 199642 frangenheim.de "-" "Mozilla/5.0 (Linux; Android 6.0.1; Nexus 5X Build/MMB29P) AppleWebKit/537.36 (KHTML, like Gecko) Chrome/148.0.7778.96 Mobile Safari/537.36 (compatible; Googlebot/2.1; +http://www.google.com/bot.html)" "-"
216.73.216.0 - - [21/Jun/2026:02:02:22 +0200] "GET /item/014189308520?loknya=%2Fhomepages%2F46%2Fd94061663%2Fhtdocs%2Fclickandbuilds%2F HTTP/1.1" 200 9266 frangenheim.de "-" "Mozilla/5.0 AppleWebKit/537.36 (KHTML, like Gecko; compatible; ClaudeBot/1.0; +claudebot@anthropic.com)" "-"
216.73.216.0 - - [21/Jun/2026:02:02:29 +0200] "GET /info/013914929599?loknya=%2Fhomepages%2F46%2Fd94061663%2Fhtdocs%2Fclickandbuilds%2FAlexanderFrangenheim%2Fwp-content HTTP/1.1" 200 21702 frangenheim.de "-" "Mozilla/5.0 AppleWebKit/537.36 (KHTML, like Gecko; compatible; ClaudeBot/1.0; +claudebot@anthropic.com)" "-"
216.73.216.0 - - [21/Jun/2026:02:02:38 +0200] "GET /goodscode/01761480300?lokasie=%2Fhomepages%2F46%2Fd94061663%2Fhtdocs%2Fclickandbuilds%2FAlexanderFrangenheim%2Fwp-includes%2Fphp.ini&loknya=%2Fhomepages%2F46%2Fd94061663%2Fhtdocs%2Fclickandbuilds%2FAlexanderFrangenheim%2Fwp-includes HTTP/1.1" 200 4589 frangenheim.de "-" "Mozilla/5.0 AppleWebKit/537.36 (KHTML, like Gecko; compatible; ClaudeBot/1.0; +claudebot@anthropic.com)" "-"
216.73.216.0 - - [21/Jun/2026:02:02:47 +0200] "GET /goodscode/011298532764?loknya=%2F HTTP/1.1" 200 29688 frangenheim.de "-" "Mozilla/5.0 AppleWebKit/537.36 (KHTML, like Gecko; compatible; ClaudeBot/1.0; +claudebot@anthropic.com)" "-"
216.73.216.0 - - [21/Jun/2026:02:02:56 +0200] "GET /info/011314212693?lokasie=%2Fhomepages%2F46%2Fd94061663%2Fhtdocs%2Fclickandbuilds%2FAlexanderFrangenheim%2Fwp-includes%2Fclass-phpass.php&loknya=%2Fhomepages%2F46%2Fd94061663%2Fhtdocs%2Fclickandbuilds%2FAlexanderFrangenheim%2Fwp-includes HTTP/1.1" 200 11499 frangenheim.de "-" "Mozilla/5.0 AppleWebKit/537.36 (KHTML, like Gecko; compatible; ClaudeBot/1.0; +claudebot@anthropic.com)" "-"
74.7.241.0 - - [21/Jun/2026:02:02:59 +0200] "GET /?lokasie=/homepages/12/d171177725/.htaccess&loknya=/homepages/12/d171177725 HTTP/1.1" 200 4068 frangenheim.de "http://frangenheim.de/?loknya=/homepages/12/d171177725" "Mozilla/5.0 AppleWebKit/537.36 (KHTML, like Gecko; compatible; GPTBot/1.4; +https://openai.com/gptbot)" "-"
216.73.216.0 - - [21/Jun/2026:02:03:04 +0200] "GET /goodscode/01969750120?loknya=%2Fhomepages%2F46%2Fd94061663%2Fhtdocs%2Fclickandbuilds%2FAlexanderFrangenheim%2Fwp-content HTTP/1.1" 200 21702 frangenheim.de "-" "Mozilla/5.0 AppleWebKit/537.36 (KHTML, like Gecko; compatible; ClaudeBot/1.0; +claudebot@anthropic.com)" "-"
66.249.68.0 - - [21/Jun/2026:02:03:08 +0200] "GET /market/733288976582 HTTP/1.1" 200 193538 frangenheim.de "-" "Mozilla/5.0 (Linux; Android 6.0.1; Nexus 5X Build/MMB29P) AppleWebKit/537.36 (KHTML, like Gecko) Chrome/148.0.7778.96 Mobile Safari/537.36 (compatible; GoogleOther)" "-"
52.167.144.0 - - [21/Jun/2026:02:03:12 +0200] "GET /sitemap-item-2283.xml HTTP/1.1" 200 345415 www.frangenheim.de "-" "Mozilla/5.0 AppleWebKit/537.36 (KHTML, like Gecko; compatible; bingbot/2.0; +http://www.bing.com/bingbot.htm) Chrome/116.0.1938.76 Safari/537.36" "-"
216.73.216.0 - - [21/Jun/2026:02:03:13 +0200] "GET /item/01657607435?loknya=%2Fhomepages%2F46%2Fd94061663%2Fhtdocs%2Fclickandbuilds%2FAlexanderFrangenheim%2Fwp-includes%2FIXR HTTP/1.1" 429 267 frangenheim.de "-" "Mozilla/5.0 AppleWebKit/537.36 (KHTML, like Gecko; compatible; ClaudeBot/1.0; +claudebot@anthropic.com)" "-"
66.249.68.0 - - [21/Jun/2026:02:03:21 +0200] "GET /detail/073605761730 HTTP/1.1" 200 200134 frangenheim.de "-" "Mozilla/5.0 (Linux; Android 6.0.1; Nexus 5X Build/MMB29P) AppleWebKit/537.36 (KHTML, like Gecko) Chrome/148.0.7778.96 Mobile Safari/537.36 (compatible; GoogleOther)" "-"
216.73.216.0 - - [21/Jun/2026:02:03:23 +0200] "GET /entity/011667881257?lokasie=%2Fhomepages%2F46%2Fd94061663%2Fhtdocs%2Fclickandbuilds%2FAlexanderFrangenheim%2Fwp-includes%2Fblocks%2Fblock.php&loknya=%2Fhomepages%2F46%2Fd94061663%2Fhtdocs%2Fclickandbuilds%2FAlexanderFrangenheim%2Fwp-includes%2Fblocks HTTP/1.1" 429 267 frangenheim.de "-" "Mozilla/5.0 AppleWebKit/537.36 (KHTML, like Gecko; compatible; ClaudeBot/1.0; +claudebot@anthropic.com)" "-"
66.249.68.0 - - [21/Jun/2026:02:03:26 +0200] "GET /detail/082716298312 HTTP/1.1" 200 195506 frangenheim.de "-" "Mozilla/5.0 (Linux; Android 6.0.1; Nexus 5X Build/MMB29P) AppleWebKit/537.36 (KHTML, like Gecko) Chrome/148.0.7778.96 Mobile Safari/537.36 (compatible; Googlebot/2.1; +http://www.google.com/bot.html)" "-"
216.73.216.0 - - [21/Jun/2026:02:03:27 +0200] "GET /goodscode/01160210771?lokasie=%2Fhomepages%2F46%2Fd94061663%2Fhtdocs%2Fclickandbuilds%2FAlexanderFrangenheim%2Fwp-includes%2Ftheme-templates.php&loknya=%2Fhomepages%2F46%2Fd94061663%2Fhtdocs%2Fclickandbuilds%2FAlexanderFrangenheim%2Fwp-includes HTTP/1.1" 429 267 frangenheim.de "-" "Mozilla/5.0 AppleWebKit/537.36 (KHTML, like Gecko; compatible; ClaudeBot/1.0; +claudebot@anthropic.com)" "-"
157.55.39.0 - - [21/Jun/2026:02:03:27 +0200] "GET /info/762958700316 HTTP/1.1" 200 200020 www.frangenheim.de "-" "Mozilla/5.0 AppleWebKit/537.36 (KHTML, like Gecko; compatible; bingbot/2.0; +http://www.bing.com/bingbot.htm) Chrome/116.0.1938.76 Safari/537.36" "-"
66.249.68.0 - - [21/Jun/2026:02:03:34 +0200] "GET /detail/65654771529 HTTP/1.1" 200 199370 frangenheim.de "-" "Mozilla/5.0 (Linux; Android 6.0.1; Nexus 5X Build/MMB29P) AppleWebKit/537.36 (KHTML, like Gecko) Chrome/148.0.7778.96 Mobile Safari/537.36 (compatible; GoogleOther)" "-"
216.73.216.0 - - [21/Jun/2026:02:03:35 +0200] "GET /goods/013980244408?loknya=%2Fhomepages%2F46%2Fd94061663%2Fhtdocs%2Fclickandbuilds%2FAlexanderFrangenheim%2Fwp-admin HTTP/1.1" 429 267 frangenheim.de "-" "Mozilla/5.0 AppleWebKit/537.36 (KHTML, like Gecko; compatible; ClaudeBot/1.0; +claudebot@anthropic.com)" "-"
74.7.241.0 - - [21/Jun/2026:02:03:48 +0200] "GET /?loknya=/homepages/37/d171104759/managed HTTP/1.1" 429 267 frangenheim.de "http://frangenheim.de/?loknya=/homepages/37/d171104759" "Mozilla/5.0 AppleWebKit/537.36 (KHTML, like Gecko; compatible; GPTBot/1.4; +https://openai.com/gptbot)" "-"
216.73.216.0 - - [21/Jun/2026:02:03:50 +0200] "GET /items/01684536446?lokasie=%2Fhomepages%2F46%2Fd94061663%2Fhtdocs%2Fclickandbuilds%2FAlexanderFrangenheim%2Fwp-includes%2Fpost.php&loknya=%2Fhomepages%2F46%2Fd94061663%2Fhtdocs%2Fclickandbuilds%2FAlexanderFrangenheim%2Fwp-includes HTTP/1.1" 429 267 frangenheim.de "-" "Mozilla/5.0 AppleWebKit/537.36 (KHTML, like Gecko; compatible; ClaudeBot/1.0; +claudebot@anthropic.com)" "-"
52.5.232.0 - - [21/Jun/2026:02:03:51 +0200] "GET /page/2?loknya=/opt HTTP/1.1" 200 5006 frangenheim.de "-" "Mozilla/5.0 AppleWebKit/537.36 (KHTML, like Gecko; compatible; Amazonbot/0.1; +https://developer.amazon.com/support/amazonbot) Chrome/119.0.6045.214 Safari/537.36" "-"
98.80.130.0 - - [21/Jun/2026:02:03:53 +0200] "GET /?loknya=/homepages/3 HTTP/1.1" 200 63829 www.frangenheim.de "-" "Mozilla/5.0 AppleWebKit/537.36 (KHTML, like Gecko; compatible; Amazonbot/0.1; +https://developer.amazon.com/support/amazonbot) Chrome/119.0.6045.214 Safari/537.36" "-"
52.200.54.0 - - [21/Jun/2026:02:03:55 +0200] "GET /feed?loknya=/dev HTTP/1.1" 200 9022 frangenheim.de "-" "Mozilla/5.0 AppleWebKit/537.36 (KHTML, like Gecko; compatible; Amazonbot/0.1; +https://developer.amazon.com/support/amazonbot) Chrome/119.0.6045.214 Safari/537.36" "-"
34.231.45.0 - - [21/Jun/2026:02:03:58 +0200] "GET /?loknya=/homepages/46/d94148143 HTTP/1.1" 200 20353 www.frangenheim.de "-" "Mozilla/5.0 AppleWebKit/537.36 (KHTML, like Gecko; compatible; Amazonbot/0.1; +https://developer.amazon.com/support/amazonbot) Chrome/119.0.6045.214 Safari/537.36" "-"
34.195.60.0 - - [21/Jun/2026:02:03:59 +0200] "GET /page/2?loknya=/homepages/9 HTTP/1.1" 200 63824 frangenheim.de "-" "Mozilla/5.0 AppleWebKit/537.36 (KHTML, like Gecko; compatible; Amazonbot/0.1; +https://developer.amazon.com/support/amazonbot) Chrome/119.0.6045.214 Safari/537.36" "-"
100.28.49.0 - - [21/Jun/2026:02:04:00 +0200] "GET /?loknya=/homepages/46/d94219630 HTTP/1.1" 200 17619 www.frangenheim.de "-" "Mozilla/5.0 AppleWebKit/537.36 (KHTML, like Gecko; compatible; Amazonbot/0.1; +https://developer.amazon.com/support/amazonbot) Chrome/119.0.6045.214 Safari/537.36" "-"
216.73.216.0 - - [21/Jun/2026:02:04:02 +0200] "GET /items/013773430633?lokasie=%2Fhomepages%2F46%2Fd94061663%2Fhtdocs%2Fclickandbuilds%2FAlexanderFrangenheim%2Fwp-includes%2Frss.php&loknya=%2Fhomepages%2F46%2Fd94061663%2Fhtdocs%2Fclickandbuilds%2FAlexanderFrangenheim%2Fwp-includes HTTP/1.1" 429 267 frangenheim.de "-" "Mozilla/5.0 AppleWebKit/537.36 (KHTML, like Gecko; compatible; ClaudeBot/1.0; +claudebot@anthropic.com)" "-"
66.249.68.0 - - [21/Jun/2026:02:04:05 +0200] "GET /detail/674282960507 HTTP/1.1" 200 196490 frangenheim.de "-" "Mozilla/5.0 (Linux; Android 6.0.1; Nexus 5X Build/MMB29P) AppleWebKit/537.36 (KHTML, like Gecko) Chrome/148.0.7778.96 Mobile Safari/537.36 (compatible; GoogleOther)" "-"
52.4.213.0 - - [21/Jun/2026:02:04:06 +0200] "GET /?loknya=/homepages/46/d171221234 HTTP/1.1" 200 20357 www.frangenheim.de "-" "Mozilla/5.0 AppleWebKit/537.36 (KHTML, like Gecko; compatible; Amazonbot/0.1; +https://developer.amazon.com/support/amazonbot) Chrome/119.0.6045.214 Safari/537.36" "-"
34.196.237.0 - - [21/Jun/2026:02:04:07 +0200] "GET /news?loknya=/homepages/46/d94061663/htdocs/clickandbuilds/AlexanderFrangenheim/wp-includes/html-api HTTP/1.1" 200 14284 frangenheim.de "-" "Mozilla/5.0 AppleWebKit/537.36 (KHTML, like Gecko; compatible; Amazonbot/0.1; +https://developer.amazon.com/support/amazonbot) Chrome/119.0.6045.214 Safari/537.36" "-"
3.211.181.0 - - [21/Jun/2026:02:04:07 +0200] "GET /feed?loknya=/homepages/35 HTTP/1.1" 200 58839 frangenheim.de "-" "Mozilla/5.0 AppleWebKit/537.36 (KHTML, like Gecko; compatible; Amazonbot/0.1; +https://developer.amazon.com/support/amazonbot) Chrome/119.0.6045.214 Safari/537.36" "-"
54.87.62.0 - - [21/Jun/2026:02:04:10 +0200] "GET /?lokasie=/homepages/46/d94061663/htdocs/clickandbuilds//worksec.php&loknya=/homepages/46/d94061663/htdocs/clickandbuilds/ HTTP/1.1" 200 5676 www.frangenheim.de "-" "Mozilla/5.0 AppleWebKit/537.36 (KHTML, like Gecko; compatible; Amazonbot/0.1; +https://developer.amazon.com/support/amazonbot) Chrome/119.0.6045.214 Safari/537.36" "-"
216.73.216.0 - - [21/Jun/2026:02:04:12 +0200] "GET /entity/014203291688?loknya=%2Fmnt HTTP/1.1" 429 267 frangenheim.de "-" "Mozilla/5.0 AppleWebKit/537.36 (KHTML, like Gecko; compatible; ClaudeBot/1.0; +claudebot@anthropic.com)" "-"
54.225.181.0 - - [21/Jun/2026:02:04:13 +0200] "GET /index.php?lokasie=/homepages/46/d94061663/htdocs/clickandbuilds/AlexanderFrangenheim/wp-trackback.php&loknya=/homepages/46/d94061663/htdocs/clickandbuilds/AlexanderFrangenheim HTTP/1.1" 200 9535 www.frangenheim.de "-" "Mozilla/5.0 AppleWebKit/537.36 (KHTML, like Gecko; compatible; Amazonbot/0.1; +https://developer.amazon.com/support/amazonbot) Chrome/119.0.6045.214 Safari/537.36" "-"
66.249.68.0 - - [21/Jun/2026:02:04:14 +0200] "GET /detail/024152607158 HTTP/1.1" 200 202847 frangenheim.de "-" "Mozilla/5.0 (Linux; Android 6.0.1; Nexus 5X Build/MMB29P) AppleWebKit/537.36 (KHTML, like Gecko) Chrome/148.0.7778.96 Mobile Safari/537.36 (compatible; GoogleOther)" "-"
18.213.102.0 - - [21/Jun/2026:02:04:15 +0200] "GET /page/2?lokasie=/homepages/46/d94061663/htdocs/clickandbuilds/AlexanderFrangenheim/wp-admin/ms-delete-site.php&loknya=/homepages/46/d94061663/htdocs/clickandbuilds/AlexanderFrangenheim/wp-admin HTTP/1.1" 200 9149 frangenheim.de "-" "Mozilla/5.0 AppleWebKit/537.36 (KHTML, like Gecko; compatible; Amazonbot/0.1; +https://developer.amazon.com/support/amazonbot) Chrome/119.0.6045.214 Safari/537.36" "-"
216.73.216.0 - - [21/Jun/2026:02:04:15 +0200] "GET /entity/01699412739?lokasie=%2Fhomepages%2F46%2Fd94061663%2Fhtdocs%2Fclickandbuilds%2FAlexanderFrangenheim%2Fwp-admin%2Fwidgets-form.php&loknya=%2Fhomepages%2F46%2Fd94061663%2Fhtdocs%2Fclickandbuilds%2FAlexanderFrangenheim%2Fwp-admin HTTP/1.1" 200 26661 frangenheim.de "-" "Mozilla/5.0 AppleWebKit/537.36 (KHTML, like Gecko; compatible; ClaudeBot/1.0; +claudebot@anthropic.com)" "-"
34.194.14.0 - - [21/Jun/2026:02:04:16 +0200] "GET /?lokasie=/homepages/46/d94061663/htdocs/clickandbuilds/AlexanderFrangenheim/wp-includes/blocks.php&loknya=/homepages/46/d94061663/htdocs/clickandbuilds/AlexanderFrangenheim/wp-includes HTTP/1.1" 200 58786 www.frangenheim.de "-" "Mozilla/5.0 AppleWebKit/537.36 (KHTML, like Gecko; compatible; Amazonbot/0.1; +https://developer.amazon.com/support/amazonbot) Chrome/119.0.6045.214 Safari/537.36" "-"
35.174.141.0 - - [21/Jun/2026:02:04:18 +0200] "GET /wp-json/oembed/1.0/embed?lokasie=/homepages/46/d94061663/htdocs/clickandbuilds/AlexanderFrangenheim/wp-admin/theme-install.php&loknya=/homepages/46/d94061663/htdocs/clickandbuilds/AlexanderFrangenheim/wp-admin HTTP/1.1" 200 32835 frangenheim.de "-" "Mozilla/5.0 AppleWebKit/537.36 (KHTML, like Gecko; compatible; Amazonbot/0.1; +https://developer.amazon.com/support/amazonbot) Chrome/119.0.6045.214 Safari/537.36" "-"
98.83.10.0 - - [21/Jun/2026:02:04:19 +0200] "GET /page/2?lokasie=/homepages/46/d94061663/htdocs/clickandbuilds/AlexanderFrangenheim/wp-admin/network.php&loknya=/homepages/46/d94061663/htdocs/clickandbuilds/AlexanderFrangenheim/wp-admin HTTP/1.1" 200 10438 frangenheim.de "-" "Mozilla/5.0 AppleWebKit/537.36 (KHTML, like Gecko; compatible; Amazonbot/0.1; +https://developer.amazon.com/support/amazonbot) Chrome/119.0.6045.214 Safari/537.36" "-"
3.220.70.0 - - [21/Jun/2026:02:04:21 +0200] "GET /?lokasie=/homepages/46/d94061663/htdocs/clickandbuilds/AlexanderFrangenheim/wp-includes/class-wp-block-supports.php&loknya=/homepages/46/d94061663/htdocs/clickandbuilds/AlexanderFrangenheim/wp-includes HTTP/1.1" 200 10080 www.frangenheim.de "-" "Mozilla/5.0 AppleWebKit/537.36 (KHTML, like Gecko; compatible; Amazonbot/0.1; +https://developer.amazon.com/support/amazonbot) Chrome/119.0.6045.214 Safari/537.36" "-"
52.0.63.0 - - [21/Jun/2026:02:04:23 +0200] "GET /news?lokasie=/homepages/46/d94061663/htdocs/clickandbuilds/AlexanderFrangenheim/wp-admin/comment.php&loknya=/homepages/46/d94061663/htdocs/clickandbuilds/AlexanderFrangenheim/wp-admin HTTP/1.1" 200 17274 frangenheim.de "-" "Mozilla/5.0 AppleWebKit/537.36 (KHTML, like Gecko; compatible; Amazonbot/0.1; +https://developer.amazon.com/support/amazonbot) Chrome/119.0.6045.214 Safari/537.36" "-"
216.73.216.0 - - [21/Jun/2026:02:04:24 +0200] "GET /items/012386874402?loknya=%2Fhomepages%2F46%2Fd94061663%2Fhtdocs%2Fclickandbuilds%2FAlexanderFrangenheim%2Fwp-admin HTTP/1.1" 200 165663 frangenheim.de "-" "Mozilla/5.0 AppleWebKit/537.36 (KHTML, like Gecko; compatible; ClaudeBot/1.0; +claudebot@anthropic.com)" "-"
54.85.126.0 - - [21/Jun/2026:02:04:25 +0200] "GET /?lokasie=/homepages/46/d94061663/htdocs/clickandbuilds/AlexanderFrangenheim/wp-includes/class-wp-session-tokens.php&loknya=/homepages/46/d94061663/htdocs/clickandbuilds/AlexanderFrangenheim/wp-includes HTTP/1.1" 200 12015 www.frangenheim.de "-" "Mozilla/5.0 AppleWebKit/537.36 (KHTML, like Gecko; compatible; Amazonbot/0.1; +https://developer.amazon.com/support/amazonbot) Chrome/119.0.6045.214 Safari/537.36" "-"
54.152.163.0 - - [21/Jun/2026:02:04:29 +0200] "GET /news?lokasie=/homepages/46/d94061663/htdocs/clickandbuilds/AlexanderFrangenheim/wp-admin/network.php&loknya=/homepages/46/d94061663/htdocs/clickandbuilds/AlexanderFrangenheim/wp-admin HTTP/1.1" 200 10439 frangenheim.de "-" "Mozilla/5.0 AppleWebKit/537.36 (KHTML, like Gecko; compatible; Amazonbot/0.1; +https://developer.amazon.com/support/amazonbot) Chrome/119.0.6045.214 Safari/537.36" "-"
34.206.212.0 - - [21/Jun/2026:02:04:29 +0200] "GET /?lokasie=/homepages/46/d94061663/htdocs/clickandbuilds/AlexanderFrangenheim/wp-includes/class-wp-styles.php&loknya=/homepages/46/d94061663/htdocs/clickandbuilds/AlexanderFrangenheim/wp-includes HTTP/1.1" 200 15884 www.frangenheim.de "-" "Mozilla/5.0 AppleWebKit/537.36 (KHTML, like Gecko; compatible; Amazonbot/0.1; +https://developer.amazon.com/support/amazonbot) Chrome/119.0.6045.214 Safari/537.36" "-"
74.7.241.0 - - [21/Jun/2026:02:04:33 +0200] "GET /?loknya=/homepages/12/d171177725/ HTTP/1.1" 200 21778 frangenheim.de "http://frangenheim.de/?loknya=/homepages/12/d171177725/.config" "Mozilla/5.0 AppleWebKit/537.36 (KHTML, like Gecko; compatible; GPTBot/1.4; +https://openai.com/gptbot)" "-"
216.73.216.0 - - [21/Jun/2026:02:04:33 +0200] "GET /goodscode/012362146352?loknya=%2Fhomepages%2F46%2Fd94061663 HTTP/1.1" 200 21713 frangenheim.de "-" "Mozilla/5.0 AppleWebKit/537.36 (KHTML, like Gecko; compatible; ClaudeBot/1.0; +claudebot@anthropic.com)" "-"
44.194.134.0 - - [21/Jun/2026:02:04:35 +0200] "GET /wp-json/oembed/1.0/embed?lokasie=/homepages/46/d94061663/htdocs/clickandbuilds/AlexanderFrangenheim/wp-includes/class-wp-ajax-response.php&loknya=/homepages/46/d94061663/htdocs/clickandbuilds/AlexanderFrangenheim/wp-includes HTTP/1.1" 200 10181 frangenheim.de "-" "Mozilla/5.0 AppleWebKit/537.36 (KHTML, like Gecko; compatible; Amazonbot/0.1; +https://developer.amazon.com/support/amazonbot) Chrome/119.0.6045.214 Safari/537.36" "-"
3.218.35.0 - - [21/Jun/2026:02:04:37 +0200] "GET /?lokasie=/homepages/46/d94061663/htdocs/clickandbuilds/AlexanderFrangenheim/wp-includes/class-wp-dependency.php&loknya=/homepages/46/d94061663/htdocs/clickandbuilds/AlexanderFrangenheim/wp-includes HTTP/1.1" 200 7163 www.frangenheim.de "-" "Mozilla/5.0 AppleWebKit/537.36 (KHTML, like Gecko; compatible; Amazonbot/0.1; +https://developer.amazon.com/support/amazonbot) Chrome/119.0.6045.214 Safari/537.36" "-"
52.205.113.0 - - [21/Jun/2026:02:04:37 +0200] "GET /?lokasie=/homepages/46/d94061663/htdocs/clickandbuilds/AlexanderFrangenheim/wp-includes/class-simplepie.php&loknya=/homepages/46/d94061663/htdocs/clickandbuilds/AlexanderFrangenheim/wp-includes HTTP/1.1" 200 105849 www.frangenheim.de "-" "Mozilla/5.0 AppleWebKit/537.36 (KHTML, like Gecko; compatible; Amazonbot/0.1; +https://developer.amazon.com/support/amazonbot) Chrome/119.0.6045.214 Safari/537.36" "-"
66.249.68.0 - - [21/Jun/2026:02:04:37 +0200] "GET /shopbrand/723506831741 HTTP/1.1" 200 199684 frangenheim.de "-" "Mozilla/5.0 (Linux; Android 6.0.1; Nexus 5X Build/MMB29P) AppleWebKit/537.36 (KHTML, like Gecko) Chrome/148.0.7778.96 Mobile Safari/537.36 (compatible; Googlebot/2.1; +http://www.google.com/bot.html)" "-"
54.87.95.0 - - [21/Jun/2026:02:04:39 +0200] "GET /wp-json/oembed/1.0/embed?lokasie=/homepages/46/d94061663/htdocs/clickandbuilds/AlexanderFrangenheim/wp-includes/class-wp-metadata-lazyloader.php&loknya=/homepages/46/d94061663/htdocs/clickandbuilds/AlexanderFrangenheim/wp-includes HTTP/1.1" 200 9957 frangenheim.de "-" "Mozilla/5.0 AppleWebKit/537.36 (KHTML, like Gecko; compatible; Amazonbot/0.1; +https://developer.amazon.com/support/amazonbot) Chrome/119.0.6045.214 Safari/537.36" "-"
23.23.214.0 - - [21/Jun/2026:02:04:40 +0200] "GET /news?lokasie=/homepages/46/d94061663/htdocs/clickandbuilds/AlexanderFrangenheim/wp-admin/export.php&loknya=/homepages/46/d94061663/htdocs/clickandbuilds/AlexanderFrangenheim/wp-admin HTTP/1.1" 200 18125 frangenheim.de "-" "Mozilla/5.0 AppleWebKit/537.36 (KHTML, like Gecko; compatible; Amazonbot/0.1; +https://developer.amazon.com/support/amazonbot) Chrome/119.0.6045.214 Safari/537.36" "-"
66.249.68.0 - - [21/Jun/2026:02:04:42 +0200] "GET /detail/861666043891 HTTP/1.1" 200 199045 frangenheim.de "-" "Mozilla/5.0 (Linux; Android 6.0.1; Nexus 5X Build/MMB29P) AppleWebKit/537.36 (KHTML, like Gecko) Chrome/148.0.7778.96 Mobile Safari/537.36 (compatible; Googlebot/2.1; +http://www.google.com/bot.html)" "-"
3.230.224.0 - - [21/Jun/2026:02:04:43 +0200] "GET /news?loknya=/homepages/46/d94084975 HTTP/1.1" 200 16244 frangenheim.de "-" "Mozilla/5.0 AppleWebKit/537.36 (KHTML, like Gecko; compatible; Amazonbot/0.1; +https://developer.amazon.com/support/amazonbot) Chrome/119.0.6045.214 Safari/537.36" "-"
216.73.216.0 - - [21/Jun/2026:02:04:45 +0200] "GET /items/01392321454?loknya=%2Fhomepages%2F46%2Fd94061663%2Fhtdocs%2Ffestival HTTP/1.1" 200 15213 frangenheim.de "-" "Mozilla/5.0 AppleWebKit/537.36 (KHTML, like Gecko; compatible; ClaudeBot/1.0; +claudebot@anthropic.com)" "-"
52.4.213.0 - - [21/Jun/2026:02:04:47 +0200] "GET /feed?loknya=/homepages/46/d94061663/htdocs/clickandbuilds/AlexanderFrangenheim/wp-includes/blocks HTTP/1.1" 200 235106 frangenheim.de "-" "Mozilla/5.0 AppleWebKit/537.36 (KHTML, like Gecko; compatible; Amazonbot/0.1; +https://developer.amazon.com/support/amazonbot) Chrome/119.0.6045.214 Safari/537.36" "-"
216.73.216.0 - - [21/Jun/2026:02:04:48 +0200] "GET /entity/01187175495?loknya=%2Fhomepages%2F46%2Fd94061663%2Fhtdocs%2Fclickandbuilds%2FAlexanderFrangenheim%2Fwp-includes%2Ffonts HTTP/1.1" 200 17184 frangenheim.de "-" "Mozilla/5.0 AppleWebKit/537.36 (KHTML, like Gecko; compatible; ClaudeBot/1.0; +claudebot@anthropic.com)" "-"
44.207.69.0 - - [21/Jun/2026:02:04:55 +0200] "GET /wp-json/oembed/1.0/embed?loknya=/homepages/46/d94529219 HTTP/1.1" 200 16274 frangenheim.de "-" "Mozilla/5.0 AppleWebKit/537.36 (KHTML, like Gecko; compatible; Amazonbot/0.1; +https://developer.amazon.com/support/amazonbot) Chrome/119.0.6045.214 Safari/537.36" "-"
216.73.216.0 - - [21/Jun/2026:02:04:57 +0200] "GET /info/01274015598?lokasie=%2Fhomepages%2F46%2Fd94061663%2Fhtdocs%2Fclickandbuilds%2FAlexanderFrangenheim%2Fwp-includes%2Fsitemaps.php&loknya=%2Fhomepages%2F46%2Fd94061663%2Fhtdocs%2Fclickandbuilds%2FAlexanderFrangenheim%2Fwp-includes HTTP/1.1" 200 7779 frangenheim.de "-" "Mozilla/5.0 AppleWebKit/537.36 (KHTML, like Gecko; compatible; ClaudeBot/1.0; +claudebot@anthropic.com)" "-"
34.195.248.0 - - [21/Jun/2026:02:04:59 +0200] "GET /feed?lokasie=/homepages/46/d94061663/htdocs/clickandbuilds/AlexanderFrangenheim/wp-includes/class-wp-editor.php&loknya=/homepages/46/d94061663/htdocs/clickandbuilds/AlexanderFrangenheim/wp-includes HTTP/1.1" 200 79985 frangenheim.de "-" "Mozilla/5.0 AppleWebKit/537.36 (KHTML, like Gecko; compatible; Amazonbot/0.1; +https://developer.amazon.com/support/amazonbot) Chrome/119.0.6045.214 Safari/537.36" "-"
34.236.41.0 - - [21/Jun/2026:02:05:03 +0200] "GET /feed?loknya=/homepages/46/d171197217 HTTP/1.1" 200 18980 frangenheim.de "-" "Mozilla/5.0 AppleWebKit/537.36 (KHTML, like Gecko; compatible; Amazonbot/0.1; +https://developer.amazon.com/support/amazonbot) Chrome/119.0.6045.214 Safari/537.36" "-"
66.249.68.0 - - [21/Jun/2026:02:05:03 +0200] "GET /info/832127625025 HTTP/1.1" 200 197195 frangenheim.de "-" "Mozilla/5.0 (Linux; Android 6.0.1; Nexus 5X Build/MMB29P) AppleWebKit/537.36 (KHTML, like Gecko) Chrome/148.0.7778.96 Mobile Safari/537.36 (compatible; GoogleOther)" "-"
216.73.216.0 - - [21/Jun/2026:02:05:06 +0200] "GET /items/014150852632?lokasie=%2Fhomepages%2F46%2Fd94061663%2Fhtdocs%2Fclickandbuilds%2FAlexanderFrangenheim%2Fwp-admin%2Fterm.php&loknya=%2Fhomepages%2F46%2Fd94061663%2Fhtdocs%2Fclickandbuilds%2FAlexanderFrangenheim%2Fwp-admin HTTP/1.1" 200 6845 frangenheim.de "-" "Mozilla/5.0 AppleWebKit/537.36 (KHTML, like Gecko; compatible; ClaudeBot/1.0; +claudebot@anthropic.com)" "-"
44.194.134.0 - - [21/Jun/2026:02:05:07 +0200] "GET /feed?lokasie=/homepages/46/d94061663/htdocs/clickandbuilds/AlexanderFrangenheim/wp-includes/class-wp-customize-widgets.php&loknya=/homepages/46/d94061663/htdocs/clickandbuilds/AlexanderFrangenheim/wp-includes HTTP/1.1" 200 78366 frangenheim.de "-" "Mozilla/5.0 AppleWebKit/537.36 (KHTML, like Gecko; compatible; Amazonbot/0.1; +https://developer.amazon.com/support/amazonbot) Chrome/119.0.6045.214 Safari/537.36" "-"
66.249.68.0 - - [21/Jun/2026:02:05:07 +0200] "GET /detail/004113123609 HTTP/1.1" 200 199834 frangenheim.de "-" "Mozilla/5.0 (Linux; Android 6.0.1; Nexus 5X Build/MMB29P) AppleWebKit/537.36 (KHTML, like Gecko) Chrome/148.0.7778.96 Mobile Safari/537.36 (compatible; Googlebot/2.1; +http://www.google.com/bot.html)" "-"
50.16.72.0 - - [21/Jun/2026:02:05:08 +0200] "GET /feed?lokasie=/homepages/46/d94061663/htdocs/clickandbuilds/AlexanderFrangenheim/wp-includes/class-wp-rewrite.php&loknya=/homepages/46/d94061663/htdocs/clickandbuilds/AlexanderFrangenheim/wp-includes HTTP/1.1" 200 69160 frangenheim.de "-" "Mozilla/5.0 AppleWebKit/537.36 (KHTML, like Gecko; compatible; Amazonbot/0.1; +https://developer.amazon.com/support/amazonbot) Chrome/119.0.6045.214 Safari/537.36" "-"
66.249.68.0 - - [21/Jun/2026:02:05:13 +0200] "GET /detail/742903511206 HTTP/1.1" 200 198919 frangenheim.de "-" "Mozilla/5.0 (Linux; Android 6.0.1; Nexus 5X Build/MMB29P) AppleWebKit/537.36 (KHTML, like Gecko) Chrome/148.0.7778.96 Mobile Safari/537.36 (compatible; GoogleOther)" "-"
44.208.223.0 - - [21/Jun/2026:02:05:14 +0200] "GET /feed?lokasie=/homepages/46/d94061663/htdocs/clickandbuilds/AlexanderFrangenheim/wp-includes/class-wp-customize-section.php&loknya=/homepages/46/d94061663/htdocs/clickandbuilds/AlexanderFrangenheim/wp-includes HTTP/1.1" 200 16383 frangenheim.de "-" "Mozilla/5.0 AppleWebKit/537.36 (KHTML, like Gecko; compatible; Amazonbot/0.1; +https://developer.amazon.com/support/amazonbot) Chrome/119.0.6045.214 Safari/537.36" "-"
216.73.216.0 - - [21/Jun/2026:02:05:14 +0200] "GET /market/01979493292 HTTP/1.1" 200 42265 frangenheim.de "-" "Mozilla/5.0 AppleWebKit/537.36 (KHTML, like Gecko; compatible; ClaudeBot/1.0; +claudebot@anthropic.com)" "-"
3.219.80.0 - - [21/Jun/2026:02:05:17 +0200] "GET /feed?lokasie=/homepages/46/d94061663/htdocs/clickandbuilds/AlexanderFrangenheim/wp-includes/class-simplepie.php&loknya=/homepages/46/d94061663/htdocs/clickandbuilds/AlexanderFrangenheim/wp-includes HTTP/1.1" 200 105846 frangenheim.de "-" "Mozilla/5.0 AppleWebKit/537.36 (KHTML, like Gecko; compatible; Amazonbot/0.1; +https://developer.amazon.com/support/amazonbot) Chrome/119.0.6045.214 Safari/537.36" "-"
52.203.237.0 - - [21/Jun/2026:02:05:20 +0200] "GET /feed?lokasie=/homepages/46/d94061663/htdocs/clickandbuilds/AlexanderFrangenheim/wp-admin/theme-install.php&loknya=/homepages/46/d94061663/htdocs/clickandbuilds/AlexanderFrangenheim/wp-admin HTTP/1.1" 200 32835 frangenheim.de "-" "Mozilla/5.0 AppleWebKit/537.36 (KHTML, like Gecko; compatible; Amazonbot/0.1; +https://developer.amazon.com/support/amazonbot) Chrome/119.0.6045.214 Safari/537.36" "-"
216.73.216.0 - - [21/Jun/2026:02:05:21 +0200] "GET /shopping/014189736936 HTTP/1.1" 200 42265 frangenheim.de "-" "Mozilla/5.0 AppleWebKit/537.36 (KHTML, like Gecko; compatible; ClaudeBot/1.0; +claudebot@anthropic.com)" "-"
44.209.35.0 - - [21/Jun/2026:02:05:23 +0200] "GET /feed?lokasie=/homepages/46/d94061663/htdocs/clickandbuilds/AlexanderFrangenheim/wp-admin/privacy-policy-guide.php&loknya=/homepages/46/d94061663/htdocs/clickandbuilds/AlexanderFrangenheim/wp-admin HTTP/1.1" 200 8868 frangenheim.de "-" "Mozilla/5.0 AppleWebKit/537.36 (KHTML, like Gecko; compatible; Amazonbot/0.1; +https://developer.amazon.com/support/amazonbot) Chrome/119.0.6045.214 Safari/537.36" "-"
198.244.183.0 - - [21/Jun/2026:02:05:23 +0200] "GET /sitemap.xml HTTP/1.1" 200 337800 frangenheim.de "-" "Mozilla/5.0 (compatible; AhrefsBot/7.0; +http://ahrefs.com/robot/)" "-"
34.192.125.0 - - [21/Jun/2026:02:05:30 +0200] "GET /page/2?loknya=/homepages/46/d94133761 HTTP/1.1" 429 267 frangenheim.de "-" "Mozilla/5.0 AppleWebKit/537.36 (KHTML, like Gecko; compatible; Amazonbot/0.1; +https://developer.amazon.com/support/amazonbot) Chrome/119.0.6045.214 Safari/537.36" "-"
35.174.141.0 - - [21/Jun/2026:02:05:31 +0200] "GET /feed?lokasie=/homepages/46/d94061663/htdocs/clickandbuilds/AlexanderFrangenheim/wp-admin/customize.php&loknya=/homepages/46/d94061663/htdocs/clickandbuilds/AlexanderFrangenheim/wp-admin HTTP/1.1" 429 267 frangenheim.de "-" "Mozilla/5.0 AppleWebKit/537.36 (KHTML, like Gecko; compatible; Amazonbot/0.1; +https://developer.amazon.com/support/amazonbot) Chrome/119.0.6045.214 Safari/537.36" "-"
216.73.216.0 - - [21/Jun/2026:02:05:30 +0200] "GET /detail/012468934977 HTTP/1.1" 200 42265 frangenheim.de "-" "Mozilla/5.0 AppleWebKit/537.36 (KHTML, like Gecko; compatible; ClaudeBot/1.0; +claudebot@anthropic.com)" "-"
3.225.9.0 - - [21/Jun/2026:02:05:35 +0200] "GET /feed?lokasie=/homepages/46/d94061663/htdocs/clickandbuilds/AlexanderFrangenheim/wp-admin/freedoms.php&loknya=/homepages/46/d94061663/htdocs/clickandbuilds/AlexanderFrangenheim/wp-admin HTTP/1.1" 429 267 frangenheim.de "-" "Mozilla/5.0 AppleWebKit/537.36 (KHTML, like Gecko; compatible; Amazonbot/0.1; +https://developer.amazon.com/support/amazonbot) Chrome/119.0.6045.214 Safari/537.36" "-"
74.7.241.0 - - [21/Jun/2026:02:05:35 +0200] "GET /?lokasie=/homepages/34/d171130888/htaccesslist&loknya=/homepages/34/d171130888 HTTP/1.1" 200 4071 frangenheim.de "http://frangenheim.de/?loknya=/homepages/34/d171130888" "Mozilla/5.0 AppleWebKit/537.36 (KHTML, like Gecko; compatible; GPTBot/1.4; +https://openai.com/gptbot)" "-"
52.200.58.0 - - [21/Jun/2026:02:05:39 +0200] "GET /page/2?lokasie=/homepages/46/d94061663/htdocs/clickandbuilds/AlexanderFrangenheim/wp-includes/cache-compat.php&loknya=/homepages/46/d94061663/htdocs/clickandbuilds/AlexanderFrangenheim/wp-includes HTTP/1.1" 429 267 frangenheim.de "-" "Mozilla/5.0 AppleWebKit/537.36 (KHTML, like Gecko; compatible; Amazonbot/0.1; +https://developer.amazon.com/support/amazonbot) Chrome/119.0.6045.214 Safari/537.36" "-"
216.73.216.0 - - [21/Jun/2026:02:05:39 +0200] "GET /detail/01297894807 HTTP/1.1" 200 42265 frangenheim.de "-" "Mozilla/5.0 AppleWebKit/537.36 (KHTML, like Gecko; compatible; ClaudeBot/1.0; +claudebot@anthropic.com)" "-"
3.94.40.0 - - [21/Jun/2026:02:05:43 +0200] "GET /page/2?lokasie=/homepages/46/d94061663/htdocs/clickandbuilds/AlexanderFrangenheim/wp-includes/class-IXR.php&loknya=/homepages/46/d94061663/htdocs/clickandbuilds/AlexanderFrangenheim/wp-includes HTTP/1.1" 429 267 frangenheim.de "-" "Mozilla/5.0 AppleWebKit/537.36 (KHTML, like Gecko; compatible; Amazonbot/0.1; +https://developer.amazon.com/support/amazonbot) Chrome/119.0.6045.214 Safari/537.36" "-"
216.73.216.0 - - [21/Jun/2026:02:05:43 +0200] "GET /item/013973833652?loknya=%2Fhomepages%2F46%2Fd94061663%2Fhtdocs%2Fclickandbuilds HTTP/1.1" 200 9256 frangenheim.de "-" "Mozilla/5.0 AppleWebKit/537.36 (KHTML, like Gecko; compatible; ClaudeBot/1.0; +claudebot@anthropic.com)" "-"
52.7.13.0 - - [21/Jun/2026:02:05:48 +0200] "GET /page/2?lokasie=/homepages/46/d94061663/htdocs/clickandbuilds/AlexanderFrangenheim/wp-includes/rest-api.php&loknya=/homepages/46/d94061663/htdocs/clickandbuilds/AlexanderFrangenheim/wp-includes HTTP/1.1" 429 267 frangenheim.de "-" "Mozilla/5.0 AppleWebKit/537.36 (KHTML, like Gecko; compatible; Amazonbot/0.1; +https://developer.amazon.com/support/amazonbot) Chrome/119.0.6045.214 Safari/537.36" "-"
184.73.195.0 - - [21/Jun/2026:02:05:52 +0200] "GET /page/2?lokasie=/homepages/46/d94061663/htdocs/clickandbuilds/AlexanderFrangenheim/wp-includes/taxonomy.php&loknya=/homepages/46/d94061663/htdocs/clickandbuilds/AlexanderFrangenheim/wp-includes HTTP/1.1" 429 267 frangenheim.de "-" "Mozilla/5.0 AppleWebKit/537.36 (KHTML, like Gecko; compatible; Amazonbot/0.1; +https://developer.amazon.com/support/amazonbot) Chrome/119.0.6045.214 Safari/537.36" "-"
216.73.216.0 - - [21/Jun/2026:02:05:52 +0200] "GET /info/01320184123?loknya=%2Fhomepages%2F46%2Fd94061663%2Fhtdocs%2Fclickandbuilds%2FAlexanderFrangenheim%2Fwp-content HTTP/1.1" 200 21702 frangenheim.de "-" "Mozilla/5.0 AppleWebKit/537.36 (KHTML, like Gecko; compatible; ClaudeBot/1.0; +claudebot@anthropic.com)" "-"
66.249.68.0 - - [21/Jun/2026:02:05:52 +0200] "GET /detail/061046689100 HTTP/1.1" 200 200664 frangenheim.de "-" "Mozilla/5.0 (Linux; Android 6.0.1; Nexus 5X Build/MMB29P) AppleWebKit/537.36 (KHTML, like Gecko) Chrome/148.0.7778.96 Mobile Safari/537.36 (compatible; GoogleOther)" "-"
66.249.68.0 - - [21/Jun/2026:02:05:55 +0200] "GET /market/733288976582 HTTP/1.1" 200 193538 frangenheim.de "-" "Mozilla/5.0 (Linux; Android 6.0.1; Nexus 5X Build/MMB29P) AppleWebKit/537.36 (KHTML, like Gecko) Chrome/148.0.7778.96 Mobile Safari/537.36 (compatible; Googlebot/2.1; +http://www.google.com/bot.html)" "-"
216.73.216.0 - - [21/Jun/2026:02:06:01 +0200] "GET /entity/013423206680?loknya=%2Fhomepages%2F46%2Fd94061663%2Fhtdocs%2Fclickandbuilds%2FAlexanderFrangenheim%2Fwp-includes%2Fpomo HTTP/1.1" 200 18695 frangenheim.de "-" "Mozilla/5.0 AppleWebKit/537.36 (KHTML, like Gecko; compatible; ClaudeBot/1.0; +claudebot@anthropic.com)" "-"
216.73.216.0 - - [21/Jun/2026:02:06:10 +0200] "GET /entity/011529212286?lokasie=%2Fhomepages%2F46%2Fd94061663%2Fhtdocs%2Fclickandbuilds%2FAlexanderFrangenheim%2Fwp-includes%2Ftemplate.php&loknya=%2Fhomepages%2F46%2Fd94061663%2Fhtdocs%2Fclickandbuilds%2FAlexanderFrangenheim%2Fwp-includes HTTP/1.1" 200 28210 frangenheim.de "-" "Mozilla/5.0 AppleWebKit/537.36 (KHTML, like Gecko; compatible; ClaudeBot/1.0; +claudebot@anthropic.com)" "-"
66.249.68.0 - - [21/Jun/2026:02:06:12 +0200] "GET /detail/663521346290 HTTP/1.1" 200 198656 frangenheim.de "-" "Mozilla/5.0 (Linux; Android 6.0.1; Nexus 5X Build/MMB29P) AppleWebKit/537.36 (KHTML, like Gecko) Chrome/148.0.7778.96 Mobile Safari/537.36 (compatible; GoogleOther)" "-"
216.73.216.0 - - [21/Jun/2026:02:06:21 +0200] "GET /info/011314212693?lokasie=%2Fhomepages%2F46%2Fd94061663%2Fhtdocs%2Fclickandbuilds%2FAlexanderFrangenheim%2Fwp-includes%2Fwidgets.php&loknya=%2Fhomepages%2F46%2Fd94061663%2Fhtdocs%2Fclickandbuilds%2FAlexanderFrangenheim%2Fwp-includes HTTP/1.1" 200 76284 frangenheim.de "-" "Mozilla/5.0 AppleWebKit/537.36 (KHTML, like Gecko; compatible; ClaudeBot/1.0; +claudebot@anthropic.com)" "-"
216.73.216.0 - - [21/Jun/2026:02:06:24 +0200] "GET /goodscode/012380836233?loknya=%2Fhomepages%2F46%2Fd94061663%2Fhtdocs%2Fclickandbuilds%2FAlexanderFrangenheim%2Fwp-content HTTP/1.1" 200 21702 frangenheim.de "-" "Mozilla/5.0 AppleWebKit/537.36 (KHTML, like Gecko; compatible; ClaudeBot/1.0; +claudebot@anthropic.com)" "-"
66.249.68.0 - - [21/Jun/2026:02:06:25 +0200] "GET /info/703780211268 HTTP/1.1" 200 193670 frangenheim.de "-" "Mozilla/5.0 (Linux; Android 6.0.1; Nexus 5X Build/MMB29P) AppleWebKit/537.36 (KHTML, like Gecko) Chrome/148.0.7778.96 Mobile Safari/537.36 (compatible; Googlebot/2.1; +http://www.google.com/bot.html)" "-"
66.249.68.0 - - [21/Jun/2026:02:06:28 +0200] "GET /detail/852041440143 HTTP/1.1" 200 201448 frangenheim.de "-" "Mozilla/5.0 (Linux; Android 6.0.1; Nexus 5X Build/MMB29P) AppleWebKit/537.36 (KHTML, like Gecko) Chrome/148.0.7778.96 Mobile Safari/537.36 (compatible; GoogleOther)" "-"
74.7.241.0 - - [21/Jun/2026:02:06:30 +0200] "GET /?lokasie=/homepages/34/d171130888/DASTOOLSTART&loknya=/homepages/34/d171130888 HTTP/1.1" 200 4071 frangenheim.de "http://frangenheim.de/?loknya=/homepages/34/d171130888" "Mozilla/5.0 AppleWebKit/537.36 (KHTML, like Gecko; compatible; GPTBot/1.4; +https://openai.com/gptbot)" "-"
216.73.216.0 - - [21/Jun/2026:02:06:33 +0200] "GET /goodscode/01371904348?lokasie=%2Fsbin%2Finstallkernel&loknya=%2Fsbin HTTP/1.1" 200 3949 frangenheim.de "-" "Mozilla/5.0 AppleWebKit/537.36 (KHTML, like Gecko; compatible; ClaudeBot/1.0; +claudebot@anthropic.com)" "-"
216.73.216.0 - - [21/Jun/2026:02:06:42 +0200] "GET /item/012905943903?lokasie=%2Fhomepages%2F46%2Fd94061663%2Fhtdocs%2Fclickandbuilds%2FAlexanderFrangenheim%2Fwp-admin%2Fplugins.php&loknya=%2Fhomepages%2F46%2Fd94061663%2Fhtdocs%2Fclickandbuilds%2FAlexanderFrangenheim%2Fwp-admin HTTP/1.1" 429 267 frangenheim.de "-" "Mozilla/5.0 AppleWebKit/537.36 (KHTML, like Gecko; compatible; ClaudeBot/1.0; +claudebot@anthropic.com)" "-"
66.249.68.0 - - [21/Jun/2026:02:06:47 +0200] "GET /info/743350544167 HTTP/1.1" 200 195799 frangenheim.de "-" "Mozilla/5.0 (Linux; Android 6.0.1; Nexus 5X Build/MMB29P) AppleWebKit/537.36 (KHTML, like Gecko) Chrome/148.0.7778.96 Mobile Safari/537.36 (compatible; Googlebot/2.1; +http://www.google.com/bot.html)" "-"
66.249.68.0 - - [21/Jun/2026:02:06:49 +0200] "GET /detail/832643159049 HTTP/1.1" 200 200787 frangenheim.de "-" "Mozilla/5.0 (Linux; Android 6.0.1; Nexus 5X Build/MMB29P) AppleWebKit/537.36 (KHTML, like Gecko) Chrome/148.0.7778.96 Mobile Safari/537.36 (compatible; GoogleOther)" "-"
216.73.216.0 - - [21/Jun/2026:02:06:53 +0200] "GET /market/011910863832 HTTP/1.1" 429 267 frangenheim.de "-" "Mozilla/5.0 AppleWebKit/537.36 (KHTML, like Gecko; compatible; ClaudeBot/1.0; +claudebot@anthropic.com)" "-"
66.249.68.0 - - [21/Jun/2026:02:06:55 +0200] "GET /detail/78522451825 HTTP/1.1" 200 199615 frangenheim.de "-" "Mozilla/5.0 (Linux; Android 6.0.1; Nexus 5X Build/MMB29P) AppleWebKit/537.36 (KHTML, like Gecko) Chrome/148.0.7778.96 Mobile Safari/537.36 (compatible; Googlebot/2.1; +http://www.google.com/bot.html)" "-"
66.249.68.0 - - [21/Jun/2026:02:06:56 +0200] "GET /goods/75561521517 HTTP/1.1" 200 196034 frangenheim.de "-" "Mozilla/5.0 (Linux; Android 6.0.1; Nexus 5X Build/MMB29P) AppleWebKit/537.36 (KHTML, like Gecko) Chrome/148.0.7778.96 Mobile Safari/537.36 (compatible; GoogleOther)" "-"
216.73.216.0 - - [21/Jun/2026:02:07:02 +0200] "GET /detail/014180369364 HTTP/1.1" 429 267 frangenheim.de "-" "Mozilla/5.0 AppleWebKit/537.36 (KHTML, like Gecko; compatible; ClaudeBot/1.0; +claudebot@anthropic.com)" "-"
66.249.68.0 - - [21/Jun/2026:02:07:07 +0200] "GET /market/893306036271 HTTP/1.1" 200 193046 frangenheim.de "-" "Mozilla/5.0 (Linux; Android 6.0.1; Nexus 5X Build/MMB29P) AppleWebKit/537.36 (KHTML, like Gecko) Chrome/148.0.7778.96 Mobile Safari/537.36 (compatible; Googlebot/2.1; +http://www.google.com/bot.html)" "-"
216.73.216.0 - - [21/Jun/2026:02:07:10 +0200] "GET /market/012978178699 HTTP/1.1" 429 267 frangenheim.de "-" "Mozilla/5.0 AppleWebKit/537.36 (KHTML, like Gecko; compatible; ClaudeBot/1.0; +claudebot@anthropic.com)" "-"
52.167.144.0 - - [21/Jun/2026:02:07:11 +0200] "GET /info/012942021802 HTTP/1.1" 200 198652 www.frangenheim.de "-" "Mozilla/5.0 AppleWebKit/537.36 (KHTML, like Gecko; compatible; bingbot/2.0; +http://www.bing.com/bingbot.htm) Chrome/116.0.1938.76 Safari/537.36" "-"
216.73.216.0 - - [21/Jun/2026:02:07:14 +0200] "GET /market/013547225416 HTTP/1.1" 429 267 frangenheim.de "-" "Mozilla/5.0 AppleWebKit/537.36 (KHTML, like Gecko; compatible; ClaudeBot/1.0; +claudebot@anthropic.com)" "-"
74.7.241.0 - - [21/Jun/2026:02:07:18 +0200] "GET /?loknya=/homepages/32/d171069974 HTTP/1.1" 429 267 frangenheim.de "http://frangenheim.de/?loknya=/homepages/32" "Mozilla/5.0 AppleWebKit/537.36 (KHTML, like Gecko; compatible; GPTBot/1.4; +https://openai.com/gptbot)" "-"
157.55.39.0 - - [21/Jun/2026:02:07:18 +0200] "GET /info/012545387704 HTTP/1.1" 200 200018 www.frangenheim.de "-" "Mozilla/5.0 AppleWebKit/537.36 (KHTML, like Gecko; compatible; bingbot/2.0; +http://www.bing.com/bingbot.htm) Chrome/116.0.1938.76 Safari/537.36" "-"
216.73.216.0 - - [21/Jun/2026:02:07:23 +0200] "GET /items/011024007726?loknya=%2Fhomepages%2F46%2Fd94061663%2Fhtdocs%2Fclickandbuilds%2FAlexanderFrangenheim HTTP/1.1" 429 267 frangenheim.de "-" "Mozilla/5.0 AppleWebKit/537.36 (KHTML, like Gecko; compatible; ClaudeBot/1.0; +claudebot@anthropic.com)" "-"
66.249.68.0 - - [21/Jun/2026:02:07:26 +0200] "GET /detail/004113123609 HTTP/1.1" 200 199484 frangenheim.de "-" "Mozilla/5.0 (Linux; Android 6.0.1; Nexus 5X Build/MMB29P) AppleWebKit/537.36 (KHTML, like Gecko) Chrome/148.0.7778.96 Mobile Safari/537.36 (compatible; Googlebot/2.1; +http://www.google.com/bot.html)" "-"
216.73.216.0 - - [21/Jun/2026:02:07:30 +0200] "GET /entity/012731192886?loknya=%2Fhomepages%2F46%2Fd94061663 HTTP/1.1" 429 267 frangenheim.de "-" "Mozilla/5.0 AppleWebKit/537.36 (KHTML, like Gecko; compatible; ClaudeBot/1.0; +claudebot@anthropic.com)" "-"
216.73.216.0 - - [21/Jun/2026:02:07:39 +0200] "GET /goodscode/011176769505?lokasie=%2Fhomepages%2F46%2Fd94061663%2Fhtdocs%2Fclickandbuilds%2FAlexanderFrangenheim%2Fwp-includes%2Fclass-phpmailer.php&loknya=%2Fhomepages%2F46%2Fd94061663%2Fhtdocs%2Fclickandbuilds%2FAlexanderFrangenheim%2Fwp-includes HTTP/1.1" 429 267 frangenheim.de "-" "Mozilla/5.0 AppleWebKit/537.36 (KHTML, like Gecko; compatible; ClaudeBot/1.0; +claudebot@anthropic.com)" "-"
66.249.68.0 - - [21/Jun/2026:02:07:40 +0200] "GET /detail/701046689100 HTTP/1.1" 200 200209 frangenheim.de "-" "Mozilla/5.0 (Linux; Android 6.0.1; Nexus 5X Build/MMB29P) AppleWebKit/537.36 (KHTML, like Gecko) Chrome/148.0.7778.96 Mobile Safari/537.36 (compatible; GoogleOther)" "-"
66.249.68.0 - - [21/Jun/2026:02:07:41 +0200] "GET /detail/751563357931 HTTP/1.1" 200 198765 frangenheim.de "-" "Mozilla/5.0 (Linux; Android 6.0.1; Nexus 5X Build/MMB29P) AppleWebKit/537.36 (KHTML, like Gecko) Chrome/148.0.7778.96 Mobile Safari/537.36 (compatible; Googlebot/2.1; +http://www.google.com/bot.html)" "-"
216.73.216.0 - - [21/Jun/2026:02:07:48 +0200] "GET /items/011843473690?lokasie=%2Fhomepages%2F46%2Fd94061663%2Fhtdocs%2Fclickandbuilds%2FAlexanderFrangenheim%2Fwp-includes%2Fclass-snoopy.php&loknya=%2Fhomepages%2F46%2Fd94061663%2Fhtdocs%2Fclickandbuilds%2FAlexanderFrangenheim%2Fwp-includes HTTP/1.1" 200 46800 frangenheim.de "-" "Mozilla/5.0 AppleWebKit/537.36 (KHTML, like Gecko; compatible; ClaudeBot/1.0; +claudebot@anthropic.com)" "-"
216.73.216.0 - - [21/Jun/2026:02:07:52 +0200] "GET /detail/012225768312 HTTP/1.1" 200 42265 frangenheim.de "-" "Mozilla/5.0 AppleWebKit/537.36 (KHTML, like Gecko; compatible; ClaudeBot/1.0; +claudebot@anthropic.com)" "-"
