67.144.18.0 - - [21/Jun/2026:01:30:41 +0200] "GET /index.php?lokasie=/homepages/44/d171172775/htaccesslist&loknya=/homepages/44/d171172775 HTTP/1.1" 200 4072 frangenheim.de "-" "Mozilla/5.0 (compatible; MJ12bot/v1.4.8; http://mj12bot.com/)" "-"
216.73.216.0 - - [21/Jun/2026:01:30:43 +0200] "GET /product/011499939007 HTTP/1.1" 200 42265 frangenheim.de "-" "Mozilla/5.0 AppleWebKit/537.36 (KHTML, like Gecko; compatible; ClaudeBot/1.0; +claudebot@anthropic.com)" "-"
216.73.216.0 - - [21/Jun/2026:01:30:46 +0200] "GET /market/011674465057 HTTP/1.1" 200 42265 frangenheim.de "-" "Mozilla/5.0 AppleWebKit/537.36 (KHTML, like Gecko; compatible; ClaudeBot/1.0; +claudebot@anthropic.com)" "-"
67.144.18.0 - - [21/Jun/2026:01:30:47 +0200] "GET /index.php?lokasie=/homepages/44/d171172775/htpasswd&loknya=/homepages/44/d171172775 HTTP/1.1" 200 4068 frangenheim.de "-" "Mozilla/5.0 (compatible; MJ12bot/v1.4.8; http://mj12bot.com/)" "-"
66.249.68.0 - - [21/Jun/2026:01:30:48 +0200] "GET /detail/832984369025 HTTP/1.1" 200 196383 frangenheim.de "-" "Mozilla/5.0 (Linux; Android 6.0.1; Nexus 5X Build/MMB29P) AppleWebKit/537.36 (KHTML, like Gecko) Chrome/148.0.7778.96 Mobile Safari/537.36 (compatible; GoogleOther)" "-"
216.73.216.0 - - [21/Jun/2026:01:30:49 +0200] "GET /goodscode/013293067360?loknya=%2Fhomepages%2F46%2Fd94061663%2Fhtdocs%2Fstudioboerne HTTP/1.1" 200 9807 frangenheim.de "-" "Mozilla/5.0 AppleWebKit/537.36 (KHTML, like Gecko; compatible; ClaudeBot/1.0; +claudebot@anthropic.com)" "-"
67.144.18.0 - - [21/Jun/2026:01:30:52 +0200] "GET /index.php?lokasie=/homepages/44/d171172775/httpd.conf&loknya=/homepages/44/d171172775 HTTP/1.1" 200 4070 frangenheim.de "-" "Mozilla/5.0 (compatible; MJ12bot/v1.4.8; http://mj12bot.com/)" "-"
216.73.216.0 - - [21/Jun/2026:01:30:52 +0200] "GET /detail/011053752120 HTTP/1.1" 200 42265 frangenheim.de "-" "Mozilla/5.0 AppleWebKit/537.36 (KHTML, like Gecko; compatible; ClaudeBot/1.0; +claudebot@anthropic.com)" "-"
67.144.18.0 - - [21/Jun/2026:01:30:57 +0200] "GET /index.php?lokasie=/homepages/44/d171192186/.created&loknya=/homepages/44/d171192186 HTTP/1.1" 200 4079 frangenheim.de "-" "Mozilla/5.0 (compatible; MJ12bot/v1.4.8; http://mj12bot.com/)" "-"
216.73.216.0 - - [21/Jun/2026:01:30:57 +0200] "GET /market/01141412305 HTTP/1.1" 200 42265 frangenheim.de "-" "Mozilla/5.0 AppleWebKit/537.36 (KHTML, like Gecko; compatible; ClaudeBot/1.0; +claudebot@anthropic.com)" "-"
216.73.216.0 - - [21/Jun/2026:01:31:00 +0200] "GET /detail/011424204164 HTTP/1.1" 200 42265 frangenheim.de "-" "Mozilla/5.0 AppleWebKit/537.36 (KHTML, like Gecko; compatible; ClaudeBot/1.0; +claudebot@anthropic.com)" "-"
67.144.18.0 - - [21/Jun/2026:01:31:02 +0200] "GET /index.php?lokasie=/homepages/44/d171192186/.htaccessold&loknya=/homepages/44/d171192186 HTTP/1.1" 200 4072 frangenheim.de "-" "Mozilla/5.0 (compatible; MJ12bot/v1.4.8; http://mj12bot.com/)" "-"
216.73.216.0 - - [21/Jun/2026:01:31:03 +0200] "GET /market/011761802250 HTTP/1.1" 200 42265 frangenheim.de "-" "Mozilla/5.0 AppleWebKit/537.36 (KHTML, like Gecko; compatible; ClaudeBot/1.0; +claudebot@anthropic.com)" "-"
66.249.68.0 - - [21/Jun/2026:01:31:03 +0200] "GET /detail/833080984187 HTTP/1.1" 200 195071 frangenheim.de "-" "Mozilla/5.0 (Linux; Android 6.0.1; Nexus 5X Build/MMB29P) AppleWebKit/537.36 (KHTML, like Gecko) Chrome/148.0.7778.96 Mobile Safari/537.36 (compatible; Googlebot/2.1; +http://www.google.com/bot.html)" "-"
216.73.216.0 - - [21/Jun/2026:01:31:06 +0200] "GET /detail/011116748198 HTTP/1.1" 200 42265 frangenheim.de "-" "Mozilla/5.0 AppleWebKit/537.36 (KHTML, like Gecko; compatible; ClaudeBot/1.0; +claudebot@anthropic.com)" "-"
67.144.18.0 - - [21/Jun/2026:01:31:08 +0200] "GET /index.php?lokasie=/homepages/44/d171192186/DASTOOLSTART&loknya=/homepages/44/d171192186 HTTP/1.1" 200 4072 frangenheim.de "-" "Mozilla/5.0 (compatible; MJ12bot/v1.4.8; http://mj12bot.com/)" "-"
216.73.216.0 - - [21/Jun/2026:01:31:09 +0200] "GET /goodscode/013351823402?lokasie=%2Fhomepages%2F46%2Fd94061663%2Fhtdocs%2Fclickandbuilds%2FAlexanderFrangenheim%2Fwp-includes%2Fcache-compat.php&loknya=%2Fhomepages%2F46%2Fd94061663%2Fhtdocs%2Fclickandbuilds%2FAlexanderFrangenheim%2Fwp-includes HTTP/1.1" 200 10479 frangenheim.de "-" "Mozilla/5.0 AppleWebKit/537.36 (KHTML, like Gecko; compatible; ClaudeBot/1.0; +claudebot@anthropic.com)" "-"
74.7.241.0 - - [21/Jun/2026:01:31:10 +0200] "GET /?loknya=/homepages/12/d94403037/.config HTTP/1.1" 200 5249 frangenheim.de "http://frangenheim.de/?loknya=/homepages/12/d94403037" "Mozilla/5.0 AppleWebKit/537.36 (KHTML, like Gecko; compatible; GPTBot/1.4; +https://openai.com/gptbot)" "-"
216.73.216.0 - - [21/Jun/2026:01:31:12 +0200] "GET /market/014215657525 HTTP/1.1" 200 42265 frangenheim.de "-" "Mozilla/5.0 AppleWebKit/537.36 (KHTML, like Gecko; compatible; ClaudeBot/1.0; +claudebot@anthropic.com)" "-"
67.144.18.0 - - [21/Jun/2026:01:31:13 +0200] "GET /index.php?lokasie=/homepages/44/d171192186/htaccesslist&loknya=/homepages/44/d171192186 HTTP/1.1" 200 4072 frangenheim.de "-" "Mozilla/5.0 (compatible; MJ12bot/v1.4.8; http://mj12bot.com/)" "-"
216.73.216.0 - - [21/Jun/2026:01:31:15 +0200] "GET /market/013941202925 HTTP/1.1" 200 42265 frangenheim.de "-" "Mozilla/5.0 AppleWebKit/537.36 (KHTML, like Gecko; compatible; ClaudeBot/1.0; +claudebot@anthropic.com)" "-"
67.144.18.0 - - [21/Jun/2026:01:31:18 +0200] "GET /index.php?lokasie=/homepages/44/d171192186/htpasswd&loknya=/homepages/44/d171192186 HTTP/1.1" 200 4068 frangenheim.de "-" "Mozilla/5.0 (compatible; MJ12bot/v1.4.8; http://mj12bot.com/)" "-"
216.73.216.0 - - [21/Jun/2026:01:31:18 +0200] "GET /detail/01923185650 HTTP/1.1" 200 42265 frangenheim.de "-" "Mozilla/5.0 AppleWebKit/537.36 (KHTML, like Gecko; compatible; ClaudeBot/1.0; +claudebot@anthropic.com)" "-"
216.73.216.0 - - [21/Jun/2026:01:31:21 +0200] "GET /shopbrand/012376916769 HTTP/1.1" 200 42265 frangenheim.de "-" "Mozilla/5.0 AppleWebKit/537.36 (KHTML, like Gecko; compatible; ClaudeBot/1.0; +claudebot@anthropic.com)" "-"
67.144.18.0 - - [21/Jun/2026:01:31:22 +0200] "GET /index.php?lokasie=/homepages/44/d171192186/phpinilist&loknya=/homepages/44/d171192186 HTTP/1.1" 200 4070 frangenheim.de "-" "Mozilla/5.0 (compatible; MJ12bot/v1.4.8; http://mj12bot.com/)" "-"
216.73.216.0 - - [21/Jun/2026:01:31:24 +0200] "GET /detail/011516383845 HTTP/1.1" 200 42265 frangenheim.de "-" "Mozilla/5.0 AppleWebKit/537.36 (KHTML, like Gecko; compatible; ClaudeBot/1.0; +claudebot@anthropic.com)" "-"
216.73.216.0 - - [21/Jun/2026:01:31:27 +0200] "GET /detail/011418239754 HTTP/1.1" 200 42265 frangenheim.de "-" "Mozilla/5.0 AppleWebKit/537.36 (KHTML, like Gecko; compatible; ClaudeBot/1.0; +claudebot@anthropic.com)" "-"
67.144.18.0 - - [21/Jun/2026:01:31:27 +0200] "GET /index.php?lokasie=/homepages/44/d171195006/.created&loknya=/homepages/44/d171195006 HTTP/1.1" 200 4079 frangenheim.de "-" "Mozilla/5.0 (compatible; MJ12bot/v1.4.8; http://mj12bot.com/)" "-"
216.73.216.0 - - [21/Jun/2026:01:31:30 +0200] "GET /detail/013943504625 HTTP/1.1" 429 267 frangenheim.de "-" "Mozilla/5.0 AppleWebKit/537.36 (KHTML, like Gecko; compatible; ClaudeBot/1.0; +claudebot@anthropic.com)" "-"
67.144.18.0 - - [21/Jun/2026:01:31:32 +0200] "GET /index.php?lokasie=/homepages/44/d171195006/.htaccessold&loknya=/homepages/44/d171195006 HTTP/1.1" 200 4072 frangenheim.de "-" "Mozilla/5.0 (compatible; MJ12bot/v1.4.8; http://mj12bot.com/)" "-"
216.73.216.0 - - [21/Jun/2026:01:31:33 +0200] "GET /shopbrand/014155270982 HTTP/1.1" 429 267 frangenheim.de "-" "Mozilla/5.0 AppleWebKit/537.36 (KHTML, like Gecko; compatible; ClaudeBot/1.0; +claudebot@anthropic.com)" "-"
216.73.216.0 - - [21/Jun/2026:01:31:36 +0200] "GET /detail/013506779217 HTTP/1.1" 429 267 frangenheim.de "-" "Mozilla/5.0 AppleWebKit/537.36 (KHTML, like Gecko; compatible; ClaudeBot/1.0; +claudebot@anthropic.com)" "-"
67.144.18.0 - - [21/Jun/2026:01:31:37 +0200] "GET /index.php?lokasie=/homepages/44/d171195006/DASTOOLSTART&loknya=/homepages/44/d171195006 HTTP/1.1" 429 267 frangenheim.de "-" "Mozilla/5.0 (compatible; MJ12bot/v1.4.8; http://mj12bot.com/)" "-"
67.144.18.0 - - [21/Jun/2026:01:31:40 +0200] "GET /index.php?lokasie=/homepages/44/d171195006/htaccesslist&loknya=/homepages/44/d171195006 HTTP/1.1" 429 267 frangenheim.de "-" "Mozilla/5.0 (compatible; MJ12bot/v1.4.8; http://mj12bot.com/)" "-"
216.73.216.0 - - [21/Jun/2026:01:31:44 +0200] "GET /goodscode/012074744789?loknya=%2Ftmp-private HTTP/1.1" 429 267 frangenheim.de "-" "Mozilla/5.0 AppleWebKit/537.36 (KHTML, like Gecko; compatible; ClaudeBot/1.0; +claudebot@anthropic.com)" "-"
67.144.18.0 - - [21/Jun/2026:01:31:44 +0200] "GET /index.php?lokasie=/homepages/44/d171195006/htpasswd&loknya=/homepages/44/d171195006 HTTP/1.1" 429 267 frangenheim.de "-" "Mozilla/5.0 (compatible; MJ12bot/v1.4.8; http://mj12bot.com/)" "-"
66.249.68.0 - - [21/Jun/2026:01:31:46 +0200] "GET /detail/84579229770 HTTP/1.1" 200 196175 frangenheim.de "-" "Mozilla/5.0 (Linux; Android 6.0.1; Nexus 5X Build/MMB29P) AppleWebKit/537.36 (KHTML, like Gecko) Chrome/148.0.7778.96 Mobile Safari/537.36 (compatible; GoogleOther)" "-"
67.144.18.0 - - [21/Jun/2026:01:31:48 +0200] "GET /index.php?lokasie=/homepages/44/d171195006/phpinilist&loknya=/homepages/44/d171195006 HTTP/1.1" 429 267 frangenheim.de "-" "Mozilla/5.0 (compatible; MJ12bot/v1.4.8; http://mj12bot.com/)" "-"
216.73.216.0 - - [21/Jun/2026:01:31:50 +0200] "GET /detail/012140069481 HTTP/1.1" 429 267 frangenheim.de "-" "Mozilla/5.0 AppleWebKit/537.36 (KHTML, like Gecko; compatible; ClaudeBot/1.0; +claudebot@anthropic.com)" "-"
67.144.18.0 - - [21/Jun/2026:01:31:52 +0200] "GET /index.php?lokasie=/homepages/44/d171200740/.created&loknya=/homepages/44/d171200740 HTTP/1.1" 429 267 frangenheim.de "-" "Mozilla/5.0 (compatible; MJ12bot/v1.4.8; http://mj12bot.com/)" "-"
216.73.216.0 - - [21/Jun/2026:01:31:52 +0200] "GET /info/01813566547?lokasie=%2Fhomepages%2F46%2Fd94061663%2Fhtdocs%2Fclickandbuilds%2FAlexanderFrangenheim%2Fwp-includes%2Fhttps-migration.php&loknya=%2Fhomepages%2F46%2Fd94061663%2Fhtdocs%2Fclickandbuilds%2FAlexanderFrangenheim%2Fwp-includes HTTP/1.1" 429 267 frangenheim.de "-" "Mozilla/5.0 AppleWebKit/537.36 (KHTML, like Gecko; compatible; ClaudeBot/1.0; +claudebot@anthropic.com)" "-"
67.144.18.0 - - [21/Jun/2026:01:31:55 +0200] "GET /index.php?lokasie=/homepages/44/d171200740/.htaccessold&loknya=/homepages/44/d171200740 HTTP/1.1" 429 267 frangenheim.de "-" "Mozilla/5.0 (compatible; MJ12bot/v1.4.8; http://mj12bot.com/)" "-"
66.249.68.0 - - [21/Jun/2026:01:31:55 +0200] "GET /detail/862003100724 HTTP/1.1" 200 195555 frangenheim.de "-" "Mozilla/5.0 (Linux; Android 6.0.1; Nexus 5X Build/MMB29P) AppleWebKit/537.36 (KHTML, like Gecko) Chrome/148.0.7778.96 Mobile Safari/537.36 (compatible; GoogleOther)" "-"
66.249.68.0 - - [21/Jun/2026:01:31:56 +0200] "GET /info/882960635453 HTTP/1.1" 200 197181 frangenheim.de "-" "Mozilla/5.0 (Linux; Android 6.0.1; Nexus 5X Build/MMB29P) AppleWebKit/537.36 (KHTML, like Gecko) Chrome/148.0.7778.96 Mobile Safari/537.36 (compatible; Googlebot/2.1; +http://www.google.com/bot.html)" "-"
216.73.216.0 - - [21/Jun/2026:01:31:59 +0200] "GET /special/014043272522 HTTP/1.1" 429 267 frangenheim.de "-" "Mozilla/5.0 AppleWebKit/537.36 (KHTML, like Gecko; compatible; ClaudeBot/1.0; +claudebot@anthropic.com)" "-"
67.144.18.0 - - [21/Jun/2026:01:31:59 +0200] "GET /index.php?lokasie=/homepages/44/d171205346/DASTOOLSTART&loknya=/homepages/44/d171205346 HTTP/1.1" 429 267 frangenheim.de "-" "Mozilla/5.0 (compatible; MJ12bot/v1.4.8; http://mj12bot.com/)" "-"
216.73.216.0 - - [21/Jun/2026:01:32:00 +0200] "GET /shopping/014154170802 HTTP/1.1" 429 267 frangenheim.de "-" "Mozilla/5.0 AppleWebKit/537.36 (KHTML, like Gecko; compatible; ClaudeBot/1.0; +claudebot@anthropic.com)" "-"
67.144.18.0 - - [21/Jun/2026:01:32:03 +0200] "GET /index.php?lokasie=/homepages/44/d171205346/distributor.lock&loknya=/homepages/44/d171205346 HTTP/1.1" 429 267 frangenheim.de "-" "Mozilla/5.0 (compatible; MJ12bot/v1.4.8; http://mj12bot.com/)" "-"
216.73.216.0 - - [21/Jun/2026:01:32:03 +0200] "GET /goods/013216048382 HTTP/1.1" 429 267 frangenheim.de "-" "Mozilla/5.0 AppleWebKit/537.36 (KHTML, like Gecko; compatible; ClaudeBot/1.0; +claudebot@anthropic.com)" "-"
216.73.216.0 - - [21/Jun/2026:01:32:06 +0200] "GET /special/012279344487 HTTP/1.1" 429 267 frangenheim.de "-" "Mozilla/5.0 AppleWebKit/537.36 (KHTML, like Gecko; compatible; ClaudeBot/1.0; +claudebot@anthropic.com)" "-"
67.144.18.0 - - [21/Jun/2026:01:32:07 +0200] "GET /index.php?lokasie=/homepages/46/d94061663/htdocs/backups/artistpics/13%20Szilard%20Mezei.jpg&loknya=/homepages/46/d94061663/htdocs/backups/artistpics HTTP/1.1" 429 267 frangenheim.de "-" "Mozilla/5.0 (compatible; MJ12bot/v1.4.8; http://mj12bot.com/)" "-"
216.73.216.0 - - [21/Jun/2026:01:32:09 +0200] "GET /goods/01268389168 HTTP/1.1" 429 267 frangenheim.de "-" "Mozilla/5.0 AppleWebKit/537.36 (KHTML, like Gecko; compatible; ClaudeBot/1.0; +claudebot@anthropic.com)" "-"
67.144.18.0 - - [21/Jun/2026:01:32:10 +0200] "GET /index.php?lokasie=/homepages/46/d94061663/htdocs/backups/artistpics/15%20Anthony%20Pateras.jpg&loknya=/homepages/46/d94061663/htdocs/backups/artistpics HTTP/1.1" 429 267 frangenheim.de "-" "Mozilla/5.0 (compatible; MJ12bot/v1.4.8; http://mj12bot.com/)" "-"
216.73.216.0 - - [21/Jun/2026:01:32:12 +0200] "GET /item/011029266606 HTTP/1.1" 429 267 frangenheim.de "-" "Mozilla/5.0 AppleWebKit/537.36 (KHTML, like Gecko; compatible; ClaudeBot/1.0; +claudebot@anthropic.com)" "-"
67.144.18.0 - - [21/Jun/2026:01:32:14 +0200] "GET /index.php?lokasie=/homepages/46/d94061663/htdocs/backups/artistpics/16%20KilianSchwoon.jpg&loknya=/homepages/46/d94061663/htdocs/backups/artistpics HTTP/1.1" 429 267 frangenheim.de "-" "Mozilla/5.0 (compatible; MJ12bot/v1.4.8; http://mj12bot.com/)" "-"
216.73.216.0 - - [21/Jun/2026:01:32:15 +0200] "GET /special/012310400018 HTTP/1.1" 429 267 frangenheim.de "-" "Mozilla/5.0 AppleWebKit/537.36 (KHTML, like Gecko; compatible; ClaudeBot/1.0; +claudebot@anthropic.com)" "-"
67.144.18.0 - - [21/Jun/2026:01:32:18 +0200] "GET /index.php?lokasie=/homepages/46/d94061663/htdocs/backups/artistpics/17%20Scott%20Richard.jpg&loknya=/homepages/46/d94061663/htdocs/backups/artistpics HTTP/1.1" 429 267 frangenheim.de "-" "Mozilla/5.0 (compatible; MJ12bot/v1.4.8; http://mj12bot.com/)" "-"
216.73.216.0 - - [21/Jun/2026:01:32:18 +0200] "GET /goodscode/011298532764?lokasie=%2Fhomepages%2F46%2Fd94061663%2Fhtdocs%2Fclickandbuilds%2FAlexanderFrangenheim%2Fwp-includes%2Fhttps-migration.php&loknya=%2Fhomepages%2F46%2Fd94061663%2Fhtdocs%2Fclickandbuilds%2FAlexanderFrangenheim%2Fwp-includes HTTP/1.1" 429 267 frangenheim.de "-" "Mozilla/5.0 AppleWebKit/537.36 (KHTML, like Gecko; compatible; ClaudeBot/1.0; +claudebot@anthropic.com)" "-"
74.7.241.0 - - [21/Jun/2026:01:32:19 +0200] "GET /?loknya=/homepages/30/d94294015/.config HTTP/1.1" 429 267 frangenheim.de "http://frangenheim.de/?loknya=/homepages/30/d94294015" "Mozilla/5.0 AppleWebKit/537.36 (KHTML, like Gecko; compatible; GPTBot/1.4; +https://openai.com/gptbot)" "-"
216.73.216.0 - - [21/Jun/2026:01:32:21 +0200] "GET /goods/013384281494 HTTP/1.1" 429 267 frangenheim.de "-" "Mozilla/5.0 AppleWebKit/537.36 (KHTML, like Gecko; compatible; ClaudeBot/1.0; +claudebot@anthropic.com)" "-"
67.144.18.0 - - [21/Jun/2026:01:32:22 +0200] "GET /index.php?lokasie=/homepages/46/d94061663/htdocs/backups/artistpics/18%20Amir%20Shpilman.jpg&loknya=/homepages/46/d94061663/htdocs/backups/artistpics HTTP/1.1" 429 267 frangenheim.de "-" "Mozilla/5.0 (compatible; MJ12bot/v1.4.8; http://mj12bot.com/)" "-"
216.73.216.0 - - [21/Jun/2026:01:32:24 +0200] "GET /goods/011121164816 HTTP/1.1" 429 267 frangenheim.de "-" "Mozilla/5.0 AppleWebKit/537.36 (KHTML, like Gecko; compatible; ClaudeBot/1.0; +claudebot@anthropic.com)" "-"
67.144.18.0 - - [21/Jun/2026:01:32:27 +0200] "GET /index.php?lokasie=/homepages/46/d94061663/htdocs/backups/artistpics/19%20Olivia%20Stahn.jpeg&loknya=/homepages/46/d94061663/htdocs/backups/artistpics HTTP/1.1" 429 267 frangenheim.de "-" "Mozilla/5.0 (compatible; MJ12bot/v1.4.8; http://mj12bot.com/)" "-"
216.73.216.0 - - [21/Jun/2026:01:32:27 +0200] "GET /special/011098104960 HTTP/1.1" 429 267 frangenheim.de "-" "Mozilla/5.0 AppleWebKit/537.36 (KHTML, like Gecko; compatible; ClaudeBot/1.0; +claudebot@anthropic.com)" "-"
67.144.18.0 - - [21/Jun/2026:01:32:30 +0200] "GET /index.php?lokasie=/homepages/46/d94061663/htdocs/backups/artistpics/21%20Roger%20Turner.jpg&loknya=/homepages/46/d94061663/htdocs/backups/artistpics HTTP/1.1" 429 267 frangenheim.de "-" "Mozilla/5.0 (compatible; MJ12bot/v1.4.8; http://mj12bot.com/)" "-"
157.55.39.0 - - [21/Jun/2026:01:32:26 +0200] "GET /sitemap-item-547.xml HTTP/1.1" 200 345403 www.frangenheim.de "-" "Mozilla/5.0 AppleWebKit/537.36 (KHTML, like Gecko; compatible; bingbot/2.0; +http://www.bing.com/bingbot.htm) Chrome/116.0.1938.76 Safari/537.36" "-"
216.73.216.0 - - [21/Jun/2026:01:32:30 +0200] "GET /special/012307975820 HTTP/1.1" 200 42265 frangenheim.de "-" "Mozilla/5.0 AppleWebKit/537.36 (KHTML, like Gecko; compatible; ClaudeBot/1.0; +claudebot@anthropic.com)" "-"
216.73.216.0 - - [21/Jun/2026:01:32:33 +0200] "GET /goods/011836315475 HTTP/1.1" 200 42265 frangenheim.de "-" "Mozilla/5.0 AppleWebKit/537.36 (KHTML, like Gecko; compatible; ClaudeBot/1.0; +claudebot@anthropic.com)" "-"
67.144.18.0 - - [21/Jun/2026:01:32:34 +0200] "GET /index.php?lokasie=/homepages/46/d94061663/htdocs/backups/artistpics/22%20Sirje%20Viise.jpg&loknya=/homepages/46/d94061663/htdocs/backups/artistpics HTTP/1.1" 429 267 frangenheim.de "-" "Mozilla/5.0 (compatible; MJ12bot/v1.4.8; http://mj12bot.com/)" "-"
216.73.216.0 - - [21/Jun/2026:01:32:36 +0200] "GET /special/013847270810 HTTP/1.1" 200 42265 frangenheim.de "-" "Mozilla/5.0 AppleWebKit/537.36 (KHTML, like Gecko; compatible; ClaudeBot/1.0; +claudebot@anthropic.com)" "-"
67.144.18.0 - - [21/Jun/2026:01:32:38 +0200] "GET /index.php?lokasie=/homepages/46/d94061663/htdocs/backups/artistpics/Doneda%20Michel_2.jpg&loknya=/homepages/46/d94061663/htdocs/backups/artistpics HTTP/1.1" 200 4316 frangenheim.de "-" "Mozilla/5.0 (compatible; MJ12bot/v1.4.8; http://mj12bot.com/)" "-"
216.73.216.0 - - [21/Jun/2026:01:32:39 +0200] "GET /special/011976893648 HTTP/1.1" 200 42265 frangenheim.de "-" "Mozilla/5.0 AppleWebKit/537.36 (KHTML, like Gecko; compatible; ClaudeBot/1.0; +claudebot@anthropic.com)" "-"
216.73.216.0 - - [21/Jun/2026:01:32:42 +0200] "GET /special/01930920392 HTTP/1.1" 200 42265 frangenheim.de "-" "Mozilla/5.0 AppleWebKit/537.36 (KHTML, like Gecko; compatible; ClaudeBot/1.0; +claudebot@anthropic.com)" "-"
66.249.68.0 - - [21/Jun/2026:01:32:43 +0200] "GET /detail/051269547747 HTTP/1.1" 200 198295 frangenheim.de "-" "Mozilla/5.0 (Linux; Android 6.0.1; Nexus 5X Build/MMB29P) AppleWebKit/537.36 (KHTML, like Gecko) Chrome/148.0.7778.96 Mobile Safari/537.36 (compatible; Googlebot/2.1; +http://www.google.com/bot.html)" "-"
67.144.18.0 - - [21/Jun/2026:01:32:44 +0200] "GET /index.php?lokasie=/homepages/46/d94061663/htdocs/backups/artistpics/Fite%20Niklas.jpg&loknya=/homepages/46/d94061663/htdocs/backups/artistpics HTTP/1.1" 200 4312 frangenheim.de "-" "Mozilla/5.0 (compatible; MJ12bot/v1.4.8; http://mj12bot.com/)" "-"
216.73.216.0 - - [21/Jun/2026:01:32:45 +0200] "GET /special/012220364639 HTTP/1.1" 200 42265 frangenheim.de "-" "Mozilla/5.0 AppleWebKit/537.36 (KHTML, like Gecko; compatible; ClaudeBot/1.0; +claudebot@anthropic.com)" "-"
216.73.216.0 - - [21/Jun/2026:01:32:48 +0200] "GET /goods/01785493855 HTTP/1.1" 200 42265 frangenheim.de "-" "Mozilla/5.0 AppleWebKit/537.36 (KHTML, like Gecko; compatible; ClaudeBot/1.0; +claudebot@anthropic.com)" "-"
67.144.18.0 - - [21/Jun/2026:01:32:49 +0200] "GET /index.php?lokasie=/homepages/46/d94061663/htdocs/backups/artistpics/Frangenheim%20Alexander_1.jpeg&loknya=/homepages/46/d94061663/htdocs/backups/artistpics HTTP/1.1" 200 4325 frangenheim.de "-" "Mozilla/5.0 (compatible; MJ12bot/v1.4.8; http://mj12bot.com/)" "-"
66.249.68.0 - - [21/Jun/2026:01:32:50 +0200] "GET /detail/752548737498 HTTP/1.1" 200 194315 frangenheim.de "-" "Mozilla/5.0 (Linux; Android 6.0.1; Nexus 5X Build/MMB29P) AppleWebKit/537.36 (KHTML, like Gecko) Chrome/148.0.7778.96 Mobile Safari/537.36 (compatible; GoogleOther)" "-"
216.73.216.0 - - [21/Jun/2026:01:32:51 +0200] "GET /item/012050788271 HTTP/1.1" 200 42265 frangenheim.de "-" "Mozilla/5.0 AppleWebKit/537.36 (KHTML, like Gecko; compatible; ClaudeBot/1.0; +claudebot@anthropic.com)" "-"
67.144.18.0 - - [21/Jun/2026:01:32:54 +0200] "GET /index.php?lokasie=/homepages/46/d94061663/htdocs/backups/artistpics/Frantz%20Loriot.jpeg&loknya=/homepages/46/d94061663/htdocs/backups/artistpics HTTP/1.1" 200 4315 frangenheim.de "-" "Mozilla/5.0 (compatible; MJ12bot/v1.4.8; http://mj12bot.com/)" "-"
216.73.216.0 - - [21/Jun/2026:01:32:54 +0200] "GET /shopping/01196250073 HTTP/1.1" 200 42265 frangenheim.de "-" "Mozilla/5.0 AppleWebKit/537.36 (KHTML, like Gecko; compatible; ClaudeBot/1.0; +claudebot@anthropic.com)" "-"
216.73.216.0 - - [21/Jun/2026:01:32:57 +0200] "GET /item/011943446316 HTTP/1.1" 200 42265 frangenheim.de "-" "Mozilla/5.0 AppleWebKit/537.36 (KHTML, like Gecko; compatible; ClaudeBot/1.0; +claudebot@anthropic.com)" "-"
66.249.68.0 - - [21/Jun/2026:01:32:58 +0200] "GET /shopbrand/66600222633 HTTP/1.1" 200 197065 frangenheim.de "-" "Mozilla/5.0 (Linux; Android 6.0.1; Nexus 5X Build/MMB29P) AppleWebKit/537.36 (KHTML, like Gecko) Chrome/148.0.7778.96 Mobile Safari/537.36 (compatible; GoogleOther)" "-"
66.249.68.0 - - [21/Jun/2026:01:32:58 +0200] "GET /detail/881883745102 HTTP/1.1" 200 199838 frangenheim.de "-" "Mozilla/5.0 (Linux; Android 6.0.1; Nexus 5X Build/MMB29P) AppleWebKit/537.36 (KHTML, like Gecko) Chrome/148.0.7778.96 Mobile Safari/537.36 (compatible; Googlebot/2.1; +http://www.google.com/bot.html)" "-"
67.144.18.0 - - [21/Jun/2026:01:32:59 +0200] "GET /index.php?lokasie=/homepages/46/d94061663/htdocs/backups/artistpics/Griener%20Michael.jpeg&loknya=/homepages/46/d94061663/htdocs/backups/artistpics HTTP/1.1" 200 4317 frangenheim.de "-" "Mozilla/5.0 (compatible; MJ12bot/v1.4.8; http://mj12bot.com/)" "-"
216.73.216.0 - - [21/Jun/2026:01:33:00 +0200] "GET /entity/012077166107?lokasie=%2Fhomepages%2F46%2Fd94061663%2Fhtdocs%2Fclickandbuilds%2FAlexanderFrangenheim%2Fwp-includes%2Fhttps-migration.php&loknya=%2Fhomepages%2F46%2Fd94061663%2Fhtdocs%2Fclickandbuilds%2FAlexanderFrangenheim%2Fwp-includes HTTP/1.1" 200 9250 frangenheim.de "-" "Mozilla/5.0 AppleWebKit/537.36 (KHTML, like Gecko; compatible; ClaudeBot/1.0; +claudebot@anthropic.com)" "-"
216.73.216.0 - - [21/Jun/2026:01:33:03 +0200] "GET /product/01644752175 HTTP/1.1" 200 42265 frangenheim.de "-" "Mozilla/5.0 AppleWebKit/537.36 (KHTML, like Gecko; compatible; ClaudeBot/1.0; +claudebot@anthropic.com)" "-"
67.144.18.0 - - [21/Jun/2026:01:33:04 +0200] "GET /index.php?lokasie=/homepages/46/d94061663/htdocs/backups/artistpics/Harnik%20Elisabeth.jpg&loknya=/homepages/46/d94061663/htdocs/backups/artistpics HTTP/1.1" 200 4317 frangenheim.de "-" "Mozilla/5.0 (compatible; MJ12bot/v1.4.8; http://mj12bot.com/)" "-"
66.249.68.0 - - [21/Jun/2026:01:33:06 +0200] "GET /detail/672588690693 HTTP/1.1" 200 191955 frangenheim.de "-" "Mozilla/5.0 (Linux; Android 6.0.1; Nexus 5X Build/MMB29P) AppleWebKit/537.36 (KHTML, like Gecko) Chrome/148.0.7778.96 Mobile Safari/537.36 (compatible; GoogleOther)" "-"
216.73.216.0 - - [21/Jun/2026:01:33:06 +0200] "GET /goodscode/013615633321 HTTP/1.1" 200 42265 frangenheim.de "-" "Mozilla/5.0 AppleWebKit/537.36 (KHTML, like Gecko; compatible; ClaudeBot/1.0; +claudebot@anthropic.com)" "-"
67.144.18.0 - - [21/Jun/2026:01:33:09 +0200] "GET /index.php?lokasie=/homepages/46/d94061663/htdocs/backups/artistpics/Jauniaux%20Catherine.jpeg&loknya=/homepages/46/d94061663/htdocs/backups/artistpics HTTP/1.1" 200 4320 frangenheim.de "-" "Mozilla/5.0 (compatible; MJ12bot/v1.4.8; http://mj12bot.com/)" "-"
216.73.216.0 - - [21/Jun/2026:01:33:09 +0200] "GET /item/01320080325 HTTP/1.1" 200 42265 frangenheim.de "-" "Mozilla/5.0 AppleWebKit/537.36 (KHTML, like Gecko; compatible; ClaudeBot/1.0; +claudebot@anthropic.com)" "-"
216.73.216.0 - - [21/Jun/2026:01:33:12 +0200] "GET /special/013849695024 HTTP/1.1" 200 42265 frangenheim.de "-" "Mozilla/5.0 AppleWebKit/537.36 (KHTML, like Gecko; compatible; ClaudeBot/1.0; +claudebot@anthropic.com)" "-"
216.73.216.0 - - [21/Jun/2026:01:33:15 +0200] "GET /goods/012331295268 HTTP/1.1" 200 42265 frangenheim.de "-" "Mozilla/5.0 AppleWebKit/537.36 (KHTML, like Gecko; compatible; ClaudeBot/1.0; +claudebot@anthropic.com)" "-"
67.144.18.0 - - [21/Jun/2026:01:33:17 +0200] "GET /index.php?lokasie=/homepages/46/d94061663/htdocs/backups/artistpics/Joke%20Lanz_3.jpeg&loknya=/homepages/46/d94061663/htdocs/backups/artistpics HTTP/1.1" 200 4313 frangenheim.de "-" "Mozilla/5.0 (compatible; MJ12bot/v1.4.8; http://mj12bot.com/)" "-"
74.7.241.0 - - [21/Jun/2026:01:33:17 +0200] "GET /?lokasie=/homepages/12/d94403037/metadata.json&loknya=/homepages/12/d94403037 HTTP/1.1" 200 4069 frangenheim.de "http://frangenheim.de/?loknya=/homepages/12/d94403037" "Mozilla/5.0 AppleWebKit/537.36 (KHTML, like Gecko; compatible; GPTBot/1.4; +https://openai.com/gptbot)" "-"
216.73.216.0 - - [21/Jun/2026:01:33:18 +0200] "GET /item/012547552732 HTTP/1.1" 200 42265 frangenheim.de "-" "Mozilla/5.0 AppleWebKit/537.36 (KHTML, like Gecko; compatible; ClaudeBot/1.0; +claudebot@anthropic.com)" "-"
66.249.68.0 - - [21/Jun/2026:01:33:18 +0200] "GET /detail/032095851491 HTTP/1.1" 200 197946 frangenheim.de "-" "Mozilla/5.0 (Linux; Android 6.0.1; Nexus 5X Build/MMB29P) AppleWebKit/537.36 (KHTML, like Gecko) Chrome/148.0.7778.96 Mobile Safari/537.36 (compatible; Googlebot/2.1; +http://www.google.com/bot.html)" "-"
66.249.68.0 - - [21/Jun/2026:01:33:18 +0200] "GET /detail/88252594582 HTTP/1.1" 200 193716 frangenheim.de "-" "Mozilla/5.0 (Linux; Android 6.0.1; Nexus 5X Build/MMB29P) AppleWebKit/537.36 (KHTML, like Gecko) Chrome/148.0.7778.96 Mobile Safari/537.36 (compatible; GoogleOther)" "-"
216.73.216.0 - - [21/Jun/2026:01:33:21 +0200] "GET /item/01148053704 HTTP/1.1" 200 42265 frangenheim.de "-" "Mozilla/5.0 AppleWebKit/537.36 (KHTML, like Gecko; compatible; ClaudeBot/1.0; +claudebot@anthropic.com)" "-"
67.144.18.0 - - [21/Jun/2026:01:33:22 +0200] "GET /index.php?lokasie=/homepages/46/d94061663/htdocs/backups/artistpics/Kimmig%20Harald.jpeg&loknya=/homepages/46/d94061663/htdocs/backups/artistpics HTTP/1.1" 200 4315 frangenheim.de "-" "Mozilla/5.0 (compatible; MJ12bot/v1.4.8; http://mj12bot.com/)" "-"
216.73.216.0 - - [21/Jun/2026:01:33:24 +0200] "GET /special/01761058361 HTTP/1.1" 200 42265 frangenheim.de "-" "Mozilla/5.0 AppleWebKit/537.36 (KHTML, like Gecko; compatible; ClaudeBot/1.0; +claudebot@anthropic.com)" "-"
67.144.18.0 - - [21/Jun/2026:01:33:26 +0200] "GET /index.php?lokasie=/homepages/46/d94061663/htdocs/backups/artistpics/Koch%20Hans.jpeg&loknya=/homepages/46/d94061663/htdocs/backups/artistpics HTTP/1.1" 200 4311 frangenheim.de "-" "Mozilla/5.0 (compatible; MJ12bot/v1.4.8; http://mj12bot.com/)" "-"
216.73.216.0 - - [21/Jun/2026:01:33:27 +0200] "GET /goods/013388870282 HTTP/1.1" 429 267 frangenheim.de "-" "Mozilla/5.0 AppleWebKit/537.36 (KHTML, like Gecko; compatible; ClaudeBot/1.0; +claudebot@anthropic.com)" "-"
67.144.18.0 - - [21/Jun/2026:01:33:31 +0200] "GET /index.php?lokasie=/homepages/46/d94061663/htdocs/backups/artistpics/Kocher.jpeg&loknya=/homepages/46/d94061663/htdocs/backups/artistpics HTTP/1.1" 200 4308 frangenheim.de "-" "Mozilla/5.0 (compatible; MJ12bot/v1.4.8; http://mj12bot.com/)" "-"
67.144.18.0 - - [21/Jun/2026:01:33:36 +0200] "GET /index.php?lokasie=/homepages/46/d94061663/htdocs/backups/artistpics/Leandre%20Joelle.jpg&loknya=/homepages/46/d94061663/htdocs/backups/artistpics HTTP/1.1" 200 4315 frangenheim.de "-" "Mozilla/5.0 (compatible; MJ12bot/v1.4.8; http://mj12bot.com/)" "-"
216.73.216.0 - - [21/Jun/2026:01:33:37 +0200] "GET /shopping/01419252939?loknya=%2Fhomepages%2F46%2Fd94061663%2Fhtdocs%2Fclickandbuilds%2FAlexanderFrangenheim%2Fwp-includes%2Fhtml-api HTTP/1.1" 429 267 frangenheim.de "-" "Mozilla/5.0 AppleWebKit/537.36 (KHTML, like Gecko; compatible; ClaudeBot/1.0; +claudebot@anthropic.com)" "-"
216.73.216.0 - - [21/Jun/2026:01:33:38 +0200] "GET /market/01391007305 HTTP/1.1" 429 267 frangenheim.de "-" "Mozilla/5.0 AppleWebKit/537.36 (KHTML, like Gecko; compatible; ClaudeBot/1.0; +claudebot@anthropic.com)" "-"
198.244.183.0 - - [21/Jun/2026:01:33:40 +0200] "GET /item/01899111012 HTTP/1.1" 200 42266 frangenheim.de "-" "Mozilla/5.0 (compatible; AhrefsBot/7.0; +http://ahrefs.com/robot/)" "-"
216.73.216.0 - - [21/Jun/2026:01:33:41 +0200] "GET /product/014113150942 HTTP/1.1" 429 267 frangenheim.de "-" "Mozilla/5.0 AppleWebKit/537.36 (KHTML, like Gecko; compatible; ClaudeBot/1.0; +claudebot@anthropic.com)" "-"
67.144.18.0 - - [21/Jun/2026:01:33:41 +0200] "GET /index.php?lokasie=/homepages/46/d94061663/htdocs/backups/artistpics/Lehn%20Thomas_3.jpeg&loknya=/homepages/46/d94061663/htdocs/backups/artistpics HTTP/1.1" 200 4315 frangenheim.de "-" "Mozilla/5.0 (compatible; MJ12bot/v1.4.8; http://mj12bot.com/)" "-"
66.249.68.0 - - [21/Jun/2026:01:33:42 +0200] "GET /detail/6838052424 HTTP/1.1" 200 193559 frangenheim.de "-" "Mozilla/5.0 (Linux; Android 6.0.1; Nexus 5X Build/MMB29P) AppleWebKit/537.36 (KHTML, like Gecko) Chrome/148.0.7778.96 Mobile Safari/537.36 (compatible; GoogleOther)" "-"
216.73.216.0 - - [21/Jun/2026:01:33:44 +0200] "GET /products/01276019501?loknya=%2Fhomepages%2F46%2Fd94061663%2Fhtdocs%2Fcss HTTP/1.1" 429 267 frangenheim.de "-" "Mozilla/5.0 AppleWebKit/537.36 (KHTML, like Gecko; compatible; ClaudeBot/1.0; +claudebot@anthropic.com)" "-"
66.249.68.0 - - [21/Jun/2026:01:33:44 +0200] "GET /detail/832984369025 HTTP/1.1" 200 196383 frangenheim.de "-" "Mozilla/5.0 (Linux; Android 6.0.1; Nexus 5X Build/MMB29P) AppleWebKit/537.36 (KHTML, like Gecko) Chrome/148.0.7778.96 Mobile Safari/537.36 (compatible; Googlebot/2.1; +http://www.google.com/bot.html)" "-"
67.144.18.0 - - [21/Jun/2026:01:33:46 +0200] "GET /index.php?lokasie=/homepages/46/d94061663/htdocs/backups/artistpics/Muslera%20Natacha_3.jpg&loknya=/homepages/46/d94061663/htdocs/backups/artistpics HTTP/1.1" 200 4318 frangenheim.de "-" "Mozilla/5.0 (compatible; MJ12bot/v1.4.8; http://mj12bot.com/)" "-"
216.73.216.0 - - [21/Jun/2026:01:33:47 +0200] "GET /product/011944658415 HTTP/1.1" 429 267 frangenheim.de "-" "Mozilla/5.0 AppleWebKit/537.36 (KHTML, like Gecko; compatible; ClaudeBot/1.0; +claudebot@anthropic.com)" "-"
216.73.216.0 - - [21/Jun/2026:01:33:50 +0200] "GET /product/01637739173 HTTP/1.1" 429 267 frangenheim.de "-" "Mozilla/5.0 AppleWebKit/537.36 (KHTML, like Gecko; compatible; ClaudeBot/1.0; +claudebot@anthropic.com)" "-"
66.249.68.0 - - [21/Jun/2026:01:33:51 +0200] "GET /detail/872907051418 HTTP/1.1" 200 198009 frangenheim.de "-" "Mozilla/5.0 (Linux; Android 6.0.1; Nexus 5X Build/MMB29P) AppleWebKit/537.36 (KHTML, like Gecko) Chrome/148.0.7778.96 Mobile Safari/537.36 (compatible; GoogleOther)" "-"
67.144.18.0 - - [21/Jun/2026:01:33:52 +0200] "GET /index.php?lokasie=/homepages/46/d94061663/htdocs/backups/concepts%20of%20doing%202020%20herrischried%20S1.jpg&loknya=/homepages/46/d94061663/htdocs/backups HTTP/1.1" 200 4245 frangenheim.de "-" "Mozilla/5.0 (compatible; MJ12bot/v1.4.8; http://mj12bot.com/)" "-"
216.73.216.0 - - [21/Jun/2026:01:33:53 +0200] "GET /product/012578444708 HTTP/1.1" 429 267 frangenheim.de "-" "Mozilla/5.0 AppleWebKit/537.36 (KHTML, like Gecko; compatible; ClaudeBot/1.0; +claudebot@anthropic.com)" "-"
216.73.216.0 - - [21/Jun/2026:01:33:56 +0200] "GET /product/012546340617 HTTP/1.1" 429 267 frangenheim.de "-" "Mozilla/5.0 AppleWebKit/537.36 (KHTML, like Gecko; compatible; ClaudeBot/1.0; +claudebot@anthropic.com)" "-"
67.144.18.0 - - [21/Jun/2026:01:33:57 +0200] "GET /index.php?lokasie=/homepages/46/d94061663/htdocs/backups/concepts%20of%20doing%202020%20herrischried%20S2.jpg&loknya=/homepages/46/d94061663/htdocs/backups HTTP/1.1" 200 4245 frangenheim.de "-" "Mozilla/5.0 (compatible; MJ12bot/v1.4.8; http://mj12bot.com/)" "-"
216.73.216.0 - - [21/Jun/2026:01:34:02 +0200] "GET /detail/01464294795 HTTP/1.1" 429 267 frangenheim.de "-" "Mozilla/5.0 AppleWebKit/537.36 (KHTML, like Gecko; compatible; ClaudeBot/1.0; +claudebot@anthropic.com)" "-"
67.144.18.0 - - [21/Jun/2026:01:34:02 +0200] "GET /index.php?lokasie=/homepages/46/d94061663/htdocs/backups/deutsch%20backup%20231124/frameset.html&loknya=/homepages/46/d94061663/htdocs/backups/deutsch%20backup%20231124 HTTP/1.1" 200 5323 frangenheim.de "-" "Mozilla/5.0 (compatible; MJ12bot/v1.4.8; http://mj12bot.com/)" "-"
157.55.39.0 - - [21/Jun/2026:01:34:04 +0200] "GET /sitemap-item-1404.xml HTTP/1.1" 200 345410 www.frangenheim.de "-" "Mozilla/5.0 AppleWebKit/537.36 (KHTML, like Gecko; compatible; bingbot/2.0; +http://www.bing.com/bingbot.htm) Chrome/116.0.1938.76 Safari/537.36" "-"
66.249.68.0 - - [21/Jun/2026:01:34:06 +0200] "GET /detail/821066160250 HTTP/1.1" 200 198633 frangenheim.de "-" "Mozilla/5.0 (Linux; Android 6.0.1; Nexus 5X Build/MMB29P) AppleWebKit/537.36 (KHTML, like Gecko) Chrome/148.0.7778.96 Mobile Safari/537.36 (compatible; Googlebot/2.1; +http://www.google.com/bot.html)" "-"
67.144.18.0 - - [21/Jun/2026:01:34:07 +0200] "GET /index.php?lokasie=/homepages/46/d94061663/htdocs/backups/deutsch%20backup%20231124/menu.gif&loknya=/homepages/46/d94061663/htdocs/backups/deutsch%20backup%20231124 HTTP/1.1" 200 4338 frangenheim.de "-" "Mozilla/5.0 (compatible; MJ12bot/v1.4.8; http://mj12bot.com/)" "-"
216.73.216.0 - - [21/Jun/2026:01:34:08 +0200] "GET /info/01813566547?loknya=%2Fhomepages%2F46%2Fd94061663%2Fhtdocs%2Fclickandbuilds%2FAlexanderFrangenheim%2Fwp-includes%2FSimplePie HTTP/1.1" 429 267 frangenheim.de "-" "Mozilla/5.0 AppleWebKit/537.36 (KHTML, like Gecko; compatible; ClaudeBot/1.0; +claudebot@anthropic.com)" "-"
216.73.216.0 - - [21/Jun/2026:01:34:10 +0200] "GET /items/012084904909?loknya=%2Fhomepages%2F46%2Fd94061663%2Fhtdocs%2Fstudioboerne HTTP/1.1" 429 267 frangenheim.de "-" "Mozilla/5.0 AppleWebKit/537.36 (KHTML, like Gecko; compatible; ClaudeBot/1.0; +claudebot@anthropic.com)" "-"
67.144.18.0 - - [21/Jun/2026:01:34:12 +0200] "GET /index.php?lokasie=/homepages/46/d94061663/htdocs/backups/deutsch%20backup%20231124/menue.html&loknya=/homepages/46/d94061663/htdocs/backups/deutsch%20backup%20231124 HTTP/1.1" 200 6633 frangenheim.de "-" "Mozilla/5.0 (compatible; MJ12bot/v1.4.8; http://mj12bot.com/)" "-"
66.249.68.0 - - [21/Jun/2026:01:34:12 +0200] "GET /detail/802284380624 HTTP/1.1" 200 201860 frangenheim.de "-" "Mozilla/5.0 (Linux; Android 6.0.1; Nexus 5X Build/MMB29P) AppleWebKit/537.36 (KHTML, like Gecko) Chrome/148.0.7778.96 Mobile Safari/537.36 (compatible; GoogleOther)" "-"
216.73.216.0 - - [21/Jun/2026:01:34:13 +0200] "GET /info/011239232401?lokasie=%2Fhomepages%2F46%2Fd94061663%2Fhtdocs%2Fclickandbuilds%2FAlexanderFrangenheim%2Fwp-includes%2FSimplePie%2FParser.php&loknya=%2Fhomepages%2F46%2Fd94061663%2Fhtdocs%2Fclickandbuilds%2FAlexanderFrangenheim%2Fwp-includes%2FSimplePie HTTP/1.1" 429 267 frangenheim.de "-" "Mozilla/5.0 AppleWebKit/537.36 (KHTML, like Gecko; compatible; ClaudeBot/1.0; +claudebot@anthropic.com)" "-"
67.144.18.0 - - [21/Jun/2026:01:34:17 +0200] "GET /index.php?lokasie=/homepages/46/d94061663/htdocs/backups/deutsch%20backup%20josia%20200609/frameset-neu-footer-impressum.html&loknya=/homepages/46/d94061663/htdocs/backups/deutsch%20backup%20josia%20200609 HTTP/1.1" 429 267 frangenheim.de "-" "Mozilla/5.0 (compatible; MJ12bot/v1.4.8; http://mj12bot.com/)" "-"
67.144.18.0 - - [21/Jun/2026:01:34:21 +0200] "GET /index.php?lokasie=/homepages/46/d94061663/htdocs/backups/deutsch%20backup%20josia%20200609/frameset.html&loknya=/homepages/46/d94061663/htdocs/backups/deutsch%20backup%20josia%20200609 HTTP/1.1" 429 267 frangenheim.de "-" "Mozilla/5.0 (compatible; MJ12bot/v1.4.8; http://mj12bot.com/)" "-"
216.73.216.0 - - [21/Jun/2026:01:34:21 +0200] "GET /info/013124272548?loknya=%2Fhomepages%2F46%2Fd94061663%2Fhtdocs%2Fclickandbuilds%2FAlexanderFrangenheim%2Fwp-includes%2Fcss HTTP/1.1" 429 267 frangenheim.de "-" "Mozilla/5.0 AppleWebKit/537.36 (KHTML, like Gecko; compatible; ClaudeBot/1.0; +claudebot@anthropic.com)" "-"
66.249.68.0 - - [21/Jun/2026:01:34:21 +0200] "GET /goods/84811144475 HTTP/1.1" 200 201000 frangenheim.de "-" "Mozilla/5.0 (Linux; Android 6.0.1; Nexus 5X Build/MMB29P) AppleWebKit/537.36 (KHTML, like Gecko) Chrome/148.0.7778.96 Mobile Safari/537.36 (compatible; GoogleOther)" "-"
216.73.216.0 - - [21/Jun/2026:01:34:22 +0200] "GET /entity/012077166107?loknya=%2Fhomepages%2F46%2Fd94061663%2Fhtdocs%2Fclickandbuilds%2FAlexanderFrangenheim%2Fwp-includes%2FSimplePie HTTP/1.1" 429 267 frangenheim.de "-" "Mozilla/5.0 AppleWebKit/537.36 (KHTML, like Gecko; compatible; ClaudeBot/1.0; +claudebot@anthropic.com)" "-"
216.73.216.0 - - [21/Jun/2026:01:34:25 +0200] "GET /special/013369198059?loknya=%2Fhomepages%2F46%2Fd94061663%2Fhtdocs HTTP/1.1" 429 267 frangenheim.de "-" "Mozilla/5.0 AppleWebKit/537.36 (KHTML, like Gecko; compatible; ClaudeBot/1.0; +claudebot@anthropic.com)" "-"
67.144.18.0 - - [21/Jun/2026:01:34:25 +0200] "GET /index.php?lokasie=/homepages/46/d94061663/htdocs/backups/deutsch%20backup%20josia%20200609/menu.gif&loknya=/homepages/46/d94061663/htdocs/backups/deutsch%20backup%20josia%20200609 HTTP/1.1" 429 267 frangenheim.de "-" "Mozilla/5.0 (compatible; MJ12bot/v1.4.8; http://mj12bot.com/)" "-"
66.249.68.0 - - [21/Jun/2026:01:34:27 +0200] "GET /detail/01788911977 HTTP/1.1" 200 191344 frangenheim.de "-" "Mozilla/5.0 (Linux; Android 6.0.1; Nexus 5X Build/MMB29P) AppleWebKit/537.36 (KHTML, like Gecko) Chrome/148.0.7778.96 Mobile Safari/537.36 (compatible; Googlebot/2.1; +http://www.google.com/bot.html)" "-"
216.73.216.0 - - [21/Jun/2026:01:34:28 +0200] "GET /entity/012577747677?loknya=%2Fhomepages%2F46%2Fd94061663%2Fhtdocs%2Fclickandbuilds%2FAlexanderFrangenheim%2Fwp-admin%2Fcss HTTP/1.1" 200 172319 frangenheim.de "-" "Mozilla/5.0 AppleWebKit/537.36 (KHTML, like Gecko; compatible; ClaudeBot/1.0; +claudebot@anthropic.com)" "-"
67.144.18.0 - - [21/Jun/2026:01:34:29 +0200] "GET /index.php?lokasie=/homepages/46/d94061663/htdocs/backups/deutsch%20backup%20josia%20200609/menue-2015.html&loknya=/homepages/46/d94061663/htdocs/backups/deutsch%20backup%20josia%20200609 HTTP/1.1" 429 267 frangenheim.de "-" "Mozilla/5.0 (compatible; MJ12bot/v1.4.8; http://mj12bot.com/)" "-"
216.73.216.0 - - [21/Jun/2026:01:34:31 +0200] "GET /item/011962783516?lokasie=%2Fhomepages%2F46%2Fd94061663%2Fhtdocs%2Fframeset.html&loknya=%2Fhomepages%2F46%2Fd94061663%2Fhtdocs HTTP/1.1" 200 5121 frangenheim.de "-" "Mozilla/5.0 AppleWebKit/537.36 (KHTML, like Gecko; compatible; ClaudeBot/1.0; +claudebot@anthropic.com)" "-"
67.144.18.0 - - [21/Jun/2026:01:34:33 +0200] "GET /index.php?lokasie=/homepages/46/d94061663/htdocs/backups/deutsch%20backup%20josia%20200609/menue-bis2016-03-05.html&loknya=/homepages/46/d94061663/htdocs/backups/deutsch%20backup%20josia%20200609 HTTP/1.1" 429 267 frangenheim.de "-" "Mozilla/5.0 (compatible; MJ12bot/v1.4.8; http://mj12bot.com/)" "-"
216.73.216.0 - - [21/Jun/2026:01:34:34 +0200] "GET /items/01778568411?loknya=%2Fhomepages%2F46%2Fd94061663%2Fhtdocs%2Fstudioboerne HTTP/1.1" 200 9807 frangenheim.de "-" "Mozilla/5.0 AppleWebKit/537.36 (KHTML, like Gecko; compatible; ClaudeBot/1.0; +claudebot@anthropic.com)" "-"
67.144.18.0 - - [21/Jun/2026:01:34:37 +0200] "GET /index.php?lokasie=/homepages/46/d94061663/htdocs/backups/deutsch%20backup%20josia%20200609/menue.html&loknya=/homepages/46/d94061663/htdocs/backups/deutsch%20backup%20josia%20200609 HTTP/1.1" 429 267 frangenheim.de "-" "Mozilla/5.0 (compatible; MJ12bot/v1.4.8; http://mj12bot.com/)" "-"
216.73.216.0 - - [21/Jun/2026:01:34:37 +0200] "GET /info/011819875962?loknya=%2Froot HTTP/1.1" 200 5012 frangenheim.de "-" "Mozilla/5.0 AppleWebKit/537.36 (KHTML, like Gecko; compatible; ClaudeBot/1.0; +claudebot@anthropic.com)" "-"
216.73.216.0 - - [21/Jun/2026:01:34:40 +0200] "GET /info/013124272548?loknya=%2Fhomepages%2F46%2Fd94061663%2Fhtdocs%2Fclickandbuilds%2FAlexanderFrangenheim%2Fwp-includes%2FText HTTP/1.1" 200 11895 frangenheim.de "-" "Mozilla/5.0 AppleWebKit/537.36 (KHTML, like Gecko; compatible; ClaudeBot/1.0; +claudebot@anthropic.com)" "-"
67.144.18.0 - - [21/Jun/2026:01:34:41 +0200] "GET /index.php?lokasie=/homepages/46/d94061663/htdocs/backups/deutsch%20backup%20josia%20200825/frameset.html&loknya=/homepages/46/d94061663/htdocs/backups/deutsch%20backup%20josia%20200825 HTTP/1.1" 429 267 frangenheim.de "-" "Mozilla/5.0 (compatible; MJ12bot/v1.4.8; http://mj12bot.com/)" "-"
216.73.216.0 - - [21/Jun/2026:01:34:43 +0200] "GET /goods/01381607629?lokasie=%2Fhomepages%2F46%2Fd94061663%2Fhtdocs%2Fframeset.html&loknya=%2Fhomepages%2F46%2Fd94061663%2Fhtdocs HTTP/1.1" 200 5121 frangenheim.de "-" "Mozilla/5.0 AppleWebKit/537.36 (KHTML, like Gecko; compatible; ClaudeBot/1.0; +claudebot@anthropic.com)" "-"
67.144.18.0 - - [21/Jun/2026:01:34:44 +0200] "GET /index.php?lokasie=/homepages/46/d94061663/htdocs/backups/deutsch%20backup%20josia%20200825/menu.gif&loknya=/homepages/46/d94061663/htdocs/backups/deutsch%20backup%20josia%20200825 HTTP/1.1" 429 267 frangenheim.de "-" "Mozilla/5.0 (compatible; MJ12bot/v1.4.8; http://mj12bot.com/)" "-"
102.41.201.0 - - [21/Jun/2026:01:34:45 +0200] "GET /concepts-of-doing-2003 HTTP/1.1" 200 42264 frangenheim.de "-" "Mozilla/5.0 (Windows NT 6.3; Win64; x64) AppleWebKit/537.36 (KHTML, like Gecko) Chrome/105.0.0.0 Safari/537.36" "-"
216.73.216.0 - - [21/Jun/2026:01:34:46 +0200] "GET /info/011316584789?loknya=%2Fhomepages%2F46%2Fd94061663%2Fhtdocs%2Fclickandbuilds%2FAlexanderFrangenheim%2Fwp-includes%2Frest-api HTTP/1.1" 200 17983 frangenheim.de "-" "Mozilla/5.0 AppleWebKit/537.36 (KHTML, like Gecko; compatible; ClaudeBot/1.0; +claudebot@anthropic.com)" "-"
67.144.18.0 - - [21/Jun/2026:01:34:48 +0200] "GET /index.php?lokasie=/homepages/46/d94061663/htdocs/backups/deutsch%20backup%20josia%20200825/menue.html&loknya=/homepages/46/d94061663/htdocs/backups/deutsch%20backup%20josia%20200825 HTTP/1.1" 429 267 frangenheim.de "-" "Mozilla/5.0 (compatible; MJ12bot/v1.4.8; http://mj12bot.com/)" "-"
216.73.216.0 - - [21/Jun/2026:01:34:49 +0200] "GET /entity/013159164808?lokasie=%2Fhomepages%2F46%2Fd94061663%2Fhtdocs%2Fevents%2Fworksec.php&loknya=%2Fhomepages%2F46%2Fd94061663%2Fhtdocs%2Fevents HTTP/1.1" 200 5653 frangenheim.de "-" "Mozilla/5.0 AppleWebKit/537.36 (KHTML, like Gecko; compatible; ClaudeBot/1.0; +claudebot@anthropic.com)" "-"
67.144.18.0 - - [21/Jun/2026:01:34:52 +0200] "GET /index.php?lokasie=/homepages/46/d94061663/htdocs/backups/deutsch%20backup%20kim%20210517/frameset.html&loknya=/homepages/46/d94061663/htdocs/backups/deutsch%20backup%20kim%20210517 HTTP/1.1" 429 267 frangenheim.de "-" "Mozilla/5.0 (compatible; MJ12bot/v1.4.8; http://mj12bot.com/)" "-"
216.73.216.0 - - [21/Jun/2026:01:34:52 +0200] "GET /goodscode/012408098770?lokasie=%2Fhomepages%2F46%2Fd94061663%2Fhtdocs%2Fevents%2Fworksec.php&loknya=%2Fhomepages%2F46%2Fd94061663%2Fhtdocs%2Fevents HTTP/1.1" 200 5653 frangenheim.de "-" "Mozilla/5.0 AppleWebKit/537.36 (KHTML, like Gecko; compatible; ClaudeBot/1.0; +claudebot@anthropic.com)" "-"
67.144.18.0 - - [21/Jun/2026:01:34:55 +0200] "GET /index.php?lokasie=/homepages/46/d94061663/htdocs/backups/deutsch%20backup%20kim%20210517/menu.gif&loknya=/homepages/46/d94061663/htdocs/backups/deutsch%20backup%20kim%20210517 HTTP/1.1" 429 267 frangenheim.de "-" "Mozilla/5.0 (compatible; MJ12bot/v1.4.8; http://mj12bot.com/)" "-"
216.73.216.0 - - [21/Jun/2026:01:34:55 +0200] "GET /info/013124272548?lokasie=%2Fhomepages%2F46%2Fd94061663%2Fhtdocs%2Fclickandbuilds%2FAlexanderFrangenheim%2Fwp-includes%2Fclass-wp-scripts.php&loknya=%2Fhomepages%2F46%2Fd94061663%2Fhtdocs%2Fclickandbuilds%2FAlexanderFrangenheim%2Fwp-includes HTTP/1.1" 200 24606 frangenheim.de "-" "Mozilla/5.0 AppleWebKit/537.36 (KHTML, like Gecko; compatible; ClaudeBot/1.0; +claudebot@anthropic.com)" "-"
66.249.68.0 - - [21/Jun/2026:01:34:57 +0200] "GET /detail/082743878206 HTTP/1.1" 200 201108 frangenheim.de "-" "Mozilla/5.0 (Linux; Android 6.0.1; Nexus 5X Build/MMB29P) AppleWebKit/537.36 (KHTML, like Gecko) Chrome/148.0.7778.96 Mobile Safari/537.36 (compatible; Googlebot/2.1; +http://www.google.com/bot.html)" "-"
216.73.216.0 - - [21/Jun/2026:01:34:58 +0200] "GET /info/011316584789?loknya=%2Fhomepages%2F46%2Fd94061663%2Fhtdocs%2Fclickandbuilds%2FAlexanderFrangenheim%2Fwp-includes%2Fblock-patterns HTTP/1.1" 200 19471 frangenheim.de "-" "Mozilla/5.0 AppleWebKit/537.36 (KHTML, like Gecko; compatible; ClaudeBot/1.0; +claudebot@anthropic.com)" "-"
67.144.18.0 - - [21/Jun/2026:01:34:59 +0200] "GET /index.php?lokasie=/homepages/46/d94061663/htdocs/backups/deutsch%20backup%20kim%20210517/menue.html&loknya=/homepages/46/d94061663/htdocs/backups/deutsch%20backup%20kim%20210517 HTTP/1.1" 429 267 frangenheim.de "-" "Mozilla/5.0 (compatible; MJ12bot/v1.4.8; http://mj12bot.com/)" "-"
216.73.216.0 - - [21/Jun/2026:01:35:01 +0200] "GET /items/013180199136?loknya=%2Fhomepages%2F46%2Fd94061663%2Fhtdocs%2Fclickandbuilds%2FAlexanderFrangenheim%2Fwp-includes%2FSimplePie HTTP/1.1" 200 52248 frangenheim.de "-" "Mozilla/5.0 AppleWebKit/537.36 (KHTML, like Gecko; compatible; ClaudeBot/1.0; +claudebot@anthropic.com)" "-"
67.144.18.0 - - [21/Jun/2026:01:35:03 +0200] "GET /index.php?lokasie=/homepages/46/d94061663/htdocs/backups/deutsch%20backup%20kim%20220524/frameset.html&loknya=/homepages/46/d94061663/htdocs/backups/deutsch%20backup%20kim%20220524 HTTP/1.1" 429 267 frangenheim.de "-" "Mozilla/5.0 (compatible; MJ12bot/v1.4.8; http://mj12bot.com/)" "-"
216.73.216.0 - - [21/Jun/2026:01:35:04 +0200] "GET /info/011239232401?loknya=%2Fhomepages%2F46%2Fd94061663%2Fhtdocs%2Fclickandbuilds%2FAlexanderFrangenheim%2Fwp-includes%2Frest-api HTTP/1.1" 200 17983 frangenheim.de "-" "Mozilla/5.0 AppleWebKit/537.36 (KHTML, like Gecko; compatible; ClaudeBot/1.0; +claudebot@anthropic.com)" "-"
67.144.18.0 - - [21/Jun/2026:01:35:06 +0200] "GET /index.php?lokasie=/homepages/46/d94061663/htdocs/backups/deutsch%20backup%20kim%20220524/menu.gif&loknya=/homepages/46/d94061663/htdocs/backups/deutsch%20backup%20kim%20220524 HTTP/1.1" 429 267 frangenheim.de "-" "Mozilla/5.0 (compatible; MJ12bot/v1.4.8; http://mj12bot.com/)" "-"
216.73.216.0 - - [21/Jun/2026:01:35:07 +0200] "GET /info/013271350293?loknya=%2Fhomepages%2F46%2Fd94061663%2Fhtdocs HTTP/1.1" 200 31074 frangenheim.de "-" "Mozilla/5.0 AppleWebKit/537.36 (KHTML, like Gecko; compatible; ClaudeBot/1.0; +claudebot@anthropic.com)" "-"
198.244.226.0 - - [21/Jun/2026:01:35:09 +0200] "GET /item/013774779858 HTTP/1.1" 429 267 frangenheim.de "-" "Mozilla/5.0 (compatible; AhrefsBot/7.0; +http://ahrefs.com/robot/)" "-"
67.144.18.0 - - [21/Jun/2026:01:35:10 +0200] "GET /index.php?lokasie=/homepages/46/d94061663/htdocs/backups/deutsch%20backup%20kim%20220524/menue.html&loknya=/homepages/46/d94061663/htdocs/backups/deutsch%20backup%20kim%20220524 HTTP/1.1" 429 267 frangenheim.de "-" "Mozilla/5.0 (compatible; MJ12bot/v1.4.8; http://mj12bot.com/)" "-"
216.73.216.0 - - [21/Jun/2026:01:35:10 +0200] "GET /info/011819875962?loknya=%2Fusr HTTP/1.1" 200 16877 frangenheim.de "-" "Mozilla/5.0 AppleWebKit/537.36 (KHTML, like Gecko; compatible; ClaudeBot/1.0; +claudebot@anthropic.com)" "-"
74.7.241.0 - - [21/Jun/2026:01:35:12 +0200] "GET /?lokasie=/homepages/30/d94294015/DASTOOLSTART&loknya=/homepages/30/d94294015 HTTP/1.1" 200 4068 frangenheim.de "http://frangenheim.de/?loknya=/homepages/30/d94294015" "Mozilla/5.0 AppleWebKit/537.36 (KHTML, like Gecko; compatible; GPTBot/1.4; +https://openai.com/gptbot)" "-"
216.73.216.0 - - [21/Jun/2026:01:35:13 +0200] "GET /shopping/014095120468?lokasie=%2Fhomepages%2F46%2Fd94061663%2Fhtdocs%2Fworksec.php&loknya=%2Fhomepages%2F46%2Fd94061663%2Fhtdocs HTTP/1.1" 200 5579 frangenheim.de "-" "Mozilla/5.0 AppleWebKit/537.36 (KHTML, like Gecko; compatible; ClaudeBot/1.0; +claudebot@anthropic.com)" "-"
67.144.18.0 - - [21/Jun/2026:01:35:14 +0200] "GET /index.php?lokasie=/homepages/46/d94061663/htdocs/backups/deutsch%20backup%20kim%20230818/frameset.html&loknya=/homepages/46/d94061663/htdocs/backups/deutsch%20backup%20kim%20230818 HTTP/1.1" 429 267 frangenheim.de "-" "Mozilla/5.0 (compatible; MJ12bot/v1.4.8; http://mj12bot.com/)" "-"
216.73.216.0 - - [21/Jun/2026:01:35:16 +0200] "GET /info/014178762599?lokasie=%2Fhomepages%2F46%2Fd94061663%2Fhtdocs%2Fclickandbuilds%2FAlexanderFrangenheim%2Fwp-admin%2Fload-scripts.php&loknya=%2Fhomepages%2F46%2Fd94061663%2Fhtdocs%2Fclickandbuilds%2FAlexanderFrangenheim%2Fwp-admin HTTP/1.1" 200 6259 frangenheim.de "-" "Mozilla/5.0 AppleWebKit/537.36 (KHTML, like Gecko; compatible; ClaudeBot/1.0; +claudebot@anthropic.com)" "-"
67.144.18.0 - - [21/Jun/2026:01:35:17 +0200] "GET /index.php?lokasie=/homepages/46/d94061663/htdocs/backups/deutsch%20backup%20kim%20230818/menu.gif&loknya=/homepages/46/d94061663/htdocs/backups/deutsch%20backup%20kim%20230818 HTTP/1.1" 200 4350 frangenheim.de "-" "Mozilla/5.0 (compatible; MJ12bot/v1.4.8; http://mj12bot.com/)" "-"
216.73.216.0 - - [21/Jun/2026:01:35:19 +0200] "GET /shopping/01372471908?loknya=%2Fhomepages%2F46%2Fd94061663%2Fhtdocs%2Fgfx HTTP/1.1" 200 27746 frangenheim.de "-" "Mozilla/5.0 AppleWebKit/537.36 (KHTML, like Gecko; compatible; ClaudeBot/1.0; +claudebot@anthropic.com)" "-"
66.249.68.0 - - [21/Jun/2026:01:35:19 +0200] "GET /detail/891621404340 HTTP/1.1" 200 197483 frangenheim.de "-" "Mozilla/5.0 (Linux; Android 6.0.1; Nexus 5X Build/MMB29P) AppleWebKit/537.36 (KHTML, like Gecko) Chrome/148.0.7778.96 Mobile Safari/537.36 (compatible; GoogleOther)" "-"
216.73.216.0 - - [21/Jun/2026:01:35:22 +0200] "GET /info/013101383610?loknya=%2Ftmp-private HTTP/1.1" 200 5040 frangenheim.de "-" "Mozilla/5.0 AppleWebKit/537.36 (KHTML, like Gecko; compatible; ClaudeBot/1.0; +claudebot@anthropic.com)" "-"
