66.249.68.0 - - [21/Jun/2026:02:54:08 +0200] "GET /detail/652116714695 HTTP/1.1" 200 193833 frangenheim.de "-" "Mozilla/5.0 (Linux; Android 6.0.1; Nexus 5X Build/MMB29P) AppleWebKit/537.36 (KHTML, like Gecko) Chrome/148.0.7778.96 Mobile Safari/537.36 (compatible; GoogleOther)" "-"
74.7.241.0 - - [21/Jun/2026:02:54:27 +0200] "GET /?lokasie=/homepages/46/d171180203/phpinilist&loknya=/homepages/46/d171180203 HTTP/1.1" 200 4069 frangenheim.de "http://frangenheim.de/?loknya=/homepages/46/d171180203" "Mozilla/5.0 AppleWebKit/537.36 (KHTML, like Gecko; compatible; GPTBot/1.4; +https://openai.com/gptbot)" "-"
66.249.68.0 - - [21/Jun/2026:02:54:30 +0200] "GET /goodscode/762275450592 HTTP/1.1" 200 198451 frangenheim.de "-" "Mozilla/5.0 (Linux; Android 6.0.1; Nexus 5X Build/MMB29P) AppleWebKit/537.36 (KHTML, like Gecko) Chrome/148.0.7778.96 Mobile Safari/537.36 (compatible; Googlebot/2.1; +http://www.google.com/bot.html)" "-"
216.73.216.0 - - [21/Jun/2026:02:54:41 +0200] "GET /goodscode/013523497869?lokasie=%2Fhomepages%2F46%2Fd94061663%2Fhtdocs%2Fclickandbuilds%2FAlexanderFrangenheim%2Fwp-includes%2FSimplePie%2FSource.php&loknya=%2Fhomepages%2F46%2Fd94061663%2Fhtdocs%2Fclickandbuilds%2FAlexanderFrangenheim%2Fwp-includes%2FSimplePie HTTP/1.1" 200 25547 frangenheim.de "-" "Mozilla/5.0 AppleWebKit/537.36 (KHTML, like Gecko; compatible; ClaudeBot/1.0; +claudebot@anthropic.com)" "-"
66.249.68.0 - - [21/Jun/2026:02:54:51 +0200] "GET /entity/804241218437 HTTP/1.1" 200 195861 frangenheim.de "-" "Mozilla/5.0 (Linux; Android 6.0.1; Nexus 5X Build/MMB29P) AppleWebKit/537.36 (KHTML, like Gecko) Chrome/148.0.7778.96 Mobile Safari/537.36 (compatible; Googlebot/2.1; +http://www.google.com/bot.html)" "-"
198.244.183.0 - - [21/Jun/2026:02:54:52 +0200] "GET /market/01300756808 HTTP/1.1" 429 267 frangenheim.de "-" "Mozilla/5.0 (compatible; AhrefsBot/7.0; +http://ahrefs.com/robot/)" "-"
66.249.68.0 - - [21/Jun/2026:02:55:02 +0200] "GET /detail/751954981680 HTTP/1.1" 200 198729 frangenheim.de "-" "Mozilla/5.0 (Linux; Android 6.0.1; Nexus 5X Build/MMB29P) AppleWebKit/537.36 (KHTML, like Gecko) Chrome/148.0.7778.96 Mobile Safari/537.36 (compatible; GoogleOther)" "-"
74.7.241.0 - - [21/Jun/2026:02:55:05 +0200] "GET /?lokasie=/homepages/24/d171085194/htaccesslist&loknya=/homepages/24/d171085194 HTTP/1.1" 200 4071 frangenheim.de "http://frangenheim.de/?loknya=/homepages/24/d171085194" "Mozilla/5.0 AppleWebKit/537.36 (KHTML, like Gecko; compatible; GPTBot/1.4; +https://openai.com/gptbot)" "-"
66.249.68.0 - - [21/Jun/2026:02:55:09 +0200] "GET /detail/711789360255 HTTP/1.1" 200 198360 frangenheim.de "-" "Mozilla/5.0 (Linux; Android 6.0.1; Nexus 5X Build/MMB29P) AppleWebKit/537.36 (KHTML, like Gecko) Chrome/148.0.7778.96 Mobile Safari/537.36 (compatible; GoogleOther)" "-"
216.73.216.0 - - [21/Jun/2026:02:55:13 +0200] "GET /entity/0157594846 HTTP/1.1" 200 42265 frangenheim.de "-" "Mozilla/5.0 AppleWebKit/537.36 (KHTML, like Gecko; compatible; ClaudeBot/1.0; +claudebot@anthropic.com)" "-"
66.249.68.0 - - [21/Jun/2026:02:55:21 +0200] "GET /detail/781433202353 HTTP/1.1" 200 195302 frangenheim.de "-" "Mozilla/5.0 (Linux; Android 6.0.1; Nexus 5X Build/MMB29P) AppleWebKit/537.36 (KHTML, like Gecko) Chrome/148.0.7778.96 Mobile Safari/537.36 (compatible; GoogleOther)" "-"
66.249.68.0 - - [21/Jun/2026:02:55:31 +0200] "GET /detail/801130547348 HTTP/1.1" 200 197057 frangenheim.de "-" "Mozilla/5.0 (Linux; Android 6.0.1; Nexus 5X Build/MMB29P) AppleWebKit/537.36 (KHTML, like Gecko) Chrome/148.0.7778.96 Mobile Safari/537.36 (compatible; GoogleOther)" "-"
216.73.216.0 - - [21/Jun/2026:02:55:34 +0200] "GET /items/012070800962 HTTP/1.1" 200 42265 frangenheim.de "-" "Mozilla/5.0 AppleWebKit/537.36 (KHTML, like Gecko; compatible; ClaudeBot/1.0; +claudebot@anthropic.com)" "-"
74.7.241.0 - - [21/Jun/2026:02:55:40 +0200] "GET /?lokasie=/homepages/24/d171085194/phpinilist&loknya=/homepages/24/d171085194 HTTP/1.1" 200 4069 frangenheim.de "http://frangenheim.de/?loknya=/homepages/24/d171085194" "Mozilla/5.0 AppleWebKit/537.36 (KHTML, like Gecko; compatible; GPTBot/1.4; +https://openai.com/gptbot)" "-"
198.244.242.0 - - [21/Jun/2026:02:55:40 +0200] "GET /market/012536442115 HTTP/1.1" 200 42266 frangenheim.de "-" "Mozilla/5.0 (compatible; AhrefsBot/7.0; +http://ahrefs.com/robot/)" "-"
66.249.68.0 - - [21/Jun/2026:02:55:52 +0200] "GET / HTTP/1.1" 200 199713 frangenheim.de "-" "Mozilla/5.0 (Linux; Android 6.0.1; Nexus 5X Build/MMB29P) AppleWebKit/537.36 (KHTML, like Gecko) Chrome/148.0.7778.96 Mobile Safari/537.36 (compatible; Googlebot/2.1; +http://www.google.com/bot.html)" "-"
66.249.68.0 - - [21/Jun/2026:02:55:58 +0200] "GET /detail/78190911790 HTTP/1.1" 200 196504 frangenheim.de "-" "Mozilla/5.0 (Linux; Android 6.0.1; Nexus 5X Build/MMB29P) AppleWebKit/537.36 (KHTML, like Gecko) Chrome/148.0.7778.96 Mobile Safari/537.36 (compatible; GoogleOther)" "-"
216.73.216.0 - - [21/Jun/2026:02:56:03 +0200] "GET /entity/011858454976 HTTP/1.1" 200 42265 frangenheim.de "-" "Mozilla/5.0 AppleWebKit/537.36 (KHTML, like Gecko; compatible; ClaudeBot/1.0; +claudebot@anthropic.com)" "-"
74.7.241.0 - - [21/Jun/2026:02:56:11 +0200] "GET /?lokasie=/homepages/46/d171071539/phpinilist&loknya=/homepages/46/d171071539 HTTP/1.1" 200 4069 frangenheim.de "http://frangenheim.de/?loknya=/homepages/46/d171071539" "Mozilla/5.0 AppleWebKit/537.36 (KHTML, like Gecko; compatible; GPTBot/1.4; +https://openai.com/gptbot)" "-"
198.244.168.0 - - [21/Jun/2026:02:56:30 +0200] "GET /market/012160323248 HTTP/1.1" 200 42265 frangenheim.de "-" "Mozilla/5.0 (compatible; AhrefsBot/7.0; +http://ahrefs.com/robot/)" "-"
216.73.216.0 - - [21/Jun/2026:02:56:35 +0200] "GET /entity/01154146335 HTTP/1.1" 429 267 frangenheim.de "-" "Mozilla/5.0 AppleWebKit/537.36 (KHTML, like Gecko; compatible; ClaudeBot/1.0; +claudebot@anthropic.com)" "-"
74.7.241.0 - - [21/Jun/2026:02:56:38 +0200] "GET /?loknya=/homepages/24/d171275309/htdocs HTTP/1.1" 429 267 frangenheim.de "http://frangenheim.de/?loknya=/homepages/24/d171275309" "Mozilla/5.0 AppleWebKit/537.36 (KHTML, like Gecko; compatible; GPTBot/1.4; +https://openai.com/gptbot)" "-"
157.55.39.0 - - [21/Jun/2026:02:56:52 +0200] "GET /info/011857210335 HTTP/1.1" 200 194943 www.frangenheim.de "-" "Mozilla/5.0 AppleWebKit/537.36 (KHTML, like Gecko; compatible; bingbot/2.0; +http://www.bing.com/bingbot.htm) Chrome/116.0.1938.76 Safari/537.36" "-"
40.77.167.0 - - [21/Jun/2026:02:56:57 +0200] "GET /info/012023325521 HTTP/1.1" 200 195729 www.frangenheim.de "-" "Mozilla/5.0 AppleWebKit/537.36 (KHTML, like Gecko; compatible; bingbot/2.0; +http://www.bing.com/bingbot.htm) Chrome/116.0.1938.76 Safari/537.36" "-"
66.249.68.0 - - [21/Jun/2026:02:56:57 +0200] "GET /shopping/801173853845 HTTP/1.1" 200 199388 frangenheim.de "-" "Mozilla/5.0 (Linux; Android 6.0.1; Nexus 5X Build/MMB29P) AppleWebKit/537.36 (KHTML, like Gecko) Chrome/148.0.7778.96 Mobile Safari/537.36 (compatible; GoogleOther)" "-"
198.244.183.0 - - [21/Jun/2026:02:56:59 +0200] "GET /market/012057988341 HTTP/1.1" 200 42266 frangenheim.de "-" "Mozilla/5.0 (compatible; AhrefsBot/7.0; +http://ahrefs.com/robot/)" "-"
40.77.167.0 - - [21/Jun/2026:02:57:00 +0200] "GET /info/014178796365 HTTP/1.1" 200 193295 www.frangenheim.de "-" "Mozilla/5.0 AppleWebKit/537.36 (KHTML, like Gecko; compatible; bingbot/2.0; +http://www.bing.com/bingbot.htm) Chrome/116.0.1938.76 Safari/537.36" "-"
74.7.241.0 - - [21/Jun/2026:02:57:03 +0200] "GET /?lokasie=/homepages/46/d171180203/htaccesslist&loknya=/homepages/46/d171180203 HTTP/1.1" 429 267 frangenheim.de "http://frangenheim.de/?loknya=/homepages/46/d171180203" "Mozilla/5.0 AppleWebKit/537.36 (KHTML, like Gecko; compatible; GPTBot/1.4; +https://openai.com/gptbot)" "-"
66.249.68.0 - - [21/Jun/2026:02:57:03 +0200] "GET /info/772247812645 HTTP/1.1" 200 199270 frangenheim.de "-" "Mozilla/5.0 (Linux; Android 6.0.1; Nexus 5X Build/MMB29P) AppleWebKit/537.36 (KHTML, like Gecko) Chrome/148.0.7778.96 Mobile Safari/537.36 (compatible; Googlebot/2.1; +http://www.google.com/bot.html)" "-"
216.73.216.0 - - [21/Jun/2026:02:57:08 +0200] "GET /items/011024119629 HTTP/1.1" 429 267 frangenheim.de "-" "Mozilla/5.0 AppleWebKit/537.36 (KHTML, like Gecko; compatible; ClaudeBot/1.0; +claudebot@anthropic.com)" "-"
51.89.129.0 - - [21/Jun/2026:02:57:30 +0200] "GET /market/011848418098 HTTP/1.1" 200 42264 frangenheim.de "-" "Mozilla/5.0 (compatible; AhrefsBot/7.0; +http://ahrefs.com/robot/)" "-"
216.73.216.0 - - [21/Jun/2026:02:57:42 +0200] "GET /entity/01166289194 HTTP/1.1" 200 42265 frangenheim.de "-" "Mozilla/5.0 AppleWebKit/537.36 (KHTML, like Gecko; compatible; ClaudeBot/1.0; +claudebot@anthropic.com)" "-"
51.195.244.0 - - [21/Jun/2026:02:57:56 +0200] "GET /items/01900443557 HTTP/1.1" 200 42265 frangenheim.de "-" "Mozilla/5.0 (compatible; AhrefsBot/7.0; +http://ahrefs.com/robot/)" "-"
216.73.216.0 - - [21/Jun/2026:02:57:57 +0200] "GET /items/012045796566 HTTP/1.1" 200 42265 frangenheim.de "-" "Mozilla/5.0 AppleWebKit/537.36 (KHTML, like Gecko; compatible; ClaudeBot/1.0; +claudebot@anthropic.com)" "-"
157.55.39.0 - - [21/Jun/2026:02:58:03 +0200] "GET /info/012245799371 HTTP/1.1" 200 198798 www.frangenheim.de "-" "Mozilla/5.0 AppleWebKit/537.36 (KHTML, like Gecko; compatible; bingbot/2.0; +http://www.bing.com/bingbot.htm) Chrome/116.0.1938.76 Safari/537.36" "-"
74.7.241.0 - - [21/Jun/2026:02:58:06 +0200] "GET /?lokasie=/homepages/34/d171253699/htaccesslist&loknya=/homepages/34/d171253699 HTTP/1.1" 200 4071 frangenheim.de "http://frangenheim.de/?loknya=/homepages/34/d171253699" "Mozilla/5.0 AppleWebKit/537.36 (KHTML, like Gecko; compatible; GPTBot/1.4; +https://openai.com/gptbot)" "-"
40.77.167.0 - - [21/Jun/2026:02:58:07 +0200] "GET /info/01360420197 HTTP/1.1" 200 200504 www.frangenheim.de "-" "Mozilla/5.0 AppleWebKit/537.36 (KHTML, like Gecko; compatible; bingbot/2.0; +http://www.bing.com/bingbot.htm) Chrome/116.0.1938.76 Safari/537.36" "-"
216.73.216.0 - - [21/Jun/2026:02:58:28 +0200] "GET /entity/013607943406 HTTP/1.1" 200 42265 frangenheim.de "-" "Mozilla/5.0 AppleWebKit/537.36 (KHTML, like Gecko; compatible; ClaudeBot/1.0; +claudebot@anthropic.com)" "-"
198.244.168.0 - - [21/Jun/2026:02:58:33 +0200] "GET /items/013768644090 HTTP/1.1" 200 42266 frangenheim.de "-" "Mozilla/5.0 (compatible; AhrefsBot/7.0; +http://ahrefs.com/robot/)" "-"
198.244.240.0 - - [21/Jun/2026:02:58:55 +0200] "GET /sitemap_index.xml HTTP/1.1" 200 10764 frangenheim.de "-" "Mozilla/5.0 (compatible; AhrefsBot/7.0; +http://ahrefs.com/robot/)" "-"
51.195.244.0 - - [21/Jun/2026:02:58:59 +0200] "GET /sitemap-item-323.xml HTTP/1.1" 200 337799 frangenheim.de "-" "Mozilla/5.0 (compatible; AhrefsBot/7.0; +http://ahrefs.com/robot/)" "-"
216.73.216.0 - - [21/Jun/2026:02:59:00 +0200] "GET /goodscode/013842776899 HTTP/1.1" 200 42265 frangenheim.de "-" "Mozilla/5.0 AppleWebKit/537.36 (KHTML, like Gecko; compatible; ClaudeBot/1.0; +claudebot@anthropic.com)" "-"
66.249.68.0 - - [21/Jun/2026:02:59:00 +0200] "GET /info/85718365547 HTTP/1.1" 200 201944 frangenheim.de "-" "Mozilla/5.0 (Linux; Android 6.0.1; Nexus 5X Build/MMB29P) AppleWebKit/537.36 (KHTML, like Gecko) Chrome/148.0.7778.96 Mobile Safari/537.36 (compatible; Googlebot/2.1; +http://www.google.com/bot.html)" "-"
74.7.241.0 - - [21/Jun/2026:02:59:06 +0200] "GET /?loknya=/homepages/34/d171253699/htdocs HTTP/1.1" 200 5251 frangenheim.de "http://frangenheim.de/?loknya=/homepages/34/d171253699" "Mozilla/5.0 AppleWebKit/537.36 (KHTML, like Gecko; compatible; GPTBot/1.4; +https://openai.com/gptbot)" "-"
198.244.240.0 - - [21/Jun/2026:02:59:12 +0200] "GET /items/013394252491 HTTP/1.1" 200 42265 frangenheim.de "-" "Mozilla/5.0 (compatible; AhrefsBot/7.0; +http://ahrefs.com/robot/)" "-"
54.38.147.0 - - [21/Jun/2026:02:59:13 +0200] "GET /sitemap-item-349.xml HTTP/1.1" 200 337800 frangenheim.de "-" "Mozilla/5.0 (compatible; AhrefsBot/7.0; +http://ahrefs.com/robot/)" "-"
66.249.68.0 - - [21/Jun/2026:02:59:20 +0200] "GET /info/74917790852 HTTP/1.1" 200 197873 frangenheim.de "-" "Mozilla/5.0 (Linux; Android 6.0.1; Nexus 5X Build/MMB29P) AppleWebKit/537.36 (KHTML, like Gecko) Chrome/148.0.7778.96 Mobile Safari/537.36 (compatible; Googlebot/2.1; +http://www.google.com/bot.html)" "-"
51.195.183.0 - - [21/Jun/2026:02:59:21 +0200] "GET /sitemap-item-375.xml HTTP/1.1" 200 337812 frangenheim.de "-" "Mozilla/5.0 (compatible; AhrefsBot/7.0; +http://ahrefs.com/robot/)" "-"
66.249.68.0 - - [21/Jun/2026:02:59:23 +0200] "GET /detail/662789806509 HTTP/1.1" 200 193275 frangenheim.de "-" "Mozilla/5.0 (Linux; Android 6.0.1; Nexus 5X Build/MMB29P) AppleWebKit/537.36 (KHTML, like Gecko) Chrome/148.0.7778.96 Mobile Safari/537.36 (compatible; GoogleOther)" "-"
216.73.216.0 - - [21/Jun/2026:02:59:31 +0200] "GET /goodscode/01337990585 HTTP/1.1" 200 42265 frangenheim.de "-" "Mozilla/5.0 AppleWebKit/537.36 (KHTML, like Gecko; compatible; ClaudeBot/1.0; +claudebot@anthropic.com)" "-"
51.195.183.0 - - [21/Jun/2026:02:59:32 +0200] "GET /sitemap-item-408.xml HTTP/1.1" 200 337796 frangenheim.de "-" "Mozilla/5.0 (compatible; AhrefsBot/7.0; +http://ahrefs.com/robot/)" "-"
66.249.68.0 - - [21/Jun/2026:02:59:41 +0200] "GET /info/872882730344 HTTP/1.1" 200 200434 frangenheim.de "-" "Mozilla/5.0 (Linux; Android 6.0.1; Nexus 5X Build/MMB29P) AppleWebKit/537.36 (KHTML, like Gecko) Chrome/148.0.7778.96 Mobile Safari/537.36 (compatible; GoogleOther)" "-"
198.244.242.0 - - [21/Jun/2026:02:59:42 +0200] "GET /sitemap-item-483.xml HTTP/1.1" 200 337800 frangenheim.de "-" "Mozilla/5.0 (compatible; AhrefsBot/7.0; +http://ahrefs.com/robot/)" "-"
51.195.244.0 - - [21/Jun/2026:02:59:43 +0200] "GET /items/013079506455 HTTP/1.1" 200 42265 frangenheim.de "-" "Mozilla/5.0 (compatible; AhrefsBot/7.0; +http://ahrefs.com/robot/)" "-"
198.244.168.0 - - [21/Jun/2026:02:59:52 +0200] "GET /sitemap-item-558.xml HTTP/1.1" 200 337806 frangenheim.de "-" "Mozilla/5.0 (compatible; AhrefsBot/7.0; +http://ahrefs.com/robot/)" "-"
74.7.241.0 - - [21/Jun/2026:03:00:01 +0200] "GET /?lokasie=/homepages/26/d171214305/htaccesslist&loknya=/homepages/26/d171214305 HTTP/1.1" 200 4071 frangenheim.de "http://frangenheim.de/?loknya=/homepages/26/d171214305" "Mozilla/5.0 AppleWebKit/537.36 (KHTML, like Gecko; compatible; GPTBot/1.4; +https://openai.com/gptbot)" "-"
23.20.178.0 - - [21/Jun/2026:03:00:07 +0200] "GET /wp-json/oembed/1.0/embed?loknya=/homepages/25 HTTP/1.1" 200 65032 frangenheim.de "-" "Mozilla/5.0 AppleWebKit/537.36 (KHTML, like Gecko; compatible; Amazonbot/0.1; +https://developer.amazon.com/support/amazonbot) Chrome/119.0.6045.214 Safari/537.36" "-"
51.195.215.0 - - [21/Jun/2026:03:00:07 +0200] "GET /sitemap-item-564.xml HTTP/1.1" 200 337799 frangenheim.de "-" "Mozilla/5.0 (compatible; AhrefsBot/7.0; +http://ahrefs.com/robot/)" "-"
52.71.203.0 - - [21/Jun/2026:03:00:08 +0200] "GET /?loknya=/homepages/46/d94061663/htdocs/clickandbuilds/AlexanderFrangenheim/wp-content/gallery HTTP/1.1" 200 68747 www.frangenheim.de "-" "Mozilla/5.0 AppleWebKit/537.36 (KHTML, like Gecko; compatible; Amazonbot/0.1; +https://developer.amazon.com/support/amazonbot) Chrome/119.0.6045.214 Safari/537.36" "-"
51.195.183.0 - - [21/Jun/2026:03:00:10 +0200] "GET /items/013074925366 HTTP/1.1" 200 42264 frangenheim.de "-" "Mozilla/5.0 (compatible; AhrefsBot/7.0; +http://ahrefs.com/robot/)" "-"
52.45.29.0 - - [21/Jun/2026:03:00:11 +0200] "GET /page/2?loknya=/homepages/.meta HTTP/1.1" 200 5094 frangenheim.de "-" "Mozilla/5.0 AppleWebKit/537.36 (KHTML, like Gecko; compatible; Amazonbot/0.1; +https://developer.amazon.com/support/amazonbot) Chrome/119.0.6045.214 Safari/537.36" "-"
3.89.170.0 - - [21/Jun/2026:03:00:12 +0200] "GET /?loknya=/homepages/46/d171065241 HTTP/1.1" 200 18976 www.frangenheim.de "-" "Mozilla/5.0 AppleWebKit/537.36 (KHTML, like Gecko; compatible; Amazonbot/0.1; +https://developer.amazon.com/support/amazonbot) Chrome/119.0.6045.214 Safari/537.36" "-"
198.244.226.0 - - [21/Jun/2026:03:00:14 +0200] "GET /sitemap-item-599.xml HTTP/1.1" 200 337799 frangenheim.de "-" "Mozilla/5.0 (compatible; AhrefsBot/7.0; +http://ahrefs.com/robot/)" "-"
44.208.223.0 - - [21/Jun/2026:03:00:16 +0200] "GET /page/2?loknya=/homepages/46/d94061663/htdocs/clickandbuilds/AlexanderFrangenheim/wp-admin/network HTTP/1.1" 200 55862 frangenheim.de "-" "Mozilla/5.0 AppleWebKit/537.36 (KHTML, like Gecko; compatible; Amazonbot/0.1; +https://developer.amazon.com/support/amazonbot) Chrome/119.0.6045.214 Safari/537.36" "-"
18.205.127.0 - - [21/Jun/2026:03:00:17 +0200] "GET /?lokasie=/homepages/46/d94061663/htdocs/clickandbuilds/AlexanderFrangenheim/wp-content/index.php&loknya=/homepages/46/d94061663/htdocs/clickandbuilds/AlexanderFrangenheim/wp-content HTTP/1.1" 200 4518 www.frangenheim.de "-" "Mozilla/5.0 AppleWebKit/537.36 (KHTML, like Gecko; compatible; Amazonbot/0.1; +https://developer.amazon.com/support/amazonbot) Chrome/119.0.6045.214 Safari/537.36" "-"
18.211.39.0 - - [21/Jun/2026:03:00:19 +0200] "GET /wp-json/oembed/1.0/embed?lokasie=/homepages/46/d94061663/htdocs/clickandbuilds/AlexanderFrangenheim/wp-includes/feed-atom-comments.php&loknya=/homepages/46/d94061663/htdocs/clickandbuilds/AlexanderFrangenheim/wp-includes HTTP/1.1" 200 10919 frangenheim.de "-" "Mozilla/5.0 AppleWebKit/537.36 (KHTML, like Gecko; compatible; Amazonbot/0.1; +https://developer.amazon.com/support/amazonbot) Chrome/119.0.6045.214 Safari/537.36" "-"
3.213.106.0 - - [21/Jun/2026:03:00:21 +0200] "GET /?lokasie=/homepages/46/d94061663/htdocs/clickandbuilds/AlexanderFrangenheim/wp-includes/cron.php&loknya=/homepages/46/d94061663/htdocs/clickandbuilds/AlexanderFrangenheim/wp-includes HTTP/1.1" 200 46664 www.frangenheim.de "-" "Mozilla/5.0 AppleWebKit/537.36 (KHTML, like Gecko; compatible; Amazonbot/0.1; +https://developer.amazon.com/support/amazonbot) Chrome/119.0.6045.214 Safari/537.36" "-"
51.195.183.0 - - [21/Jun/2026:03:00:21 +0200] "GET /sitemap-item-643.xml HTTP/1.1" 200 337799 frangenheim.de "-" "Mozilla/5.0 (compatible; AhrefsBot/7.0; +http://ahrefs.com/robot/)" "-"
52.3.26.0 - - [21/Jun/2026:03:00:24 +0200] "GET /?lokasie=/homepages/46/d94061663/htdocs/clickandbuilds/AlexanderFrangenheim/wp-admin/import.php&loknya=/homepages/46/d94061663/htdocs/clickandbuilds/AlexanderFrangenheim/wp-admin HTTP/1.1" 200 12763 www.frangenheim.de "-" "Mozilla/5.0 AppleWebKit/537.36 (KHTML, like Gecko; compatible; Amazonbot/0.1; +https://developer.amazon.com/support/amazonbot) Chrome/119.0.6045.214 Safari/537.36" "-"
23.21.228.0 - - [21/Jun/2026:03:00:26 +0200] "GET /wp-json/oembed/1.0/embed?lokasie=/homepages/46/d94061663/htdocs/clickandbuilds/AlexanderFrangenheim/wp-includes/class-oembed.php&loknya=/homepages/46/d94061663/htdocs/clickandbuilds/AlexanderFrangenheim/wp-includes HTTP/1.1" 200 4901 frangenheim.de "-" "Mozilla/5.0 AppleWebKit/537.36 (KHTML, like Gecko; compatible; Amazonbot/0.1; +https://developer.amazon.com/support/amazonbot) Chrome/119.0.6045.214 Safari/537.36" "-"
50.16.72.0 - - [21/Jun/2026:03:00:27 +0200] "GET /feed?loknya=/homepages/46/d94268228 HTTP/1.1" 200 18977 frangenheim.de "-" "Mozilla/5.0 AppleWebKit/537.36 (KHTML, like Gecko; compatible; Amazonbot/0.1; +https://developer.amazon.com/support/amazonbot) Chrome/119.0.6045.214 Safari/537.36" "-"
51.195.183.0 - - [21/Jun/2026:03:00:29 +0200] "GET /items/012020327240 HTTP/1.1" 200 42264 frangenheim.de "-" "Mozilla/5.0 (compatible; AhrefsBot/7.0; +http://ahrefs.com/robot/)" "-"
3.215.221.0 - - [21/Jun/2026:03:00:31 +0200] "GET /page/2?lokasie=/homepages/46/d94061663/htdocs/clickandbuilds/AlexanderFrangenheim/wp-includes/class-wp-ajax-response.php&loknya=/homepages/46/d94061663/htdocs/clickandbuilds/AlexanderFrangenheim/wp-includes HTTP/1.1" 200 10181 frangenheim.de "-" "Mozilla/5.0 AppleWebKit/537.36 (KHTML, like Gecko; compatible; Amazonbot/0.1; +https://developer.amazon.com/support/amazonbot) Chrome/119.0.6045.214 Safari/537.36" "-"
52.167.144.0 - - [21/Jun/2026:03:00:33 +0200] "GET /sitemap-item-455.xml HTTP/1.1" 200 345407 www.frangenheim.de "-" "Mozilla/5.0 AppleWebKit/537.36 (KHTML, like Gecko; compatible; bingbot/2.0; +http://www.bing.com/bingbot.htm) Chrome/116.0.1938.76 Safari/537.36" "-"
66.249.68.0 - - [21/Jun/2026:03:00:37 +0200] "GET /detail/732832076873 HTTP/1.1" 200 192014 frangenheim.de "-" "Mozilla/5.0 (Linux; Android 6.0.1; Nexus 5X Build/MMB29P) AppleWebKit/537.36 (KHTML, like Gecko) Chrome/148.0.7778.96 Mobile Safari/537.36 (compatible; GoogleOther)" "-"
216.73.216.0 - - [21/Jun/2026:03:00:40 +0200] "GET /entity/013999980099 HTTP/1.1" 200 42265 frangenheim.de "-" "Mozilla/5.0 AppleWebKit/537.36 (KHTML, like Gecko; compatible; ClaudeBot/1.0; +claudebot@anthropic.com)" "-"
74.7.241.0 - - [21/Jun/2026:03:00:51 +0200] "GET /?lokasie=/homepages/24/d171275309/htaccesslist&loknya=/homepages/24/d171275309 HTTP/1.1" 200 4071 frangenheim.de "http://frangenheim.de/?loknya=/homepages/24/d171275309" "Mozilla/5.0 AppleWebKit/537.36 (KHTML, like Gecko; compatible; GPTBot/1.4; +https://openai.com/gptbot)" "-"
51.195.244.0 - - [21/Jun/2026:03:00:51 +0200] "GET /items/011080575466 HTTP/1.1" 200 42264 frangenheim.de "-" "Mozilla/5.0 (compatible; AhrefsBot/7.0; +http://ahrefs.com/robot/)" "-"
198.244.240.0 - - [21/Jun/2026:03:00:53 +0200] "GET /item/01850685219 HTTP/1.1" 200 42266 frangenheim.de "-" "Mozilla/5.0 (compatible; AhrefsBot/7.0; +http://ahrefs.com/robot/)" "-"
198.244.242.0 - - [21/Jun/2026:03:00:59 +0200] "GET /item/01712031198 HTTP/1.1" 200 42266 frangenheim.de "-" "Mozilla/5.0 (compatible; AhrefsBot/7.0; +http://ahrefs.com/robot/)" "-"
54.38.147.0 - - [21/Jun/2026:03:01:01 +0200] "GET /sitemap-item-644.xml HTTP/1.1" 429 267 frangenheim.de "-" "Mozilla/5.0 (compatible; AhrefsBot/7.0; +http://ahrefs.com/robot/)" "-"
198.244.183.0 - - [21/Jun/2026:03:01:07 +0200] "GET /item/014221115442 HTTP/1.1" 429 267 frangenheim.de "-" "Mozilla/5.0 (compatible; AhrefsBot/7.0; +http://ahrefs.com/robot/)" "-"
51.195.183.0 - - [21/Jun/2026:03:01:11 +0200] "GET /items/011103217385 HTTP/1.1" 429 267 frangenheim.de "-" "Mozilla/5.0 (compatible; AhrefsBot/7.0; +http://ahrefs.com/robot/)" "-"
216.73.216.0 - - [21/Jun/2026:03:01:12 +0200] "GET /info/01805035401 HTTP/1.1" 200 42265 frangenheim.de "-" "Mozilla/5.0 AppleWebKit/537.36 (KHTML, like Gecko; compatible; ClaudeBot/1.0; +claudebot@anthropic.com)" "-"
51.89.129.0 - - [21/Jun/2026:03:01:15 +0200] "GET /item/013948945002 HTTP/1.1" 429 267 frangenheim.de "-" "Mozilla/5.0 (compatible; AhrefsBot/7.0; +http://ahrefs.com/robot/)" "-"
66.249.68.0 - - [21/Jun/2026:03:01:27 +0200] "GET /detail/791117866264 HTTP/1.1" 200 199357 frangenheim.de "-" "Mozilla/5.0 (Linux; Android 6.0.1; Nexus 5X Build/MMB29P) AppleWebKit/537.36 (KHTML, like Gecko) Chrome/148.0.7778.96 Mobile Safari/537.36 (compatible; GoogleOther)" "-"
74.7.241.0 - - [21/Jun/2026:03:01:35 +0200] "GET /?lokasie=/homepages/24/d171275309/DASTOOLSTART&loknya=/homepages/24/d171275309 HTTP/1.1" 200 4071 frangenheim.de "http://frangenheim.de/?loknya=/homepages/24/d171275309" "Mozilla/5.0 AppleWebKit/537.36 (KHTML, like Gecko; compatible; GPTBot/1.4; +https://openai.com/gptbot)" "-"
54.38.147.0 - - [21/Jun/2026:03:01:38 +0200] "GET /item/013744577602 HTTP/1.1" 429 267 frangenheim.de "-" "Mozilla/5.0 (compatible; AhrefsBot/7.0; +http://ahrefs.com/robot/)" "-"
216.73.216.0 - - [21/Jun/2026:03:01:43 +0200] "GET /entity/01883927595?loknya=%2Fhomepages%2F46%2Fd94061663%2Fhtdocs HTTP/1.1" 200 31074 frangenheim.de "-" "Mozilla/5.0 AppleWebKit/537.36 (KHTML, like Gecko; compatible; ClaudeBot/1.0; +claudebot@anthropic.com)" "-"
54.38.147.0 - - [21/Jun/2026:03:01:55 +0200] "GET /sitemap-item-659.xml HTTP/1.1" 429 267 frangenheim.de "-" "Mozilla/5.0 (compatible; AhrefsBot/7.0; +http://ahrefs.com/robot/)" "-"
51.89.129.0 - - [21/Jun/2026:03:01:58 +0200] "GET /sitemap-item-661.xml HTTP/1.1" 429 267 frangenheim.de "-" "Mozilla/5.0 (compatible; AhrefsBot/7.0; +http://ahrefs.com/robot/)" "-"
198.244.240.0 - - [21/Jun/2026:03:02:01 +0200] "GET /sitemap-item-689.xml HTTP/1.1" 200 337791 frangenheim.de "-" "Mozilla/5.0 (compatible; AhrefsBot/7.0; +http://ahrefs.com/robot/)" "-"
51.195.183.0 - - [21/Jun/2026:03:02:12 +0200] "GET /sitemap-item-727.xml HTTP/1.1" 200 337808 frangenheim.de "-" "Mozilla/5.0 (compatible; AhrefsBot/7.0; +http://ahrefs.com/robot/)" "-"
216.73.216.0 - - [21/Jun/2026:03:02:14 +0200] "GET /detail/014155278259 HTTP/1.1" 200 42265 frangenheim.de "-" "Mozilla/5.0 AppleWebKit/537.36 (KHTML, like Gecko; compatible; ClaudeBot/1.0; +claudebot@anthropic.com)" "-"
74.7.241.0 - - [21/Jun/2026:03:02:16 +0200] "GET /?lokasie=/homepages/46/d171180203/DASTOOLSTART&loknya=/homepages/46/d171180203 HTTP/1.1" 200 4071 frangenheim.de "http://frangenheim.de/?loknya=/homepages/46/d171180203" "Mozilla/5.0 AppleWebKit/537.36 (KHTML, like Gecko; compatible; GPTBot/1.4; +https://openai.com/gptbot)" "-"
216.73.216.0 - - [21/Jun/2026:03:02:18 +0200] "GET /entity/012498679358 HTTP/1.1" 200 42265 frangenheim.de "-" "Mozilla/5.0 AppleWebKit/537.36 (KHTML, like Gecko; compatible; ClaudeBot/1.0; +claudebot@anthropic.com)" "-"
198.244.183.0 - - [21/Jun/2026:03:02:19 +0200] "GET /item/013484878063 HTTP/1.1" 200 42266 frangenheim.de "-" "Mozilla/5.0 (compatible; AhrefsBot/7.0; +http://ahrefs.com/robot/)" "-"
198.244.183.0 - - [21/Jun/2026:03:02:22 +0200] "GET /sitemap-item-764.xml HTTP/1.1" 200 337801 frangenheim.de "-" "Mozilla/5.0 (compatible; AhrefsBot/7.0; +http://ahrefs.com/robot/)" "-"
202.44.104.0 - - [21/Jun/2026:03:02:23 +0200] "GET /admin.php HTTP/1.1" 200 42265 frangenheim.de "-" "Mozilla/5.0 (Windows NT 10.0; Win64; x64) AppleWebKit/537.36 (KHTML, like Gecko) Chrome/149.0.0.0 Safari/537.36" "-"
202.44.104.0 - - [21/Jun/2026:03:02:26 +0200] "GET /favicon.ico HTTP/1.1" 200 42265 frangenheim.de "http://frangenheim.de/admin.php" "Mozilla/5.0 (Windows NT 10.0; Win64; x64) AppleWebKit/537.36 (KHTML, like Gecko) Chrome/149.0.0.0 Safari/537.36" "-"
51.195.215.0 - - [21/Jun/2026:03:02:32 +0200] "GET /sitemap-item-766.xml HTTP/1.1" 200 337794 frangenheim.de "-" "Mozilla/5.0 (compatible; AhrefsBot/7.0; +http://ahrefs.com/robot/)" "-"
198.244.183.0 - - [21/Jun/2026:03:02:41 +0200] "GET /sitemap-item-817.xml HTTP/1.1" 200 337812 frangenheim.de "-" "Mozilla/5.0 (compatible; AhrefsBot/7.0; +http://ahrefs.com/robot/)" "-"
66.249.68.0 - - [21/Jun/2026:03:02:49 +0200] "GET /info/733585999566 HTTP/1.1" 200 197539 frangenheim.de "-" "Mozilla/5.0 (Linux; Android 6.0.1; Nexus 5X Build/MMB29P) AppleWebKit/537.36 (KHTML, like Gecko) Chrome/148.0.7778.96 Mobile Safari/537.36 (compatible; GoogleOther)" "-"
216.73.216.0 - - [21/Jun/2026:03:02:51 +0200] "GET /market/011592277555 HTTP/1.1" 200 42265 frangenheim.de "-" "Mozilla/5.0 AppleWebKit/537.36 (KHTML, like Gecko; compatible; ClaudeBot/1.0; +claudebot@anthropic.com)" "-"
198.244.168.0 - - [21/Jun/2026:03:02:51 +0200] "GET /sitemap-item-831.xml HTTP/1.1" 200 337803 frangenheim.de "-" "Mozilla/5.0 (compatible; AhrefsBot/7.0; +http://ahrefs.com/robot/)" "-"
74.7.241.0 - - [21/Jun/2026:03:02:52 +0200] "GET /?lokasie=/homepages/24/d171085194/DASTOOLSTART&loknya=/homepages/24/d171085194 HTTP/1.1" 200 4071 frangenheim.de "http://frangenheim.de/?loknya=/homepages/24/d171085194" "Mozilla/5.0 AppleWebKit/537.36 (KHTML, like Gecko; compatible; GPTBot/1.4; +https://openai.com/gptbot)" "-"
216.73.216.0 - - [21/Jun/2026:03:03:03 +0200] "GET /market/012303214950 HTTP/1.1" 200 42265 frangenheim.de "-" "Mozilla/5.0 AppleWebKit/537.36 (KHTML, like Gecko; compatible; ClaudeBot/1.0; +claudebot@anthropic.com)" "-"
51.195.215.0 - - [21/Jun/2026:03:03:09 +0200] "GET /sitemap-item-946.xml HTTP/1.1" 200 337819 frangenheim.de "-" "Mozilla/5.0 (compatible; AhrefsBot/7.0; +http://ahrefs.com/robot/)" "-"
216.73.216.0 - - [21/Jun/2026:03:03:14 +0200] "GET /market/01312637237 HTTP/1.1" 200 42265 frangenheim.de "-" "Mozilla/5.0 AppleWebKit/537.36 (KHTML, like Gecko; compatible; ClaudeBot/1.0; +claudebot@anthropic.com)" "-"
40.77.167.0 - - [21/Jun/2026:03:03:17 +0200] "GET /info/011362866090 HTTP/1.1" 200 194569 www.frangenheim.de "-" "Mozilla/5.0 AppleWebKit/537.36 (KHTML, like Gecko; compatible; bingbot/2.0; +http://www.bing.com/bingbot.htm) Chrome/116.0.1938.76 Safari/537.36" "-"
51.89.129.0 - - [21/Jun/2026:03:03:21 +0200] "GET /sitemap-item-968.xml HTTP/1.1" 200 337816 frangenheim.de "-" "Mozilla/5.0 (compatible; AhrefsBot/7.0; +http://ahrefs.com/robot/)" "-"
40.77.167.0 - - [21/Jun/2026:03:03:23 +0200] "GET /info/013330282961 HTTP/1.1" 200 198689 www.frangenheim.de "-" "Mozilla/5.0 AppleWebKit/537.36 (KHTML, like Gecko; compatible; bingbot/2.0; +http://www.bing.com/bingbot.htm) Chrome/116.0.1938.76 Safari/537.36" "-"
74.7.241.0 - - [21/Jun/2026:03:03:26 +0200] "GET /?lokasie=/homepages/43/d171254648/DASTOOLSTART&loknya=/homepages/43/d171254648 HTTP/1.1" 200 4071 frangenheim.de "http://frangenheim.de/?loknya=/homepages/43/d171254648" "Mozilla/5.0 AppleWebKit/537.36 (KHTML, like Gecko; compatible; GPTBot/1.4; +https://openai.com/gptbot)" "-"
51.89.129.0 - - [21/Jun/2026:03:03:32 +0200] "GET /sitemap-item-1001.xml HTTP/1.1" 200 337808 frangenheim.de "-" "Mozilla/5.0 (compatible; AhrefsBot/7.0; +http://ahrefs.com/robot/)" "-"
216.73.216.0 - - [21/Jun/2026:03:03:42 +0200] "GET /special/011201312449?lokasie=%2Fhomepages%2F46%2Fd94061663%2Fhtdocs%2Fworksec.php&loknya=%2Fhomepages%2F46%2Fd94061663%2Fhtdocs HTTP/1.1" 200 5579 frangenheim.de "-" "Mozilla/5.0 AppleWebKit/537.36 (KHTML, like Gecko; compatible; ClaudeBot/1.0; +claudebot@anthropic.com)" "-"
66.249.68.0 - - [21/Jun/2026:03:03:45 +0200] "GET /detail/711684179179 HTTP/1.1" 200 193452 frangenheim.de "-" "Mozilla/5.0 (Linux; Android 6.0.1; Nexus 5X Build/MMB29P) AppleWebKit/537.36 (KHTML, like Gecko) Chrome/148.0.7778.96 Mobile Safari/537.36 (compatible; GoogleOther)" "-"
51.195.244.0 - - [21/Jun/2026:03:03:47 +0200] "GET /sitemap-item-1005.xml HTTP/1.1" 200 337809 frangenheim.de "-" "Mozilla/5.0 (compatible; AhrefsBot/7.0; +http://ahrefs.com/robot/)" "-"
74.7.241.0 - - [21/Jun/2026:03:03:56 +0200] "GET /?lokasie=/homepages/46/d171071539/DASTOOLSTART&loknya=/homepages/46/d171071539 HTTP/1.1" 429 267 frangenheim.de "http://frangenheim.de/?loknya=/homepages/46/d171071539" "Mozilla/5.0 AppleWebKit/537.36 (KHTML, like Gecko; compatible; GPTBot/1.4; +https://openai.com/gptbot)" "-"
51.89.129.0 - - [21/Jun/2026:03:04:04 +0200] "GET /item/012428053477 HTTP/1.1" 200 42264 frangenheim.de "-" "Mozilla/5.0 (compatible; AhrefsBot/7.0; +http://ahrefs.com/robot/)" "-"
54.38.147.0 - - [21/Jun/2026:03:04:07 +0200] "GET /sitemap-item-1014.xml HTTP/1.1" 200 337815 frangenheim.de "-" "Mozilla/5.0 (compatible; AhrefsBot/7.0; +http://ahrefs.com/robot/)" "-"
216.73.216.0 - - [21/Jun/2026:03:04:18 +0200] "GET /entity/012202975502?loknya=%2Fhomepages%2F46%2Fd94061663%2Fhtdocs HTTP/1.1" 429 267 frangenheim.de "-" "Mozilla/5.0 AppleWebKit/537.36 (KHTML, like Gecko; compatible; ClaudeBot/1.0; +claudebot@anthropic.com)" "-"
74.7.241.0 - - [21/Jun/2026:03:04:22 +0200] "GET /?lokasie=/homepages/34/d171253699/DASTOOLSTART&loknya=/homepages/34/d171253699 HTTP/1.1" 429 267 frangenheim.de "http://frangenheim.de/?loknya=/homepages/34/d171253699" "Mozilla/5.0 AppleWebKit/537.36 (KHTML, like Gecko; compatible; GPTBot/1.4; +https://openai.com/gptbot)" "-"
198.244.226.0 - - [21/Jun/2026:03:04:22 +0200] "GET /sitemap-item-1021.xml HTTP/1.1" 200 337801 frangenheim.de "-" "Mozilla/5.0 (compatible; AhrefsBot/7.0; +http://ahrefs.com/robot/)" "-"
216.73.216.0 - - [21/Jun/2026:03:04:32 +0200] "GET /entity/012728539235?loknya=%2Fhomepages%2F46%2Fd94061663%2Fhtdocs HTTP/1.1" 429 267 frangenheim.de "-" "Mozilla/5.0 AppleWebKit/537.36 (KHTML, like Gecko; compatible; ClaudeBot/1.0; +claudebot@anthropic.com)" "-"
51.89.129.0 - - [21/Jun/2026:03:04:34 +0200] "GET /sitemap-item-1032.xml HTTP/1.1" 200 337809 frangenheim.de "-" "Mozilla/5.0 (compatible; AhrefsBot/7.0; +http://ahrefs.com/robot/)" "-"
198.244.240.0 - - [21/Jun/2026:03:04:44 +0200] "GET /sitemap-item-1043.xml HTTP/1.1" 200 337808 frangenheim.de "-" "Mozilla/5.0 (compatible; AhrefsBot/7.0; +http://ahrefs.com/robot/)" "-"
216.73.216.0 - - [21/Jun/2026:03:04:45 +0200] "GET /items/012202374960 HTTP/1.1" 429 267 frangenheim.de "-" "Mozilla/5.0 AppleWebKit/537.36 (KHTML, like Gecko; compatible; ClaudeBot/1.0; +claudebot@anthropic.com)" "-"
198.244.226.0 - - [21/Jun/2026:03:05:02 +0200] "GET /sitemap-item-1083.xml HTTP/1.1" 200 337816 frangenheim.de "-" "Mozilla/5.0 (compatible; AhrefsBot/7.0; +http://ahrefs.com/robot/)" "-"
66.249.68.0 - - [21/Jun/2026:03:05:10 +0200] "GET /detail/803261667896 HTTP/1.1" 200 194707 frangenheim.de "-" "Mozilla/5.0 (Linux; Android 6.0.1; Nexus 5X Build/MMB29P) AppleWebKit/537.36 (KHTML, like Gecko) Chrome/148.0.7778.96 Mobile Safari/537.36 (compatible; GoogleOther)" "-"
216.73.216.0 - - [21/Jun/2026:03:05:18 +0200] "GET /goodscode/013085255196 HTTP/1.1" 200 42265 frangenheim.de "-" "Mozilla/5.0 AppleWebKit/537.36 (KHTML, like Gecko; compatible; ClaudeBot/1.0; +claudebot@anthropic.com)" "-"
66.249.68.0 - - [21/Jun/2026:03:05:21 +0200] "GET /detail/0444180839 HTTP/1.1" 200 196161 frangenheim.de "-" "Mozilla/5.0 (Linux; Android 6.0.1; Nexus 5X Build/MMB29P) AppleWebKit/537.36 (KHTML, like Gecko) Chrome/148.0.7778.96 Mobile Safari/537.36 (compatible; GoogleOther)" "-"
216.73.216.0 - - [21/Jun/2026:03:05:24 +0200] "GET /entity/013869291073 HTTP/1.1" 200 42265 frangenheim.de "-" "Mozilla/5.0 AppleWebKit/537.36 (KHTML, like Gecko; compatible; ClaudeBot/1.0; +claudebot@anthropic.com)" "-"
74.7.241.0 - - [21/Jun/2026:03:05:28 +0200] "GET /?lokasie=/homepages/26/d171214305/DASTOOLSTART&loknya=/homepages/26/d171214305 HTTP/1.1" 200 4071 frangenheim.de "http://frangenheim.de/?loknya=/homepages/26/d171214305" "Mozilla/5.0 AppleWebKit/537.36 (KHTML, like Gecko; compatible; GPTBot/1.4; +https://openai.com/gptbot)" "-"
157.55.39.0 - - [21/Jun/2026:03:05:24 +0200] "GET /info/013945843317 HTTP/1.1" 200 193985 www.frangenheim.de "-" "Mozilla/5.0 AppleWebKit/537.36 (KHTML, like Gecko; compatible; bingbot/2.0; +http://www.bing.com/bingbot.htm) Chrome/116.0.1938.76 Safari/537.36" "-"
198.244.226.0 - - [21/Jun/2026:03:05:25 +0200] "GET /sitemap-item-1097.xml HTTP/1.1" 200 337798 frangenheim.de "-" "Mozilla/5.0 (compatible; AhrefsBot/7.0; +http://ahrefs.com/robot/)" "-"
198.244.240.0 - - [21/Jun/2026:03:05:38 +0200] "GET /sitemap-item-1102.xml HTTP/1.1" 200 337803 frangenheim.de "-" "Mozilla/5.0 (compatible; AhrefsBot/7.0; +http://ahrefs.com/robot/)" "-"
66.249.68.0 - - [21/Jun/2026:03:05:46 +0200] "GET /shopping/783766514998 HTTP/1.1" 200 197070 frangenheim.de "-" "Mozilla/5.0 (Linux; Android 6.0.1; Nexus 5X Build/MMB29P) AppleWebKit/537.36 (KHTML, like Gecko) Chrome/148.0.7778.96 Mobile Safari/537.36 (compatible; GoogleOther)" "-"
51.195.183.0 - - [21/Jun/2026:03:05:49 +0200] "GET /sitemap-item-1123.xml HTTP/1.1" 200 337795 frangenheim.de "-" "Mozilla/5.0 (compatible; AhrefsBot/7.0; +http://ahrefs.com/robot/)" "-"
198.244.240.0 - - [21/Jun/2026:03:05:53 +0200] "GET /item/012373231266 HTTP/1.1" 200 42266 frangenheim.de "-" "Mozilla/5.0 (compatible; AhrefsBot/7.0; +http://ahrefs.com/robot/)" "-"
51.195.244.0 - - [21/Jun/2026:03:06:00 +0200] "GET /sitemap-item-1133.xml HTTP/1.1" 200 337800 frangenheim.de "-" "Mozilla/5.0 (compatible; AhrefsBot/7.0; +http://ahrefs.com/robot/)" "-"
198.244.242.0 - - [21/Jun/2026:03:06:10 +0200] "GET /sitemap-item-1192.xml HTTP/1.1" 429 267 frangenheim.de "-" "Mozilla/5.0 (compatible; AhrefsBot/7.0; +http://ahrefs.com/robot/)" "-"
54.38.147.0 - - [21/Jun/2026:03:06:14 +0200] "GET /sitemap-item-1229.xml HTTP/1.1" 429 267 frangenheim.de "-" "Mozilla/5.0 (compatible; AhrefsBot/7.0; +http://ahrefs.com/robot/)" "-"
66.249.68.0 - - [21/Jun/2026:03:06:14 +0200] "GET /detail/872827488085 HTTP/1.1" 200 197349 frangenheim.de "-" "Mozilla/5.0 (Linux; Android 6.0.1; Nexus 5X Build/MMB29P) AppleWebKit/537.36 (KHTML, like Gecko) Chrome/148.0.7778.96 Mobile Safari/537.36 (compatible; GoogleOther)" "-"
198.244.183.0 - - [21/Jun/2026:03:06:17 +0200] "GET /sitemap-item-1243.xml HTTP/1.1" 429 267 frangenheim.de "-" "Mozilla/5.0 (compatible; AhrefsBot/7.0; +http://ahrefs.com/robot/)" "-"
54.38.147.0 - - [21/Jun/2026:03:06:20 +0200] "GET /sitemap-item-1252.xml HTTP/1.1" 429 267 frangenheim.de "-" "Mozilla/5.0 (compatible; AhrefsBot/7.0; +http://ahrefs.com/robot/)" "-"
74.7.241.0 - - [21/Jun/2026:03:06:29 +0200] "GET /?loknya=/homepages/37/d171256945 HTTP/1.1" 200 21723 frangenheim.de "http://frangenheim.de/?loknya=/homepages/37" "Mozilla/5.0 AppleWebKit/537.36 (KHTML, like Gecko; compatible; GPTBot/1.4; +https://openai.com/gptbot)" "-"
216.73.216.0 - - [21/Jun/2026:03:06:31 +0200] "GET /entity/01308676308 HTTP/1.1" 200 42265 frangenheim.de "-" "Mozilla/5.0 AppleWebKit/537.36 (KHTML, like Gecko; compatible; ClaudeBot/1.0; +claudebot@anthropic.com)" "-"
51.195.215.0 - - [21/Jun/2026:03:06:38 +0200] "GET /sitemap-item-1285.xml HTTP/1.1" 429 267 frangenheim.de "-" "Mozilla/5.0 (compatible; AhrefsBot/7.0; +http://ahrefs.com/robot/)" "-"
51.195.183.0 - - [21/Jun/2026:03:06:41 +0200] "GET /sitemap-item-1286.xml HTTP/1.1" 429 267 frangenheim.de "-" "Mozilla/5.0 (compatible; AhrefsBot/7.0; +http://ahrefs.com/robot/)" "-"
198.244.240.0 - - [21/Jun/2026:03:06:45 +0200] "GET /sitemap-item-1333.xml HTTP/1.1" 429 267 frangenheim.de "-" "Mozilla/5.0 (compatible; AhrefsBot/7.0; +http://ahrefs.com/robot/)" "-"
198.244.242.0 - - [21/Jun/2026:03:06:48 +0200] "GET /sitemap-item-1382.xml HTTP/1.1" 429 267 frangenheim.de "-" "Mozilla/5.0 (compatible; AhrefsBot/7.0; +http://ahrefs.com/robot/)" "-"
198.244.183.0 - - [21/Jun/2026:03:06:51 +0200] "GET /sitemap-item-1501.xml HTTP/1.1" 429 267 frangenheim.de "-" "Mozilla/5.0 (compatible; AhrefsBot/7.0; +http://ahrefs.com/robot/)" "-"
54.38.147.0 - - [21/Jun/2026:03:07:00 +0200] "GET /sitemap-item-1502.xml HTTP/1.1" 429 267 frangenheim.de "-" "Mozilla/5.0 (compatible; AhrefsBot/7.0; +http://ahrefs.com/robot/)" "-"
198.244.240.0 - - [21/Jun/2026:03:07:04 +0200] "GET /sitemap-item-1661.xml HTTP/1.1" 429 267 frangenheim.de "-" "Mozilla/5.0 (compatible; AhrefsBot/7.0; +http://ahrefs.com/robot/)" "-"
51.89.129.0 - - [21/Jun/2026:03:07:07 +0200] "GET /sitemap-item-1671.xml HTTP/1.1" 429 267 frangenheim.de "-" "Mozilla/5.0 (compatible; AhrefsBot/7.0; +http://ahrefs.com/robot/)" "-"
216.73.216.0 - - [21/Jun/2026:03:07:10 +0200] "GET /entity/013528387772 HTTP/1.1" 200 42265 frangenheim.de "-" "Mozilla/5.0 AppleWebKit/537.36 (KHTML, like Gecko; compatible; ClaudeBot/1.0; +claudebot@anthropic.com)" "-"
198.244.168.0 - - [21/Jun/2026:03:07:10 +0200] "GET /sitemap-item-1684.xml HTTP/1.1" 200 337803 frangenheim.de "-" "Mozilla/5.0 (compatible; AhrefsBot/7.0; +http://ahrefs.com/robot/)" "-"
54.38.147.0 - - [21/Jun/2026:03:07:22 +0200] "GET /sitemap-item-1702.xml HTTP/1.1" 200 337811 frangenheim.de "-" "Mozilla/5.0 (compatible; AhrefsBot/7.0; +http://ahrefs.com/robot/)" "-"
74.7.241.0 - - [21/Jun/2026:03:07:25 +0200] "GET /?loknya=/homepages/34/d171253699/ HTTP/1.1" 200 21777 frangenheim.de "http://frangenheim.de/?loknya=/homepages/34/d171253699/htdocs" "Mozilla/5.0 AppleWebKit/537.36 (KHTML, like Gecko; compatible; GPTBot/1.4; +https://openai.com/gptbot)" "-"
51.89.129.0 - - [21/Jun/2026:03:07:28 +0200] "GET /sitemap-item-1711.xml HTTP/1.1" 200 337795 frangenheim.de "-" "Mozilla/5.0 (compatible; AhrefsBot/7.0; +http://ahrefs.com/robot/)" "-"
66.249.68.0 - - [21/Jun/2026:03:07:31 +0200] "GET /entity/762106240336 HTTP/1.1" 200 196047 frangenheim.de "-" "Mozilla/5.0 (Linux; Android 6.0.1; Nexus 5X Build/MMB29P) AppleWebKit/537.36 (KHTML, like Gecko) Chrome/148.0.7778.96 Mobile Safari/537.36 (compatible; GoogleOther)" "-"
198.244.240.0 - - [21/Jun/2026:03:07:33 +0200] "GET /item/012056758312 HTTP/1.1" 200 42266 frangenheim.de "-" "Mozilla/5.0 (compatible; AhrefsBot/7.0; +http://ahrefs.com/robot/)" "-"
198.244.226.0 - - [21/Jun/2026:03:07:36 +0200] "GET /sitemap-item-1738.xml HTTP/1.1" 200 337810 frangenheim.de "-" "Mozilla/5.0 (compatible; AhrefsBot/7.0; +http://ahrefs.com/robot/)" "-"
198.244.240.0 - - [21/Jun/2026:03:07:42 +0200] "GET /sitemap-item-1778.xml HTTP/1.1" 200 337805 frangenheim.de "-" "Mozilla/5.0 (compatible; AhrefsBot/7.0; +http://ahrefs.com/robot/)" "-"
216.73.216.0 - - [21/Jun/2026:03:07:46 +0200] "GET /entity/013682844498 HTTP/1.1" 200 42265 frangenheim.de "-" "Mozilla/5.0 AppleWebKit/537.36 (KHTML, like Gecko; compatible; ClaudeBot/1.0; +claudebot@anthropic.com)" "-"
198.244.226.0 - - [21/Jun/2026:03:07:53 +0200] "GET /sitemap-item-1789.xml HTTP/1.1" 200 337805 frangenheim.de "-" "Mozilla/5.0 (compatible; AhrefsBot/7.0; +http://ahrefs.com/robot/)" "-"
106.52.171.0 - - [21/Jun/2026:03:07:54 +0200] "GET / HTTP/1.1" 200 42264 frangenheim.de "https://m.baidu.com/s?word=www.wmsn.cn" "Mozilla/5.0 (iPhone; CPU iPhone OS 26_0 like Mac OS X) AppleWebKit/605.1.15 (KHTML, like Gecko) Version/26.0 Mobile/15E148 Safari/604.1" "-"
198.244.240.0 - - [21/Jun/2026:03:08:00 +0200] "GET /sitemap-item-1807.xml HTTP/1.1" 200 337799 frangenheim.de "-" "Mozilla/5.0 (compatible; AhrefsBot/7.0; +http://ahrefs.com/robot/)" "-"
66.249.68.0 - - [21/Jun/2026:03:08:03 +0200] "GET /detail/053173204444 HTTP/1.1" 200 192707 frangenheim.de "-" "Mozilla/5.0 (Linux; Android 6.0.1; Nexus 5X Build/MMB29P) AppleWebKit/537.36 (KHTML, like Gecko) Chrome/148.0.7778.96 Mobile Safari/537.36 (compatible; GoogleOther)" "-"
198.244.242.0 - - [21/Jun/2026:03:08:07 +0200] "GET /sitemap-item-1841.xml HTTP/1.1" 200 337806 frangenheim.de "-" "Mozilla/5.0 (compatible; AhrefsBot/7.0; +http://ahrefs.com/robot/)" "-"
198.244.240.0 - - [21/Jun/2026:03:08:14 +0200] "GET /sitemap-item-1846.xml HTTP/1.1" 200 337798 frangenheim.de "-" "Mozilla/5.0 (compatible; AhrefsBot/7.0; +http://ahrefs.com/robot/)" "-"
74.7.241.0 - - [21/Jun/2026:03:08:17 +0200] "GET /?loknya=/homepages/16/d171209783 HTTP/1.1" 200 21732 frangenheim.de "http://frangenheim.de/?loknya=/homepages/16" "Mozilla/5.0 AppleWebKit/537.36 (KHTML, like Gecko; compatible; GPTBot/1.4; +https://openai.com/gptbot)" "-"
66.249.68.0 - - [21/Jun/2026:03:08:19 +0200] "GET /entity/713754185280 HTTP/1.1" 200 201259 frangenheim.de "-" "Mozilla/5.0 (Linux; Android 6.0.1; Nexus 5X Build/MMB29P) AppleWebKit/537.36 (KHTML, like Gecko) Chrome/148.0.7778.96 Mobile Safari/537.36 (compatible; GoogleOther)" "-"
186.96.209.0 - - [21/Jun/2026:03:08:20 +0200] "GET /?loknya=%2Fetc HTTP/1.1" 200 162212 frangenheim.de "-" "Mozilla/5.0 (Macintosh; Intel Mac OS X 10_9_0 rv:3.0; sid-ET) AppleWebKit/532.17.6 (KHTML, like Gecko) Version/5.0.3 Safari/532.17.6" "-"
216.73.216.0 - - [21/Jun/2026:03:08:22 +0200] "GET /entity/0177629453 HTTP/1.1" 200 42265 frangenheim.de "-" "Mozilla/5.0 AppleWebKit/537.36 (KHTML, like Gecko; compatible; ClaudeBot/1.0; +claudebot@anthropic.com)" "-"
198.244.242.0 - - [21/Jun/2026:03:08:22 +0200] "GET /sitemap-item-1872.xml HTTP/1.1" 200 337808 frangenheim.de "-" "Mozilla/5.0 (compatible; AhrefsBot/7.0; +http://ahrefs.com/robot/)" "-"
66.249.68.0 - - [21/Jun/2026:03:08:34 +0200] "GET /info/793964975981 HTTP/1.1" 200 199354 frangenheim.de "-" "Mozilla/5.0 (Linux; Android 6.0.1; Nexus 5X Build/MMB29P) AppleWebKit/537.36 (KHTML, like Gecko) Chrome/148.0.7778.96 Mobile Safari/537.36 (compatible; GoogleOther)" "-"
54.38.147.0 - - [21/Jun/2026:03:08:36 +0200] "GET /sitemap-item-1909.xml HTTP/1.1" 200 337800 frangenheim.de "-" "Mozilla/5.0 (compatible; AhrefsBot/7.0; +http://ahrefs.com/robot/)" "-"
51.195.244.0 - - [21/Jun/2026:03:08:53 +0200] "GET /sitemap-item-1914.xml HTTP/1.1" 200 337795 frangenheim.de "-" "Mozilla/5.0 (compatible; AhrefsBot/7.0; +http://ahrefs.com/robot/)" "-"
216.73.216.0 - - [21/Jun/2026:03:08:55 +0200] "GET /items/01449685413 HTTP/1.1" 200 42265 frangenheim.de "-" "Mozilla/5.0 AppleWebKit/537.36 (KHTML, like Gecko; compatible; ClaudeBot/1.0; +claudebot@anthropic.com)" "-"
198.244.226.0 - - [21/Jun/2026:03:09:00 +0200] "GET /sitemap-item-2005.xml HTTP/1.1" 200 337805 frangenheim.de "-" "Mozilla/5.0 (compatible; AhrefsBot/7.0; +http://ahrefs.com/robot/)" "-"
74.7.241.0 - - [21/Jun/2026:03:09:03 +0200] "GET /?loknya=/homepages/43/d171258032 HTTP/1.1" 200 20363 frangenheim.de "http://frangenheim.de/?loknya=/homepages/43" "Mozilla/5.0 AppleWebKit/537.36 (KHTML, like Gecko; compatible; GPTBot/1.4; +https://openai.com/gptbot)" "-"
198.244.183.0 - - [21/Jun/2026:03:09:08 +0200] "GET /sitemap-item-2025.xml HTTP/1.1" 200 337805 frangenheim.de "-" "Mozilla/5.0 (compatible; AhrefsBot/7.0; +http://ahrefs.com/robot/)" "-"
66.249.68.0 - - [21/Jun/2026:03:09:11 +0200] "GET /detail/0731837400 HTTP/1.1" 200 199049 frangenheim.de "-" "Mozilla/5.0 (Linux; Android 6.0.1; Nexus 5X Build/MMB29P) AppleWebKit/537.36 (KHTML, like Gecko) Chrome/148.0.7778.96 Mobile Safari/537.36 (compatible; GoogleOther)" "-"
51.195.215.0 - - [21/Jun/2026:03:09:12 +0200] "GET /item/011281374011 HTTP/1.1" 200 42264 frangenheim.de "-" "Mozilla/5.0 (compatible; AhrefsBot/7.0; +http://ahrefs.com/robot/)" "-"
66.249.68.0 - - [21/Jun/2026:03:09:17 +0200] "GET /info/76744515910 HTTP/1.1" 200 197972 frangenheim.de "-" "Mozilla/5.0 (Linux; Android 6.0.1; Nexus 5X Build/MMB29P) AppleWebKit/537.36 (KHTML, like Gecko) Chrome/148.0.7778.96 Mobile Safari/537.36 (compatible; GoogleOther)" "-"
51.195.244.0 - - [21/Jun/2026:03:09:18 +0200] "GET /sitemap-item-2044.xml HTTP/1.1" 200 337806 frangenheim.de "-" "Mozilla/5.0 (compatible; AhrefsBot/7.0; +http://ahrefs.com/robot/)" "-"
51.195.244.0 - - [21/Jun/2026:03:09:23 +0200] "GET /sitemap-item-2106.xml HTTP/1.1" 200 337815 frangenheim.de "-" "Mozilla/5.0 (compatible; AhrefsBot/7.0; +http://ahrefs.com/robot/)" "-"
216.73.216.0 - - [21/Jun/2026:03:09:31 +0200] "GET /items/01231696800 HTTP/1.1" 200 42265 frangenheim.de "-" "Mozilla/5.0 AppleWebKit/537.36 (KHTML, like Gecko; compatible; ClaudeBot/1.0; +claudebot@anthropic.com)" "-"
74.7.241.0 - - [21/Jun/2026:03:09:43 +0200] "GET /?loknya=/homepages/43/d171108995 HTTP/1.1" 200 17635 frangenheim.de "http://frangenheim.de/?loknya=/homepages/43" "Mozilla/5.0 AppleWebKit/537.36 (KHTML, like Gecko; compatible; GPTBot/1.4; +https://openai.com/gptbot)" "-"
198.244.242.0 - - [21/Jun/2026:03:09:59 +0200] "GET /sitemap-item-2110.xml HTTP/1.1" 200 337799 frangenheim.de "-" "Mozilla/5.0 (compatible; AhrefsBot/7.0; +http://ahrefs.com/robot/)" "-"
216.73.216.0 - - [21/Jun/2026:03:10:00 +0200] "GET /items/012009535917 HTTP/1.1" 200 42265 frangenheim.de "-" "Mozilla/5.0 AppleWebKit/537.36 (KHTML, like Gecko; compatible; ClaudeBot/1.0; +claudebot@anthropic.com)" "-"
51.89.129.0 - - [21/Jun/2026:03:10:05 +0200] "GET /sitemap-item-2112.xml HTTP/1.1" 200 337811 frangenheim.de "-" "Mozilla/5.0 (compatible; AhrefsBot/7.0; +http://ahrefs.com/robot/)" "-"
198.244.240.0 - - [21/Jun/2026:03:10:12 +0200] "GET /sitemap-item-2177.xml HTTP/1.1" 429 267 frangenheim.de "-" "Mozilla/5.0 (compatible; AhrefsBot/7.0; +http://ahrefs.com/robot/)" "-"
74.7.241.0 - - [21/Jun/2026:03:10:20 +0200] "GET /?loknya=/homepages/34/d171266906 HTTP/1.1" 200 21736 frangenheim.de "http://frangenheim.de/?loknya=/homepages/34" "Mozilla/5.0 AppleWebKit/537.36 (KHTML, like Gecko; compatible; GPTBot/1.4; +https://openai.com/gptbot)" "-"
66.249.68.0 - - [21/Jun/2026:03:10:23 +0200] "GET /goodscode/903381107785 HTTP/1.1" 200 197352 frangenheim.de "-" "Mozilla/5.0 (Linux; Android 6.0.1; Nexus 5X Build/MMB29P) AppleWebKit/537.36 (KHTML, like Gecko) Chrome/148.0.7778.96 Mobile Safari/537.36 (compatible; GoogleOther)" "-"
54.38.147.0 - - [21/Jun/2026:03:10:39 +0200] "GET /item/01104152198 HTTP/1.1" 429 267 frangenheim.de "-" "Mozilla/5.0 (compatible; AhrefsBot/7.0; +http://ahrefs.com/robot/)" "-"
40.77.167.0 - - [21/Jun/2026:03:10:43 +0200] "GET /sitemap-item-1412.xml HTTP/1.1" 200 345409 www.frangenheim.de "-" "Mozilla/5.0 AppleWebKit/537.36 (KHTML, like Gecko; compatible; bingbot/2.0; +http://www.bing.com/bingbot.htm) Chrome/116.0.1938.76 Safari/537.36" "-"
198.244.183.0 - - [21/Jun/2026:03:10:45 +0200] "GET /sitemap-item-2229.xml HTTP/1.1" 429 267 frangenheim.de "-" "Mozilla/5.0 (compatible; AhrefsBot/7.0; +http://ahrefs.com/robot/)" "-"
51.195.183.0 - - [21/Jun/2026:03:10:48 +0200] "GET /sitemap-item-2231.xml HTTP/1.1" 429 267 frangenheim.de "-" "Mozilla/5.0 (compatible; AhrefsBot/7.0; +http://ahrefs.com/robot/)" "-"
74.7.241.0 - - [21/Jun/2026:03:10:53 +0200] "GET /?loknya=/homepages/31/d171256798 HTTP/1.1" 200 20361 frangenheim.de "http://frangenheim.de/?loknya=/homepages/31" "Mozilla/5.0 AppleWebKit/537.36 (KHTML, like Gecko; compatible; GPTBot/1.4; +https://openai.com/gptbot)" "-"
51.195.244.0 - - [21/Jun/2026:03:11:02 +0200] "GET /sitemap-item-2253.xml HTTP/1.1" 429 267 frangenheim.de "-" "Mozilla/5.0 (compatible; AhrefsBot/7.0; +http://ahrefs.com/robot/)" "-"
198.244.240.0 - - [21/Jun/2026:03:11:05 +0200] "GET /sitemap-item-2299.xml HTTP/1.1" 429 267 frangenheim.de "-" "Mozilla/5.0 (compatible; AhrefsBot/7.0; +http://ahrefs.com/robot/)" "-"
216.73.216.0 - - [21/Jun/2026:03:11:07 +0200] "GET /entity/013039476592 HTTP/1.1" 200 42265 frangenheim.de "-" "Mozilla/5.0 AppleWebKit/537.36 (KHTML, like Gecko; compatible; ClaudeBot/1.0; +claudebot@anthropic.com)" "-"
198.244.240.0 - - [21/Jun/2026:03:11:09 +0200] "GET /sitemap-item-2338.xml HTTP/1.1" 429 267 frangenheim.de "-" "Mozilla/5.0 (compatible; AhrefsBot/7.0; +http://ahrefs.com/robot/)" "-"
66.249.68.0 - - [21/Jun/2026:03:11:15 +0200] "GET /detail/873974641292 HTTP/1.1" 200 199099 frangenheim.de "-" "Mozilla/5.0 (Linux; Android 6.0.1; Nexus 5X Build/MMB29P) AppleWebKit/537.36 (KHTML, like Gecko) Chrome/148.0.7778.96 Mobile Safari/537.36 (compatible; GoogleOther)" "-"
54.38.147.0 - - [21/Jun/2026:03:11:17 +0200] "GET /sitemap-item-2342.xml HTTP/1.1" 200 337801 frangenheim.de "-" "Mozilla/5.0 (compatible; AhrefsBot/7.0; +http://ahrefs.com/robot/)" "-"
74.7.241.0 - - [21/Jun/2026:03:11:23 +0200] "GET /?loknya=/homepages/32/d171190858 HTTP/1.1" 200 17634 frangenheim.de "http://frangenheim.de/?loknya=/homepages/32" "Mozilla/5.0 AppleWebKit/537.36 (KHTML, like Gecko; compatible; GPTBot/1.4; +https://openai.com/gptbot)" "-"
